000
CXUS56 KMTR 050029
CLMSNS


CLIMATE REPORT
NATIONAL WEATHER SERVICE SAN FRANCISCO BAY AREA
528 PM PDT THU JUN 4 2015

...................................

...THE SALINAS AIRPORT CLIMATE SUMMARY FOR THE MONTH OF MAY 2015...

CLIMATE NORMAL PERIOD 1981 TO 2010
CLIMATE RECORD PERIOD 1930 TO 2015

WEATHER         OBSERVED          NORMAL  DEPART  LAST YEAR`S
                 VALUE   DATE(S)  VALUE   FROM    VALUE  DATE(S)
                                          NORMAL
................................................................
TEMPERATURE (F)
RECORD
 HIGH              99   05/27/1984
                        05/12/1976
                        05/20/1942
 LOW               34   05/01/1967
                        05/06/1933
                        05/03/1933
HIGHEST            69   05/01                         96  05/14
                                                          05/13
LOWEST             49   05/08                         43  05/12
AVG. MAXIMUM     65.1              68.4    -3.3     71.5
AVG. MINIMUM     53.5              50.3     3.2     51.8
MEAN             59.3              59.3     0.0     61.6
DAYS MAX >= 90      0                                  3
DAYS MAX <= 32      0                                  0
DAYS MIN <= 32      0                                  0
DAYS MIN <= 0       0                                  0

PRECIPITATION (INCHES)
RECORD
 MAXIMUM           MM   MM
 MINIMUM           MM   MM
TOTALS           0.20              0.35   -0.15        T
DAILY AVG.       0.01                                  T
DAYS >= .01         2                                  0
DAYS >= .10         1                                  0
DAYS >= .50         0                                  0
DAYS >= 1.00        0                                  0
GREATEST
 24 HR. TOTAL    0.11   05/07 TO 05/07           05/21 TO 05/21
                                                          05/31 TO 05/31
                                                          05/31 TO 05/31

DEGREE_DAYS
HEATING TOTAL     171               184     -13      131
 SINCE 7/1       1310              2573   -1263     1945
COOLING TOTAL       0                 9      -9       34
 SINCE 1/1         31                16      15       50
..................................................

WIND (MPH)
AVERAGE WIND SPEED              8.7
RESULTANT WIND SPEED/DIRECTION   8/258
HIGHEST WIND SPEED/DIRECTION    21/250    DATE  05/12
HIGHEST GUST SPEED/DIRECTION    29/250    DATE  05/12

SKY COVER
POSSIBLE SUNSHINE (PERCENT)   MM
AVERAGE SKY COVER           0.70
NUMBER OF DAYS FAIR            3
NUMBER OF DAYS PC             12
NUMBER OF DAYS CLOUDY         16

AVERAGE RH (PERCENT)     68

WEATHER CONDITIONS. NUMBER OF DAYS WITH
THUNDERSTORM              0     MIXED PRECIP               0
HEAVY RAIN                0     RAIN                       2
LIGHT RAIN                4     FREEZING RAIN              0
LT FREEZING RAIN          0     HAIL                       0
HEAVY SNOW                0     SNOW                       0
LIGHT SNOW                0     SLEET                      0
FOG                      10     FOG W/VIS <= 1/4 MILE      0
HAZE                      9

-  INDICATES NEGATIVE NUMBERS.
R  INDICATES RECORD WAS SET OR TIED.
MM INDICATES DATA IS MISSING.
T  INDICATES TRACE AMOUNT.

$$
