000
CXUS55 KCYS 061359
CLMSNY


CLIMATE REPORT
NATIONAL WEATHER SERVICE CHEYENNE WY
658 AM MST TUE DEC 6 2016

...................................

...THE SIDNEY NE AIRPORT CLIMATE SUMMARY FOR THE MONTH OF NOVEMBER 2016...

CLIMATE NORMAL PERIOD 1981 TO 2010
CLIMATE RECORD PERIOD 1948 TO 2016

WEATHER         OBSERVED          NORMAL  DEPART  LAST YEAR`S
                 VALUE   DATE(S)  VALUE   FROM    VALUE
                                          NORMAL
.............................................................
TEMPERATURE (F)
RECORD
 HIGH              81   11/05/2009
                        11/08/1999
 LOW              -14   11/13/2014
HIGHEST            72   11/05        MM      MM       76
LOWEST              7   11/19        MM      MM        1
                        11/18
AVG. MAXIMUM     56.6              51.2     5.4     49.9
AVG. MINIMUM     25.7              24.2     1.5     20.9
MEAN             41.1              37.7     3.4     35.4
DAYS MAX >= 90      0               0.0                0
DAYS MAX <= 32      1               2.9                6
DAYS MIN <= 32     25              24.4               28
DAYS MIN <= 0       0               0.5                0

PRECIPITATION (INCHES)
RECORD
 MAXIMUM         2.20   1979
 MINIMUM         0.00   1959
TOTALS           0.23              0.57   -0.34     0.76
DAYS >= .01         3               4.8    -1.8        8
DAYS >= .10         1               1.3    -0.3        3
DAYS >= .50         0               0.1    -0.1        0
DAYS >= 1.00        0               0.1    -0.1        0
GREATEST
 24 HR. TOTAL    0.17   11/17 TO 11/17

DEGREE_DAYS
HEATING TOTAL     708               819    -111      881
 SINCE 7/1       1151              1422    -271     1350
COOLING TOTAL       0                 0       0        0
 SINCE 1/1        770               830     -60      669
..............................................................

WIND (MPH)
AVERAGE WIND SPEED              12.1
HIGHEST WIND SPEED/DIRECTION    44/330    DATE  11/29
HIGHEST GUST SPEED/DIRECTION    53/330    DATE  11/29

SKY COVER
POSSIBLE SUNSHINE (PERCENT)   MM
AVERAGE SKY COVER           0.10
NUMBER OF DAYS FAIR           26
NUMBER OF DAYS PC              4
NUMBER OF DAYS CLOUDY          0

AVERAGE RH (PERCENT)     59

WEATHER CONDITIONS. NUMBER OF DAYS WITH
THUNDERSTORM              0     MIXED PRECIP               0
HEAVY RAIN                0     RAIN                       0
LIGHT RAIN                3     FREEZING RAIN              0
LT FREEZING RAIN          0     HAIL                       0
HEAVY SNOW                0     SNOW                       1
LIGHT SNOW                4     SLEET                      0
FOG                       6     FOG W/VIS <= 1/4 MILE      1
HAZE                      1

-  INDICATES NEGATIVE NUMBERS.
R  INDICATES RECORD WAS SET OR TIED.
MM INDICATES DATA IS MISSING.
T  INDICATES TRACE AMOUNT.

$$
