000
CXUS56 KPQR 011631
CLMSPB


CLIMATE REPORT
NATIONAL WEATHER SERVICE PORTLAND OREGON
831 AM PST SUN MAR 1 2015

...................................

...THE SCAPPOOSE OR CLIMATE SUMMARY FOR THE MONTH OF FEBRUARY 2015...

CLIMATE NORMAL PERIOD 1981 TO 2010
CLIMATE RECORD PERIOD 9999 TO 9999

WEATHER         OBSERVED          NORMAL  DEPART  LAST YEAR`S
                 VALUE   DATE(S)  VALUE   FROM    VALUE  DATE(S)
                                          NORMAL
................................................................
TEMPERATURE (F)
HIGHEST            65                                 62  02/28
LOWEST             26                                 19  02/06
                                                          02/05
AVG. MAXIMUM     56.8              51.5     5.3     45.6
AVG. MINIMUM     38.6              33.4     5.2     31.0
MEAN             47.7              42.4     5.3     38.3
DAYS MAX >= 90      0               0.0     0.0        0
DAYS MAX <= 32      0               0.0     0.0        4
DAYS MIN <= 32      4              11.9    -7.9       15
DAYS MIN <= 0       0               0.0     0.0        0

PRECIPITATION (INCHES)
RECORD
 MAXIMUM           MM   MM
 MINIMUM           MM   MM
TOTALS           5.32              4.49    0.83     6.45
DAYS >= .01        13                MM      MM       16
DAYS >= .10         9                MM      MM       13
DAYS >= .50         3                MM      MM        3
DAYS >= 1.00        3                MM      MM        2
GREATEST
 24 HR. TOTAL    1.89   02/05 TO 02/06

DEGREE_DAYS
HEATING TOTAL     478               631    -153      741
 SINCE 7/1       2786              3457    -671     3631
COOLING TOTAL       0                 0       0        0
 SINCE 1/1          0                 0       0        0
.................................................................

WIND (MPH)
AVERAGE WIND SPEED              3.2
RESULTANT WIND SPEED/DIRECTION   0/238
HIGHEST WIND SPEED/DIRECTION    22/230    DATE  02/08
HIGHEST GUST SPEED/DIRECTION    29/220    DATE  02/08

SKY COVER
POSSIBLE SUNSHINE (PERCENT)   MM
AVERAGE SKY COVER           0.50

AVERAGE RH (PERCENT)     78

WEATHER CONDITIONS. NUMBER OF DAYS WITH
THUNDERSTORM              0     MIXED PRECIP               0
HEAVY RAIN                0     RAIN                       5
LIGHT RAIN               14     FREEZING RAIN              0
LT FREEZING RAIN          0     HAIL                       0
HEAVY SNOW                0     SNOW                       0
LIGHT SNOW                0     SLEET                      0
FOG                      19     FOG W/VIS <= 1/4 MILE      8
HAZE                      0

-  INDICATES NEGATIVE NUMBERS.
R  INDICATES RECORD WAS SET OR TIED.
MM INDICATES DATA IS MISSING.
T  INDICATES TRACE AMOUNT.

$$
