000
CXUS53 KILX 012036 CCA
CLMSPI

CLIMATE REPORT
NATIONAL WEATHER SERVICE LINCOLN IL
336 PM CDT MON AUG 1 2016

...CORRECTED THUNDERSTORM DAYS...

...................................

...THE SPRINGFIELD IL CLIMATE SUMMARY FOR THE MONTH OF JULY 2016...

CLIMATE NORMAL PERIOD 1981 TO 2010
CLIMATE RECORD PERIOD 1879 TO 2016

WEATHER         OBSERVED          NORMAL  DEPART  LAST YEAR`S
                 VALUE   DATE(S)  VALUE   FROM    VALUE
                                          NORMAL
.............................................................
TEMPERATURE (F)
RECORD
 HIGH             112   07/14/1954
 LOW               48   07/28/2013
                        07/13/1975
                        07/06/1972
HIGHEST            94   07/24        88       6       96
                        07/21
LOWEST             58   07/03        67      -9       57
                        07/01
AVG. MAXIMUM     86.6              86.2     0.4     85.7
AVG. MINIMUM     68.3              65.4     2.9     67.1
MEAN             77.5              75.8     1.7     76.4
DAYS MAX >= 90     10               7.8     2.2       10
DAYS MAX <= 32      0               0.0     0.0        0
DAYS MIN <= 32      0               0.0     0.0        0
DAYS MIN <= 0       0               0.0     0.0        0

PRECIPITATION (INCHES)
RECORD
 MAXIMUM        10.76   1981
 MINIMUM         0.05   1886
TOTALS           9.51              3.94    5.57     4.16
DAILY AVG.       0.31              0.13    0.18     0.13
DAYS >= .01        15               8.6     6.4       10
DAYS >= .10        13               5.5     7.5        7
DAYS >= .50         7               2.7     4.3        2
DAYS >= 1.00        1               1.1    -0.1        1
GREATEST
 24 HR. TOTAL    3.77   07/24 TO 07/25              2.13

SNOWFALL (INCHES)
RECORDS
 TOTAL            0.0   MM
TOTALS            0.0               0.0     0.0      0.0
SINCE 7/1         0.0               0.0     0.0      0.0
DAYS >= 1.0         0               0.0     0.0        0
GREATEST
 SNOW DEPTH         0   MM                             0
 24 HR TOTAL      0.0   07/31 TO 07/31               0.0

DEGREE_DAYS
HEATING TOTAL       1                 1       0        4
 SINCE 7/1          1                 1       0        4
COOLING TOTAL     393               335      58      364
 SINCE 1/1        885               679     206      828
..............................................................

WIND (MPH)
AVERAGE WIND SPEED              6.0
HIGHEST WIND SPEED/DIRECTION    30/040    DATE  07/22
HIGHEST GUST SPEED/DIRECTION    44/230    DATE  07/24

SKY COVER
POSSIBLE SUNSHINE (PERCENT)   MM
AVERAGE SKY COVER           0.30
NUMBER OF DAYS FAIR           24
NUMBER OF DAYS PC              5
NUMBER OF DAYS CLOUDY          2

AVERAGE RH (PERCENT)     76

WEATHER CONDITIONS. NUMBER OF DAYS WITH
THUNDERSTORM             14     MIXED PRECIP               0
HEAVY RAIN               13     RAIN                      10
LIGHT RAIN               16     FREEZING RAIN              0
LT FREEZING RAIN          0     HAIL                       0
HEAVY SNOW                0     SNOW                       0
LIGHT SNOW                0     SLEET                      0
FOG                      22     FOG W/VIS <= 1/4 MILE      3
HAZE                      3

-  INDICATES NEGATIVE NUMBERS.
R  INDICATES RECORD WAS SET OR TIED.
MM INDICATES DATA IS MISSING.
T  INDICATES TRACE AMOUNT.
&&

RECORD COOL HIGH TEMPERATURE OF 71 DEGREES SET ON JULY 2ND.
RECORD COOL HIGH TEMPERATURE OF 69 DEGREES SET ON JULY 3RD.
RECORD DAILY MAXIMUM RAINFALL OF 3.27 INCHES SET ON JULY 24TH.
2ND WETTEST JULY ON RECORD.

$$
