000
CXUS54 KOUN 011311
CLMSPS

CLIMATE REPORT
NATIONAL WEATHER SERVICE NORMAN OK
749 AM CDT SAT NOV 1 2014

...................................

...THE WICHITA FALLS CLIMATE SUMMARY FOR THE MONTH OF OCTOBER 2014...

CLIMATE NORMAL PERIOD 1981 TO 2010
CLIMATE RECORD PERIOD 1897 TO 2014

WEATHER         OBSERVED          NORMAL  DEPART  LAST YEAR`S
                 VALUE   DATE(S)  VALUE   FROM    VALUE  DATE(S)
                                          NORMAL
................................................................
TEMPERATURE (F)
RECORD
 HIGH             102   10/01/1938
                        10/02/2000
                        10/03/2000
                        10/07/1979
                        10/17/1972
 LOW               21   10/31/1993
HIGHEST           100                93       7       92  10/03
LOWEST             40                37       3       36  10/19
AVG. MAXIMUM     82.9              77.0     5.9     77.5
AVG. MINIMUM     55.3              52.0     3.3     52.8
MEAN             69.1              64.5     4.6     65.2
DAYS MAX >= 90      9               2.2     6.8        4
DAYS MAX <= 32      0               0.0     0.0        0
DAYS MIN <= 32      0               0.3    -0.3        0
DAYS MIN <= 0       0               0.0     0.0        0

PRECIPITATION (INCHES)
RECORD
 MAXIMUM        11.77   1941
 MINIMUM         0.00   1917
TOTALS           1.30              3.11   -1.81     1.95
DAILY AVG.       0.04              0.10   -0.06     0.06
DAYS >= .01         5               7.4    -2.4        4
DAYS >= .10         2               4.3    -2.3        4
DAYS >= .50         1               2.2    -1.2        2
DAYS >= 1.00        0               1.1    -1.1        0
GREATEST
 24 HR. TOTAL    0.85   10/10 TO 10/10

SNOWFALL (INCHES)
TOTALS            0.0                 T     0.0
SINCE 7/1         0.0                 T     0.0

DEGREE_DAYS
HEATING TOTAL      38               113     -75
 SINCE 7/1         46               126     -80
COOLING TOTAL     172                97      75
 SINCE 1/1       2558              2376     182
.................................................................

WIND (MPH)
AVERAGE WIND SPEED              11.1
HIGHEST WIND SPEED/DIRECTION    36/320    DATE  10/13
HIGHEST GUST SPEED/DIRECTION    44/320    DATE  10/13


WEATHER CONDITIONS. NUMBER OF DAYS WITH
THUNDERSTORM              0     MIXED PRECIP               0
HEAVY RAIN                1     RAIN                       3
LIGHT RAIN                5     FREEZING RAIN              0
LT FREEZING RAIN          0     HAIL                       0
HEAVY SNOW                0     SNOW                       0
LIGHT SNOW                0     SLEET                      0
FOG                       8     FOG W/VIS <= 1/4 MILE      0
HAZE                      2

-  INDICATES NEGATIVE NUMBERS.
R  INDICATES RECORD WAS SET OR TIED.
MM INDICATES DATA IS MISSING.
T  INDICATES TRACE AMOUNT.
..................................................................
REMARKS/RECORDS
RECORD RAINFALL OF 0.85 INCHES ON THE 10TH.
JAN-OCT 2014 PRECIPITATION TOTAL IS 18.58 INCHES.

$$
