000
CXUS52 KTBW 040247 CCA
CLMSRQ

CLIMATE REPORT...CORRECTED NUMBER OF THUNDERSTORM DAYS
NATIONAL WEATHER SERVICE TAMPA BAY FL
1045 PM EDT MON AUG 3 2015

...................................

...THE SARASOTA BRADENTON CLIMATE SUMMARY FOR THE MONTH OF JULY 2015...

CLIMATE NORMAL PERIOD 1981 TO 2010
CLIMATE RECORD PERIOD 1911 TO 2015

WEATHER         OBSERVED          NORMAL  DEPART  LAST YEAR`S
                 VALUE   DATE(S)  VALUE   FROM    VALUE  DATE(S)
                                          NORMAL
................................................................
TEMPERATURE (F)
ALL-TIME JULY RECORD
 HIGH             101   07/23/1971
 LOW               60   07/06/1948

JULY 2015
HIGHEST            97   07/11        MM      MM       93  07/28
                                                          07/27
                                                          07/26
LOWEST             70   07/08        MM      MM       73  07/22
                        07/06
AVG. MAXIMUM     89.5              89.8    -0.3     91.5
AVG. MINIMUM     75.3              75.0     0.3     76.4
MEAN             82.4              82.4     0.0     83.9
DAYS MAX >= 90     16              14.4     1.6       28
DAYS MAX <= 32      0               0.0     0.0        0
DAYS MIN <= 32      0               0.0     0.0        0
DAYS MIN <= 0       0               0.0     0.0        0

PRECIPITATION (INCHES)
ALL-TIME JULY RECORD
 MAXIMUM        20.15   1960
 MINIMUM         0.93   1970

JULY 2015
TOTALS           6.81              7.98   -1.17     2.15
DAILY AVG.       0.22              0.26   -0.04     0.07
DAYS >= .01        17                MM      MM        8
DAYS >= .10        12                MM      MM        3
DAYS >= .50         5                MM      MM        1
DAYS >= 1.00        1                MM      MM        1
GREATEST
 24 HR. TOTAL    1.57   07/26 TO 07/27

DEGREE_DAYS
HEATING TOTAL       0                 0       0        0
 SINCE 7/1          0                 0       0        0
COOLING TOTAL     547               539       8      597
 SINCE 1/1       2088              1762     326     1919
.................................................................

WIND (MPH)
AVERAGE WIND SPEED              8.3
HIGHEST WIND SPEED/DIRECTION    28/240    DATE  07/30
HIGHEST GUST SPEED/DIRECTION    36/230    DATE  07/30

SKY COVER (DOES NOT INCLUDE ANY CLOUDS ABOVE 12000 FEET)
POSSIBLE SUNSHINE (PERCENT)   MM
AVERAGE SKY COVER           0.20
NUMBER OF DAYS FAIR           24
NUMBER OF DAYS PC              7
NUMBER OF DAYS CLOUDY          0

AVERAGE RH (PERCENT)     76

WEATHER CONDITIONS. NUMBER OF DAYS WITH
THUNDERSTORM             23     MIXED PRECIP               0
HEAVY RAIN                9     RAIN                      11
LIGHT RAIN               21     FREEZING RAIN              0
LT FREEZING RAIN          0     HAIL                       0
HEAVY SNOW                0     SNOW                       0
LIGHT SNOW                0     SLEET                      0
FOG                      15     FOG W/VIS <= 1/4 MILE      0
HAZE                      3

-  INDICATES NEGATIVE NUMBERS.
R  INDICATES RECORD WAS SET OR TIED.
MM INDICATES DATA IS MISSING.
T  INDICATES TRACE AMOUNT.

$$
