000
CXUS52 KTBW 012108
CLMSRQ


CLIMATE REPORT
NATIONAL WEATHER SERVICE TAMPA BAY FL
400 PM EST MON DEC 1 2014

...................................

...THE SARASOTA BRADENTON CLIMATE SUMMARY FOR THE MONTH OF NOVEMBER 2014...

     ...TIED FOR 5TH COOLEST NOVEMBER SINCE RECORDS BEGAN IN 1911...

CLIMATE NORMAL PERIOD 1981 TO 2010
CLIMATE RECORD PERIOD 1911 TO 2014

WEATHER         OBSERVED          NORMAL  DEPART  LAST YEAR`S
                 VALUE   DATE(S)  VALUE   FROM    VALUE  DATE(S)
                                          NORMAL
................................................................
ALL-TIME NOVEMBER TEMPERATURE (F)
RECORD
 HIGH              93   11/22/1948
 LOW               27   11/25/1970

NOVEMBER 2014
HIGHEST            83   11/23        MM      MM       87  11/06
                        11/05
LOWEST             42   11/19        MM      MM       40  11/28
AVG. MAXIMUM     74.7              78.8    -4.1     80.8
AVG. MINIMUM     54.4              59.6    -5.2     63.5
MEAN             64.6              69.2    -4.6     72.2
DAYS MAX >= 90      0               0.0     0.0        0
DAYS MAX <= 32      0               0.0     0.0        0
DAYS MIN <= 32      0               0.0     0.0        0
DAYS MIN <= 0       0               0.0     0.0        0

PRECIPITATION (INCHES)
ALL-TIME NOVEMBER RECORD
 MAXIMUM         9.40   1997
 MINIMUM            T   2001

NOVEMBER 2014
TOTALS           4.15              1.93    2.22     1.35
DAILY AVG.       0.14              0.06    0.08     0.05
DAYS >= .01         5                MM      MM        6
DAYS >= .10         5                MM      MM        3
DAYS >= .50         3                MM      MM        1
DAYS >= 1.00        2                MM      MM        0
GREATEST
 24 HR. TOTAL    1.87   11/25 TO 11/26

DEGREE_DAYS
HEATING TOTAL      85                30      55       18
 SINCE 7/1         85                33      52       18
COOLING TOTAL      77               156     -79      240
 SINCE 1/1       3412              3300     112     3628
.................................................................

WIND (MPH)
AVERAGE WIND SPEED              8.7
HIGHEST WIND SPEED/DIRECTION    31/180    DATE  11/23
HIGHEST GUST SPEED/DIRECTION    38/190    DATE  11/23

SKY COVER (DOES NOT INCLUDE ANY CLOUDS ABOVE 12000 FEET)
POSSIBLE SUNSHINE (PERCENT)   MM
AVERAGE SKY COVER           0.30
NUMBER OF DAYS FAIR           18
NUMBER OF DAYS PC              9
NUMBER OF DAYS CLOUDY          3

AVERAGE RH (PERCENT)     72

WEATHER CONDITIONS. NUMBER OF DAYS WITH
THUNDERSTORM              2     MIXED PRECIP               0
HEAVY RAIN                3     RAIN                       5
LIGHT RAIN               10     FREEZING RAIN              0
LT FREEZING RAIN          0     HAIL                       0
HEAVY SNOW                0     SNOW                       0
LIGHT SNOW                0     SLEET                      0
FOG                      14     FOG W/VIS <= 1/4 MILE      4
HAZE                      1
................................................................

REMARKS
THE NOVEMBER 2014 MONTHLY AVERAGE TEMPERATURE OF 64.6 DEGREES
TIED WITH 1981 AS THE 5TH COOLEST NOVEMBER SINCE RECORDS BEGAN
IN 1911. THE COOLEST NOVEMBER HAD AN AVERAGE TEMPERATURE OF
63.2 DEGREES WHICH OCCURRED IN 1917.

THE NOVEMBER 2014 RAINFALL TOTAL OF 4.15 INCHES RANKS AS THE
13TH WETTEST NOVEMBER SINCE RECORDS BEGAN IN 1911. THE WETTEST
NOVEMBER HAD A RAINFALL TOTAL OF 9.40 INCHES WHICH OCCURRED
IN 1997.

-  INDICATES NEGATIVE NUMBERS.
R  INDICATES RECORD WAS SET OR TIED.
MM INDICATES DATA IS MISSING.
T  INDICATES TRACE AMOUNT.

$$
