000
CXUS52 KJAX 011900
CLMSSI

CLIMATE REPORT
NATIONAL WEATHER SERVICE JACKSONVILLE FL
200 PM EST SUN MAR 1 2015

...................................

...THE ST SIMONS ISLAND CLIMATE SUMMARY FOR THE MONTH OF FEBRUARY 2015...

CLIMATE NORMAL PERIOD 1981 TO 2010
CLIMATE RECORD PERIOD 1948 TO 2015

WEATHER         OBSERVED          NORMAL  DEPART
                 VALUE   DATE(S)  VALUE   FROM
                                          NORMAL
................................................
TEMPERATURE (F)
RECORD
 HIGH              85   02/28/1962
                        02/10/1957
                        02/18/1956
 LOW               16   02/05/1996
HIGHEST            72   02/23        63       9
LOWEST             24   02/20        46     -22
AVG. MAXIMUM     58.1              63.2    -5.1
AVG. MINIMUM     40.3              45.8    -5.5
MEAN             49.2              54.5    -5.3
DAYS MAX >= 90      0               0.0     0.0
DAYS MAX <= 32      0               0.0     0.0
DAYS MIN <= 32      5               1.9     3.1
DAYS MIN <= 0       0               0.0     0.0

PRECIPITATION (INCHES)
RECORD
 MAXIMUM         8.50   1998
 MINIMUM         0.71   2001
TOTALS           2.69              3.47   -0.78
DAILY AVG.       0.10              0.12   -0.02
DAYS >= .01         9               8.1     0.9
DAYS >= .10         7               5.0     2.0
DAYS >= .50         1               2.0    -1.0
DAYS >= 1.00        0               1.0    -1.0
GREATEST
 24 HR. TOTAL    0.88   02/25 TO 02/26
 STORM TOTAL       MM
 (MM/DD(HH))            MM

SNOWFALL (INCHES)
RECORDS
 TOTAL            1.5   1958
 24 HR TOTAL      1.5   02/13/1958 TO 02/13/1958
TOTALS            0.0               0.0     0.0
 LIQUID EQUIV    0.00              0.00    0.00
SINCE 7/1         0.0               0.2    -0.2
 LIQUID 7/1      0.00
DAYS >= TRACE       0               0.0     0.0
DAYS >= 1.0         0               0.0     0.0
GREATEST
 SNOW DEPTH         0   MM
 24 HR TOTAL      0.0   02/28 TO 02/28
 STORM TOTAL       MM
 (MM/DD(HH))            MM

DEGREE_DAYS
HEATING TOTAL     437               300     137
 SINCE 7/1       1380              1251     129
COOLING TOTAL       0                 6      -6
 SINCE 1/1          6                 9      -3

FREEZE DATES
RECORD
 EARLIEST     11/03/1954
 LATEST       03/31/1964
EARLIEST                        12/20
LATEST                          02/14
.................................................

WIND (MPH)
AVERAGE WIND SPEED              8.4
HIGHEST WIND SPEED/DIRECTION    26/030    DATE  02/28
HIGHEST GUST SPEED/DIRECTION    37/040    DATE  02/28

SKY COVER
POSSIBLE SUNSHINE (PERCENT)   MM
AVERAGE SKY COVER           0.30
NUMBER OF DAYS FAIR           17
NUMBER OF DAYS PC              4
NUMBER OF DAYS CLOUDY          7

AVERAGE RH (PERCENT)     70

WEATHER CONDITIONS. NUMBER OF DAYS WITH
THUNDERSTORM              0     MIXED PRECIP               0
HEAVY RAIN                4     RAIN                       5
LIGHT RAIN                9     FREEZING RAIN              0
LT FREEZING RAIN          0     HAIL                       0
HEAVY SNOW                0     SNOW                       0
LIGHT SNOW                0     SLEET                      0
FOG                      12     FOG W/VIS <= 1/4 MILE      1
HAZE                      2

-  INDICATES NEGATIVE NUMBERS.
R  INDICATES RECORD WAS SET OR TIED.
MM INDICATES DATA IS MISSING.
T  INDICATES TRACE AMOUNT.

$$
