000
CXUS54 KBMX 020118
CLMTCL


CLIMATE REPORT
NATIONAL WEATHER SERVICE BIRMINGHAM, AL
758 PM CDT MON AUG 1 2016

...................................

...THE TUSCALOOSA CLIMATE SUMMARY FOR THE MONTH OF JULY 2016...

CLIMATE NORMAL PERIOD 1994 TO 1994
CLIMATE RECORD PERIOD 1948 TO 2016

WEATHER         OBSERVED          NORMAL  DEPART  LAST YEAR`S
                 VALUE   DATE(S)  VALUE   FROM    VALUE  DATE(S)
                                          NORMAL
................................................................
TEMPERATURE (F)
RECORD
 HIGH             107   07/29/1952
                        07/28/1952
                        07/24/1952
 LOW               54   07/01/1950
HIGHEST            96   07/21        MM      MM      101  07/21
                        07/08
                        07/03
LOWEST             60   07/01        MM      MM       66  07/06
AVG. MAXIMUM     92.8              92.1     0.7     95.2
AVG. MINIMUM     71.9              71.3     0.6     72.8
MEAN             82.4                               84.0
DAYS MAX >= 90     27              21.4     5.6       27
DAYS MAX <= 32      0               0.0     0.0        0
DAYS MIN <= 32      0               0.0     0.0        0
DAYS MIN <= 0       0               0.0     0.0        0

PRECIPITATION (INCHES)
RECORD
 MAXIMUM        10.06   1973
 MINIMUM         0.72   1970
TOTALS           4.15              4.40   -0.25     2.92
DAILY AVG.       0.13              0.14   -0.01
DAYS >= .01        10              10.4    -0.4
DAYS >= .10         8               7.0     1.0
DAYS >= .50         2               3.1    -1.1
DAYS >= 1.00        1               1.4    -0.4

DEGREE_DAYS
COOLING TOTAL     543               518      25      596
 SINCE 1/1       1283              1232      51     1427
.................................................................

WIND (MPH)
AVERAGE WIND SPEED              4.1
HIGHEST WIND SPEED/DIRECTION    36/020    DATE  07/16
HIGHEST GUST SPEED/DIRECTION    45/300    DATE  07/16

AVERAGE RH (PERCENT)     76

WEATHER CONDITIONS. NUMBER OF DAYS WITH
THUNDERSTORM              0     MIXED PRECIP               0
HEAVY RAIN                6     RAIN                       5
LIGHT RAIN               14     FREEZING RAIN              0
LT FREEZING RAIN          0     HAIL                       0
HEAVY SNOW                0     SNOW                       0
LIGHT SNOW                0     SLEET                      0
FOG                      22     FOG W/VIS <= 1/4 MILE      3
HAZE                      4

-  INDICATES NEGATIVE NUMBERS.
R  INDICATES RECORD WAS SET OR TIED.
MM INDICATES DATA IS MISSING.
T  INDICATES TRACE AMOUNT.

$$
