000
CXUS51 KCLE 050342
CLMTOL


CLIMATE REPORT
NATIONAL WEATHER SERVICE CLEVELAND OH
1035 PM EST THU JAN 4 2018

...................................

...THE TOLEDO OH CLIMATE SUMMARY FOR THE MONTH OF DECEMBER 2017...

CLIMATE NORMAL PERIOD 1981 TO 2010
CLIMATE RECORD PERIOD 1873 TO 2018

WEATHER         OBSERVED          NORMAL  DEPART  LAST YEAR`S
                 VALUE   DATE(S)  VALUE   FROM    VALUE
                                          NORMAL
.............................................................
TEMPERATURE (F)
RECORD
 HIGH              70   12/05/2001
                        12/29/1889
 LOW              -19   12/22/1989
HIGHEST            59   12/05
LOWEST             -8   12/28
AVG. MAXIMUM     33.5              36.4    -2.9     33.3
AVG. MINIMUM     19.3              23.1    -3.8     21.6
MEAN             26.4              29.7    -3.3     27.5
DAYS MAX >= 90      0               0.0     0.0        0
DAYS MAX <= 32     15              10.5     4.5       12
DAYS MIN <= 32     28              24.8     3.2       25
DAYS MIN <= 0       3               1.0     2.0        1

PRECIPITATION (INCHES)
RECORD
 MAXIMUM         6.81   1967
 MINIMUM         0.33   1919
TOTALS           1.12              2.68   -1.56     2.48
DAYS >= .01        14              13.1     0.9       15
DAYS >= .10         4               6.6    -2.6        6
DAYS >= .50         0               1.5    -1.5        2
DAYS >= 1.00        0               0.3    -0.3        0
GREATEST
 24 HR. TOTAL    0.33   12/24                       0.90

SNOWFALL (INCHES)
RECORDS
 TOTAL           26.0   2000
TOTALS           13.9               7.4     6.5     13.2
SINCE 7/1        13.9               9.5     4.4     13.2
DAYS >= 1.0         6               2.3     3.7        1
GREATEST
 24 HR TOTAL      3.4   12/24

DEGREE_DAYS
HEATING TOTAL    1187              1092      95     1158
 SINCE 7/1       2235              2325     -90     2082
COOLING TOTAL       0                 0       0        0
 SINCE 1/1        744               793     -49     1037
..............................................................

WIND (MPH)
AVERAGE WIND SPEED              8.8
HIGHEST WIND SPEED/DIRECTION    36/260    DATE  12/05
HIGHEST GUST SPEED/DIRECTION    46/250    DATE  12/05

SKY COVER
AVERAGE SKY COVER           0.50

AVERAGE RH (PERCENT)     76

WEATHER CONDITIONS. NUMBER OF DAYS WITH
THUNDERSTORM              0     MIXED PRECIP               0
HEAVY RAIN                0     RAIN                       0
LIGHT RAIN                3     FREEZING RAIN              0
LT FREEZING RAIN          0     HAIL                       0
HEAVY SNOW                0     SNOW                       2
LIGHT SNOW               14     SLEET                      0
FOG                      19     FOG W/VIS <= 1/4 MILE      1
HAZE                      6

-  INDICATES NEGATIVE NUMBERS.
R  INDICATES RECORD WAS SET OR TIED.
MM INDICATES DATA IS MISSING.
T  INDICATES TRACE AMOUNT.

$$
