000
CXUS53 KTOP 011424
CLMTOP


CLIMATE REPORT
NATIONAL WEATHER SERVICE TOPEKA KS
921 AM CDT SAT JUL 1 2017

...................................

...THE TOPEKA KS CLIMATE SUMMARY FOR THE MONTH OF JUNE 2017...

CLIMATE NORMAL PERIOD 1981 TO 2010
CLIMATE RECORD PERIOD 1887 TO 2017

WEATHER         OBSERVED          NORMAL  DEPART  LAST YEAR`S
                 VALUE   DATE(S)  VALUE   FROM    VALUE  DATE(S)
                                          NORMAL
................................................................
TEMPERATURE (F)
RECORD
 HIGH             109   06/19/1936
 LOW               36   06/02/1888
HIGHEST            94   06/15        88       6      103
LOWEST             53   06/26        59      -6       57
AVG. MAXIMUM     86.6              84.7     1.9     90.7
AVG. MINIMUM     64.4              63.7     0.7     68.2
MEAN             75.5              74.2     1.3     79.4
DAYS MAX >= 90     12               6.6     5.4       20
DAYS MAX <= 32      0               0.0     0.0        0
DAYS MIN <= 32      0               0.0     0.0        0
DAYS MIN <= 0       0               0.0     0.0        0

PRECIPITATION (INCHES)
RECORD
 MAXIMUM        15.20   1967
 MINIMUM         0.55   1911
TOTALS           6.59              5.40    1.19     2.39
DAILY AVG.       0.22              0.18    0.04     0.08
DAYS >= .01        11              11.5    -0.5        8
DAYS >= .10         7               7.5    -0.5        5
DAYS >= .50         4               3.4     0.6        2
DAYS >= 1.00        3               1.8     1.2        0
GREATEST
 24 HR. TOTAL    2.08   06/17 TO 06/17              0.75

SNOWFALL (INCHES)
RECORDS
 TOTAL              T   2013
                        2009
                        2008
TOTALS              TR              0.0     0.0      0.0
SINCE 7/1         6.6              17.8   -11.2      4.9
SNOWDEPTH AVG.      0                                  0
DAYS >= 1.0         0               0.0     0.0        0
GREATEST
 SNOW DEPTH         0   MM                             0  MM
 24 HR TOTAL        TR  06/17 TO 06/17               0.0

DEGREE_DAYS
HEATING TOTAL       0                 8      -8        0
 SINCE 7/1       4007              5021   -1014     4002
COOLING TOTAL     324               284      40      439
 SINCE 1/1        453               410      43      531
.................................................................

WIND (MPH)
AVERAGE WIND SPEED              8.0
HIGHEST WIND SPEED/DIRECTION    37/160    DATE  06/15
HIGHEST GUST SPEED/DIRECTION    46/270    DATE  06/15

SKY COVER
POSSIBLE SUNSHINE (PERCENT)   MM
AVERAGE SKY COVER           0.20
NUMBER OF DAYS FAIR           26
NUMBER OF DAYS PC              4
NUMBER OF DAYS CLOUDY          0

AVERAGE RH (PERCENT)     71

WEATHER CONDITIONS. NUMBER OF DAYS WITH
THUNDERSTORM              9     MIXED PRECIP               0
HEAVY RAIN                5     RAIN                       6
LIGHT RAIN               11     FREEZING RAIN              0
LT FREEZING RAIN          0     HAIL                       0
HEAVY SNOW                0     SNOW                       0
LIGHT SNOW                0     SLEET                      0
FOG                      12     FOG W/VIS <= 1/4 MILE      1
HAZE                      0

-  INDICATES NEGATIVE NUMBERS.
R  INDICATES RECORD WAS SET OR TIED.
MM INDICATES DATA IS MISSING.
T  INDICATES TRACE AMOUNT.

REMARKS...

PRECIPITATION FOR JUNE ENDED UP SLIGHTLY ABOVE NORMAL DESPITE ONE
NINE-DAY AND ONE SIX-DAY STRETCH OF NO MEASURABLE AMOUNTS FALLING.
TEMPERATURES FOR MUCH OF THE MIDDLE OF THE MONTH WERE ABOVE
NORMAL...BUT WERE COUNTERED BY A FOUR-DAY PERIOD FROM JUNE 24 TO
JUNE 27 THAT AVERAGED TO BE NINE DEGREES BELOW NORMAL TO KEEP THE
MONTHS AVERAGE TEMPERATURE CLOSE TO NORMAL. SEVERE THUNDERSTORMS
PRODUCE WIND DAMAGE IN PORTIONS OF TOPEKA JUST AFTER MIDNIGHT ON
JUNE 17.

$$
