208
CXUS54 KTSA 011609
CLMTUL

CLIMATE REPORT
NATIONAL WEATHER SERVICE TULSA OK
1109 AM CDT FRI APR 1 2016

...................................

...THE TULSA OKLAHOMA CLIMATE SUMMARY FOR THE MONTH OF MARCH 2016...

CLIMATE NORMAL PERIOD 1981 TO 2010
CLIMATE RECORD PERIOD 1882 TO 2016

WEATHER         OBSERVED          NORMAL  DEPART  LAST YEAR`S
                 VALUE   DATE(S)  VALUE   FROM    VALUE  DATE(S)
                                          NORMAL
................................................................
TEMPERATURE (F)
RECORD
 HIGH              99   03/18/1907
 LOW               -3   03/12/1948
HIGHEST            82   03/23        62      20       85  03/31
LOWEST             31   03/28        40      -9       17  03/05
                        03/19
AVG. MAXIMUM     68.4              62.4     6.0     63.8
AVG. MINIMUM     44.6              40.1     4.5     41.9
MEAN             56.5              51.3     5.2     52.8
DAYS MAX >= 90      0               0.1    -0.1        0
DAYS MAX <= 32      0               0.4    -0.4        0
DAYS MIN <= 32      3               6.3    -3.3        5
DAYS MIN <= 0       0               0.0     0.0        0

PRECIPITATION (INCHES)
RECORD
 MAXIMUM        11.94   1973
 MINIMUM         0.08   1971
TOTALS           2.86              3.29   -0.43     3.71
DAILY AVG.       0.09              0.11   -0.02     0.12
DAYS >= .01         8               8.7    -0.7        7
DAYS >= .10         6               5.4     0.6        5
DAYS >= .50         2               2.1    -0.1        2
DAYS >= 1.00        1               0.9     0.1        2
GREATEST
 24 HR. TOTAL    1.37   03/07 TO 03/08

SNOWFALL (INCHES)
RECORDS
 TOTAL           19.7   1924
TOTALS            0.0               2.1    -2.1      0.3
SINCE 7/1         3.0               9.6    -6.6      8.5
SNOWDEPTH AVG.      0                MM      MM        0
DAYS >= 1.0         0               0.4    -0.4        0
GREATEST
 SNOW DEPTH         0   MM                             2  03/01
 24 HR TOTAL      0.0   03/31 TO 03/31

DEGREE_DAYS
HEATING TOTAL     267               438    -171      381
 SINCE 7/1       2599              3349    -750     3396
COOLING TOTAL       9                11      -2       13
 SINCE 1/1         15                12       3       13
.................................................................

WIND (MPH)
AVERAGE WIND SPEED              11.2
HIGHEST WIND SPEED/DIRECTION    40/170    DATE  03/07
HIGHEST GUST SPEED/DIRECTION    55/170    DATE  03/07

SKY COVER
POSSIBLE SUNSHINE (PERCENT)   MM
AVERAGE SKY COVER           0.50
NUMBER OF DAYS FAIR           11
NUMBER OF DAYS PC              9
NUMBER OF DAYS CLOUDY         11

AVERAGE RH (PERCENT)     61

WEATHER CONDITIONS. NUMBER OF DAYS WITH
THUNDERSTORM              6     MIXED PRECIP               0
HEAVY RAIN                3     RAIN                      11
LIGHT RAIN               14     FREEZING RAIN              0
LT FREEZING RAIN          0     HAIL                       0
HEAVY SNOW                0     SNOW                       0
LIGHT SNOW                0     SLEET                      0
FOG                      10     FOG W/VIS <= 1/4 MILE      2
HAZE                      4

-  INDICATES NEGATIVE NUMBERS.
R  INDICATES RECORD WAS SET OR TIED.
MM INDICATES DATA IS MISSING.
T  INDICATES TRACE AMOUNT.

&&
-------------------------------------------------------------------
 YEARLY PRECIPITATION (INCHES):
 TOTAL..................... 4.06
 DEPARTURE FROM NORMAL.....-2.74
$$
