000
CXUS55 KTWC 020110
CLMTUS

CLIMATE REPORT
NATIONAL WEATHER SERVICE TUCSON AZ
555 PM MST MON AUG 1 2016

...................................

...THE TUCSON AZ CLIMATE SUMMARY FOR THE MONTH OF JULY 2016...

CLIMATE NORMAL PERIOD 1981 TO 2010
CLIMATE RECORD PERIOD 1895 TO 2016

WEATHER         OBSERVED          NORMAL  DEPART  LAST YEAR`S
                 VALUE   DATE(S)  VALUE   FROM    VALUE  DATE(S)
                                          NORMAL
................................................................
TEMPERATURE (F)
RECORD
 HIGH             114   07/28/1995
                        07/04/1989
 LOW               49   07/03/1911
HIGHEST           107   07/21       108      -1      103  07/28
                                                          07/12
LOWEST             69   07/31        67       2       71  07/01
                        07/01
AVG. MAXIMUM    102.5              99.7     2.8     98.3
AVG. MINIMUM     78.0              74.4     3.6     76.3
MEAN             90.3              87.0     3.3     87.3
DAYS MAX >= 100    25              18.0     7.0       15
DAYS MAX <= 32      0               0.0     0.0        0
DAYS MIN <= 32      0               0.0     0.0        0
DAYS MIN <= 0       0               0.0     0.0        0

PRECIPITATION (INCHES)
RECORD
 MAXIMUM         6.24   1921
 MINIMUM         0.04   1995
TOTALS           3.32              2.25    1.07     2.08
DAILY AVG.       0.11              0.07    0.04     0.07
DAYS >= .01         9               9.8    -0.8        8
DAYS >= .10         7               5.0     2.0        3
DAYS >= .50         3               1.3     1.7        1
DAYS >= 1.00        0               0.5    -0.5        1
GREATEST
 24 HR. TOTAL    0.86   07/29 TO 07/29           07/28 TO 07/28
                                                          07/31 TO 07/31
                                                          07/31 TO 07/31

DEGREE_DAYS
COOLING TOTAL     793               683     110      701
 SINCE 1/1       2070              1779     291     1928
..................................................

WIND (MPH)
AVERAGE WIND SPEED              7.5
HIGHEST WIND SPEED/DIRECTION    44/150    DATE  07/22
HIGHEST GUST SPEED/DIRECTION    54/130    DATE  07/29

AVERAGE RH (PERCENT)     38

WEATHER CONDITIONS. NUMBER OF DAYS WITH
THUNDERSTORM              0     MIXED PRECIP               0
HEAVY RAIN                6     RAIN                       3
LIGHT RAIN               10     FREEZING RAIN              0
LT FREEZING RAIN          0     HAIL                       0
HEAVY SNOW                0     SNOW                       0
LIGHT SNOW                0     SLEET                      0
FOG                       3     FOG W/VIS <= 1/4 MILE      0
HAZE                      5

-  INDICATES NEGATIVE NUMBERS.
R  INDICATES RECORD WAS SET OR TIED.
MM INDICATES DATA IS MISSING.
T  INDICATES TRACE AMOUNT.

$$
