000
CXUS53 KAPX 010732
CLMTVC


CLIMATE REPORT
NATIONAL WEATHER SERVICE GAYLORD MI
331 AM EDT SAT AUG 1 2015

...................................

...THE TRAVERSE CITY MI CLIMATE SUMMARY FOR THE MONTH OF JULY 2015...

CLIMATE NORMAL PERIOD 1981 TO 2010
CLIMATE RECORD PERIOD 1896 TO 2015

WEATHER         OBSERVED          NORMAL  DEPART  LAST YEAR`S
                 VALUE   DATE(S)  VALUE   FROM    VALUE  DATE(S)
                                          NORMAL
................................................................
TEMPERATURE (F)
RECORD
 HIGH             105   07/07/1936
 LOW               31   07/06/1965
HIGHEST            93   07/28        MM      MM       88  07/22
LOWEST             44   07/02        MM      MM       44  07/03
AVG. MAXIMUM     81.6              80.2     1.4     76.2
AVG. MINIMUM     58.7              57.8     0.9     55.6
MEAN             70.2              69.0     1.2     65.9
DAYS MAX >= 90      3               2.3     0.7        0
DAYS MAX <= 32      0               0.0     0.0        0
DAYS MIN <= 32      0               0.0     0.0        0
DAYS MIN <= 0       0               0.0     0.0        0

PRECIPITATION (INCHES)
RECORD
 MAXIMUM           MM   MM
 MINIMUM           MM   MM
TOTALS           1.07              3.02   -1.95     2.10
DAILY AVG.       0.03              0.10   -0.07     0.07
DAYS >= .01         7               8.9    -1.9       12
DAYS >= .10         2               5.1    -3.1        6
DAYS >= .50         1               2.0    -1.0        1
DAYS >= 1.00        0               0.8    -0.8        0
GREATEST
 24 HR. TOTAL    0.56   07/07 TO 07/07
                        07/06 TO 07/07
                        07/07 TO 07/07
 STORM TOTAL       MM
 (MM/DD(HH))            MM

DEGREE_DAYS
COOLING TOTAL     197               152      45
 SINCE 1/1        256               253       3

FREEZE DATES
RECORD
 EARLIEST     MM
 LATEST       MM
EARLIEST                        MM
LATEST                          MM
.................................................................

WIND (MPH)
AVERAGE WIND SPEED              5.3
HIGHEST WIND SPEED/DIRECTION    32/270    DATE  07/18
HIGHEST GUST SPEED/DIRECTION    43/270    DATE  07/18

SKY COVER
POSSIBLE SUNSHINE (PERCENT)   MM
AVERAGE SKY COVER           0.40
NUMBER OF DAYS FAIR           11
NUMBER OF DAYS PC             17
NUMBER OF DAYS CLOUDY          3

AVERAGE RH (PERCENT)     65

WEATHER CONDITIONS. NUMBER OF DAYS WITH
THUNDERSTORM              0     MIXED PRECIP               0
HEAVY RAIN                1     RAIN                       3
LIGHT RAIN                9     FREEZING RAIN              0
LT FREEZING RAIN          0     HAIL                       0
HEAVY SNOW                0     SNOW                       0
LIGHT SNOW                0     SLEET                      0
FOG                       9     FOG W/VIS <= 1/4 MILE      0
HAZE                      4

-  INDICATES NEGATIVE NUMBERS.
R  INDICATES RECORD WAS SET OR TIED.
MM INDICATES DATA IS MISSING.
T  INDICATES TRACE AMOUNT.

$$
