000
CXUS54 KJAN 011219
CLMTVR


CLIMATE REPORT
NATIONAL WEATHER SERVICE JACKSON MS
616 AM CST MON FEB 1 2016

...................................

...THE VICKSBURG CLIMATE SUMMARY FOR THE MONTH OF JANUARY 2016...

CLIMATE NORMAL PERIOD 1981 TO 2010
CLIMATE RECORD PERIOD 1948 TO 2016

WEATHER         OBSERVED          NORMAL  DEPART  LAST YEAR`S
                 VALUE   DATE(S)  VALUE   FROM    VALUE
                                          NORMAL
.............................................................
TEMPERATURE (F)
RECORD
 HIGH              82   01/31/2002
                        01/23/2002
 LOW               -2   01/24/1948
HIGHEST            75   01/31         0      75       75
LOWEST             26   01/24         0      26       15
AVG. MAXIMUM     55.8              55.7     0.1     55.4
AVG. MINIMUM     36.3              35.3     1.0     33.7
MEAN             46.0              45.5     0.5     44.5
DAYS MAX >= 90      0               0.0     0.0        0
DAYS MAX <= 32      0               0.7    -0.7        0
DAYS MIN <= 32     12              13.4    -1.4       14
DAYS MIN <= 0       0               0.0     0.0        0

PRECIPITATION (INCHES)
RECORD
 MAXIMUM        15.69   1974
 MINIMUM         0.92   2003
TOTALS           5.70              5.07    0.63     5.57
DAILY AVG.       0.18              0.16    0.02     0.18
DAYS >= .01         6                MM      MM        8
DAYS >= .10         5                MM      MM        6
DAYS >= .50         3                MM      MM        4
DAYS >= 1.00        2                MM      MM        2
GREATEST
 24 HR. TOTAL    3.37   01/21 TO 01/22              1.95

SNOWFALL (INCHES)
TOTALS              M

DEGREE_DAYS
HEATING TOTAL     580               607     -27      627
 SINCE 7/1       1052              1544    -492     1627
COOLING TOTAL       1                 3      -2        0
 SINCE 1/1          1                 0       1        0
..............................................................

WIND (MPH)
AVERAGE WIND SPEED              7.4
HIGHEST WIND SPEED/DIRECTION    31/140    DATE  01/09
HIGHEST GUST SPEED/DIRECTION    37/130    DATE  01/09

SKY COVER
POSSIBLE SUNSHINE (PERCENT)   MM
AVERAGE SKY COVER           0.30
NUMBER OF DAYS FAIR           19
NUMBER OF DAYS PC              5
NUMBER OF DAYS CLOUDY          7

AVERAGE RH (PERCENT)     71

WEATHER CONDITIONS. NUMBER OF DAYS WITH
THUNDERSTORM              3     MIXED PRECIP               0
HEAVY RAIN                5     RAIN                       6
LIGHT RAIN               10     FREEZING RAIN              0
LT FREEZING RAIN          0     HAIL                       0
HEAVY SNOW                0     SNOW                       0
LIGHT SNOW                1     SLEET                      0
FOG                      14     FOG W/VIS <= 1/4 MILE      3
HAZE                      1

-  INDICATES NEGATIVE NUMBERS.
R  INDICATES RECORD WAS SET OR TIED.
MM INDICATES DATA IS MISSING.
T  INDICATES TRACE AMOUNT.

$$
