000
CXUS56 KPQR 011650
CLMUAO


CLIMATE REPORT
NATIONAL WEATHER SERVICE PORTLAND OREGON
850 AM PST THU DEC 1 2016

...................................

...THE AURORA STATE OR CLIMATE SUMMARY FOR THE MONTH OF NOVEMBER 2016...

CLIMATE NORMAL PERIOD 1981 TO 2010
CLIMATE RECORD PERIOD 9999 TO 9999

WEATHER         OBSERVED          NORMAL  DEPART  LAST YEAR`S
                 VALUE   DATE(S)  VALUE   FROM    VALUE  DATE(S)
                                          NORMAL
................................................................
TEMPERATURE (F)
HIGHEST            68                                 61  11/01
LOWEST             37                                 20  11/30
AVG. MAXIMUM     57.4              52.4     5.0     51.2
AVG. MINIMUM     45.0              39.0     6.0     35.9
MEAN             51.2              45.7     5.5     43.6
DAYS MAX >= 90      0               0.0     0.0        0
DAYS MAX <= 32      0               0.1    -0.1        0
DAYS MIN <= 32      0               5.1    -5.1        9
DAYS MIN <= 0       0               0.0     0.0        0

PRECIPITATION (INCHES)
RECORD
 MAXIMUM           MM   MM
 MINIMUM           MM   MM
TOTALS           7.31              6.63    0.68     5.07
DAYS >= .01        22                MM      MM       18
DAYS >= .10        12                MM      MM       11
DAYS >= .50         5                MM      MM        4
DAYS >= 1.00        3                MM      MM        1
GREATEST
 24 HR. TOTAL    2.23   11/24 TO 11/25

DEGREE_DAYS
HEATING TOTAL     406               579    -173      636
 SINCE 7/1        858              1077    -219      963
COOLING TOTAL       0                 0       0        0
 SINCE 1/1        392               336      56      573
.................................................................

WIND (MPH)
AVERAGE WIND SPEED              4.9
RESULTANT WIND SPEED/DIRECTION   3/188
HIGHEST WIND SPEED/DIRECTION    29/180    DATE  11/24
HIGHEST GUST SPEED/DIRECTION    40/180    DATE  11/24

SKY COVER
POSSIBLE SUNSHINE (PERCENT)   MM
AVERAGE SKY COVER           0.80

AVERAGE RH (PERCENT)     81

WEATHER CONDITIONS. NUMBER OF DAYS WITH
THUNDERSTORM              0     MIXED PRECIP               0
HEAVY RAIN                6     RAIN                      16
LIGHT RAIN               20     FREEZING RAIN              0
LT FREEZING RAIN          0     HAIL                       0
HEAVY SNOW                0     SNOW                       0
LIGHT SNOW                0     SLEET                      0
FOG                      26     FOG W/VIS <= 1/4 MILE      9
HAZE                      5

-  INDICATES NEGATIVE NUMBERS.
R  INDICATES RECORD WAS SET OR TIED.
MM INDICATES DATA IS MISSING.
T  INDICATES TRACE AMOUNT.

$$
