000
CXUS54 KCRP 011813 RRA
CLMVCT

CLIMATE REPORT
NATIONAL WEATHER SERVICE CORPUS CHRISTI TX
1140 AM CST THU FEB 1 2018

...................................

...THE VICTORIA CLIMATE SUMMARY FOR THE MONTH OF JANUARY 2018...

CLIMATE NORMAL PERIOD 1981 TO 2010
CLIMATE RECORD PERIOD 1893 TO 2018

WEATHER         OBSERVED          NORMAL  DEPART  LAST YEAR`S
                 VALUE   DATE(S)  VALUE   FROM    VALUE  DATE(S)
                                          NORMAL
................................................................
TEMPERATURE (F)
RECORD
 HIGH              88   01/30/1971
 LOW                9   01/18/1930
HIGHEST            80   01/11        64      16       86  01/21
LOWEST             19   01/03        44     -25       20  01/08
AVG. MAXIMUM     64.0              64.7    -0.7     72.0
AVG. MINIMUM     37.8              43.1    -5.3     49.7
MEAN             50.9              53.9    -3.0     60.8
DAYS MAX >= 90      0               0.0     0.0        0
DAYS MAX <= 32      0               0.0     0.0        0
DAYS MIN <= 32     10               3.6     6.4        3
DAYS MIN <= 0       0               0.0     0.0        0

PRECIPITATION (INCHES)
RECORD
 MAXIMUM        11.87   1934
 MINIMUM         0.00   1912
                        1911
                        1909
TOTALS           0.52              2.52   -2.00     3.76
DAILY AVG.       0.02              0.08   -0.06     0.12
DAYS >= .01         6               8.4    -2.4        8
DAYS >= .10         3               4.4    -1.4        5
DAYS >= .50         0               1.8    -1.8        3
DAYS >= 1.00        0               0.6    -0.6        1
GREATEST
 24 HR. TOTAL    0.21   01/19 TO 01/19           01/20 TO 01/20


SNOWFALL (INCHES)
RECORDS
 TOTAL            3.0   1940
 24 HR TOTAL      3.0   01/22/1940 TO 01/22/1940
TOTALS              T               0.1    -0.1      0.0
SINCE 7/1         2.0               0.1     1.9      0.0
SNOWDEPTH AVG.      0                MM      MM        0
DAYS >= 1.0         0               0.1    -0.1        0
GREATEST
 SNOW DEPTH         0   MM                             0
 24 HR TOTAL        T   01/16 TO 01/16               0.0

DEGREE_DAYS
HEATING TOTAL     434               358      76      193
 SINCE 7/1        886               852      34      478
COOLING TOTAL       6                14      -8       71
 SINCE 1/1          6                 7      -1       71
.................................................

WIND (MPH)
AVERAGE WIND SPEED              9.2
HIGHEST WIND SPEED/DIRECTION    38/330    DATE  01/11
HIGHEST GUST SPEED/DIRECTION    47/320    DATE  01/11

SKY COVER
AVERAGE SKY COVER           0.50

AVERAGE RH (PERCENT)     64

WEATHER CONDITIONS. NUMBER OF DAYS WITH
THUNDERSTORM              1     MIXED PRECIP               0
HEAVY RAIN                1     RAIN                       3
LIGHT RAIN                7     FREEZING RAIN              0
LT FREEZING RAIN          1     HAIL                       0
HEAVY SNOW                0     SNOW                       0
LIGHT SNOW                0     SLEET                      1
FOG                      17     FOG W/VIS <= 1/4 MILE      5
HAZE                      3

-  INDICATES NEGATIVE NUMBERS.
R  INDICATES RECORD WAS SET OR TIED.
MM INDICATES DATA IS MISSING.
T  INDICATES TRACE AMOUNT.

$$

88
