997
CXUS54 KCRP 011613 RRA
CLMVCT

SATCLMVCT 000
TTAA00 KCRP 011612


CLIMATE REPORT
NATIONAL WEATHER SERVICE CORPUS CHRISTI TX
1058 AM CDT SUN OCT 1 2017

...................................

...THE VICTORIA CLIMATE SUMMARY FOR THE MONTH OF SEPTEMBER 2017...

CLIMATE NORMAL PERIOD 1981 TO 2010
CLIMATE RECORD PERIOD 1893 TO 2017

WEATHER         OBSERVED          NORMAL  DEPART  LAST YEAR`S
                 VALUE   DATE(S)  VALUE   FROM    VALUE  DATE(S)
                                          NORMAL
................................................................
TEMPERATURE (F)
RECORD
 HIGH             111   09/05/2000
 LOW               45   09/27/1942
HIGHEST            95   09/14        90       5       97  09/20
                                                          09/19
                                                          09/18
LOWEST             58   09/12        71     -13       54  09/30
AVG. MAXIMUM     89.8              90.4    -0.6     91.7
AVG. MINIMUM     69.7              69.2     0.5     71.2
MEAN             79.8              79.8     0.0     81.4
DAYS MAX >= 90     14              18.0    -4.0       24
DAYS MAX <= 32      0               0.0     0.0        0
DAYS MIN <= 32      0               0.0     0.0        0
DAYS MIN <= 0       0               0.0     0.0        0

PRECIPITATION (INCHES)
RECORD
 MAXIMUM        19.05   1978
 MINIMUM           MM   MM
TOTALS           3.12              4.16   -1.04     2.55
DAILY AVG.       0.10              0.14   -0.04     0.09
DAYS >= .01         8               9.5    -1.5        7
DAYS >= .10         7               5.7     1.3        5
DAYS >= .50         2               2.7    -0.7        2
DAYS >= 1.00        1               1.3    -0.3        1
GREATEST
 24 HR. TOTAL    1.28   09/21 TO 09/21           09/02 TO 09/02

SNOWFALL (INCHES)
RECORDS
 TOTAL            0.0   MM
 24 HR TOTAL      0.0   MM
TOTALS            0.0               0.0     0.0      0.0
SINCE 7/1         0.0               0.0     0.0      0.0
SNOWDEPTH AVG.      0                MM      MM        0
DAYS >= 1.0         0               0.0     0.0        0
GREATEST
 SNOW DEPTH         0   MM                             0
 24 HR TOTAL      0.0   MM                           0.0

DEGREE_DAYS
HEATING TOTAL       0                 1      -1        0
 SINCE 7/1          0                 1      -1        0
COOLING TOTAL     452               445       7      501
 SINCE 1/1       3285              2798     487     2988
...................................................

WIND (MPH)
AVERAGE WIND SPEED              7.2
HIGHEST WIND SPEED/DIRECTION    38/060    DATE  09/21
HIGHEST GUST SPEED/DIRECTION    45/060    DATE  09/21

SKY COVER
AVERAGE SKY COVER           0.20

AVERAGE RH (PERCENT)     73

WEATHER CONDITIONS. NUMBER OF DAYS WITH
THUNDERSTORM              6     MIXED PRECIP               0
HEAVY RAIN                5     RAIN                       7
LIGHT RAIN                8     FREEZING RAIN              0
LT FREEZING RAIN          0     HAIL                       0
HEAVY SNOW                0     SNOW                       0
LIGHT SNOW                0     SLEET                      0
FOG                      22     FOG W/VIS <= 1/4 MILE      5
HAZE                      8

-  INDICATES NEGATIVE NUMBERS.
R  INDICATES RECORD WAS SET OR TIED.
MM INDICATES DATA IS MISSING.
T  INDICATES TRACE AMOUNT.

$$
