000
CXUS53 KLOT 011135
CLMVPZ


CLIMATE REPORT
NATIONAL WEATHER SERVICE CHICAGO IL
628 AM CDT FRI SEP 1 2017

...................................

...THE VALPARAISO CLIMATE SUMMARY FOR THE MONTH OF AUGUST 2017...

CLIMATE NORMAL PERIOD 1981 TO 2010
CLIMATE RECORD PERIOD 1998 TO 2017

WEATHER         OBSERVED          NORMAL  DEPART  LAST YEAR`S
                 VALUE   DATE(S)  VALUE   FROM    VALUE
                                          NORMAL
.............................................................
TEMPERATURE (F)
RECORD
 HIGH              95   08/21/2003
 LOW               43   08/15/2014
                        08/31/2009
                        01/05/1999
HIGHEST            90   08/16        MM      MM       92
LOWEST             48   08/25        MM      MM       53
AVG. MAXIMUM     81.2              80.4     0.8     83.9
AVG. MINIMUM     59.1              60.7    -1.6     64.6
MEAN             70.2              70.6    -0.4     74.2

PRECIPITATION (INCHES)
RECORD
 MAXIMUM        10.49   2014
 MINIMUM         0.46   2008
TOTALS           2.33              4.31   -1.98     9.25

DEGREE_DAYS
HEATING TOTAL       6                13      -7        0
 SINCE 7/1          6                17     -11        8
COOLING TOTAL     159               185     -26      291
 SINCE 1/1        764               636     128      849
..............................................................

WIND (MPH)
AVERAGE WIND SPEED              5.4
HIGHEST WIND SPEED/DIRECTION    24/230    DATE  08/03
HIGHEST GUST SPEED/DIRECTION    33/320    DATE  08/02

AVERAGE RH (PERCENT)     74


-  INDICATES NEGATIVE NUMBERS.
R  INDICATES RECORD WAS SET OR TIED.
MM INDICATES DATA IS MISSING.
T  INDICATES TRACE AMOUNT.

$$
