000
CXUS56 KPDT 011353 RRA
CLMYKM

CLIMATE REPORT
NATIONAL WEATHER SERVICE PENDLETON OREGON
644 AM PDT WED JUL 01 2015

....................................

...THE YAKIMA WA CLIMATE SUMMARY FOR THE MONTH OF JUNE 2015...

CLIMATE NORMAL PERIOD 1981 TO 2010
CLIMATE RECORD PERIOD 1909 TO 2015

WEATHER         OBSERVED          NORMAL  DEPART  LAST YEAR`S
                 VALUE   DATE(S)  VALUE   FROM    VALUE  DATE(S)
                                          NORMAL

................................................................

TEMPERATURE (F)
RECORD
 HIGH             108   6/28/2015
 LOW               30   6/ 2/1976
HIGHEST           108   6/28       95        13            92   6/23
LOWEST             42   6/13       36         6            41   6/16
AVG. MAXIMUM     92.5            79.5      13.0          82.1
AVG. MINUMUM     57.2            48.3       8.9          52.1
MEAN             74.9            63.9      11.0          67.1
DAYS MAX >= 90     19               4        15             1
DAYS MAX <= 32      0               0         0             0
DAYS MIN <= 32      0               0         0             0
DAYS MIN <= 0       0               0         0             0


PRECIPITATION (INCHES)
RECORD
 MAXIMUM          2.53   1991
 MINIMUM             T   2003
TOTALS            0.01            0.62     -0.61          0.08
DAILY AVG.        0.00            0.02     -0.02          0.00
DAYS >=  0.01        1               5        -4             4
DAYS >=  0.10        0               2        -2             0
DAYS >=  0.50        0               0         0             0
DAYS >=  1.00        0               0         0             0
GREATEST
 24 HR. TOTAL     0.01   6/29



SNOWFALL (INCHES)
RECORD
 MAXIMUM           0.0   1955
 MINIMUM           0.0   2014
TOTALS             0.0             0.0       0.0           0.0
SINCE 7/1          1.6            22.0     -20.4          19.9
DAYS >=  TRACE                       0         0
DAYS >=  1.0         0               0         0             0
GREATEST
 24 HR. TOTAL      0.0   6/30


DEGREE DAYS
HEATING TOTAL        3              98       -95            30
 SINCE 7/1        4510            6039     -1529          5600
COOLING TOTAL      307              63       244           102
 SINCE 1/1         399              83       316           125

.............................................................

WIND (MPH)
AVERAGE WIND SPEED                     8.2
RESULTANT WIND SPEED/DIRECTION         5/311
HIGHEST WIND SPEED/DIRECTION          30/330      DATE          06/10
HIGHEST GUST SPEED/DIRECTION          60/350      DATE          06/10


WEATHER CONDITIONS. NUMBER OF DAYS WITH
THUNDERSTORM               2    MIXED PRECIP                           0
HEAVY RAIN                 0    RAIN                                   0
LIGHT RAIN                 1    FREEZING RAIN                          0
LT FREEZING RAIN           0    HAIL                                   0
HEAVY SNOW                 0    SNOW                                   0
LIGHT SNOW                 0    SLEET                                  0
FOG                        0    FOG W/VIS <=1/4 MILE                   0
HAZE                       2

-  INDICATES NEGATIVE NUMBERS.
R  INDICATES RECORD WAS SET OR TIED.
MM INDICATES DATA IS MISSING.
T  INDICATES TRACE AMOUNT.

$$
