000
CXUS51 KOKX 031040 CCA
CLSBDR

CLIMATE REPORT...CORRECTED
NATIONAL WEATHER SERVICE NEW YORK NY
540 AM EST TUE MAR 3 2015

...................................

...THE BRIDGEPORT CT CLIMATE SUMMARY FOR THE SEASON, FROM
12/1/2014 TO 2/28/2015...

CLIMATE NORMAL PERIOD 1981 TO 2010
CLIMATE RECORD PERIOD 1948 TO 2015

WEATHER         OBSERVED          NORMAL  DEPART  LAST YEAR`S
                 VALUE   DATE(S)  VALUE   FROM    VALUE
                                          NORMAL
.............................................................
TEMPERATURE (F)
RECORD
 HIGH              76   12/07/1998
 LOW               -7   01/22/1984
HIGHEST            62   12/01        MM      MM
LOWEST             -2   02/16        MM      MM
AVG. MAXIMUM     36.4              39.7    -3.3
AVG. MINIMUM     21.5              25.5    -4.0
MEAN             28.9              32.6    -3.7
DAYS MAX >= 90      0               0.0     0.0
DAYS MAX <= 32     32              17.2    14.8
DAYS MIN <= 32     70              67.4     2.6
DAYS MIN <= 0       2               0.3     1.7

PRECIPITATION (INCHES)
RECORD
 MAXIMUM        19.61   1978-79
 MINIMUM         4.33   1979-80
TOTALS          11.99              9.22    2.77    11.31
DAILY AVG.       0.13              0.10    0.03
DAYS >= .01        40              31.7     8.3
DAYS >= .10        21              18.9     2.1
DAYS >= .50        10               6.2     3.8
DAYS >= 1.00        3               1.7     1.3
GREATEST
 24 HR. TOTAL    2.13   12/09 TO 12/09
 STORM TOTAL       MM
 (MM/DD(HH))            MM

SNOWFALL (INCHES)
RECORDS
 TOTAL           58.7   2011
 24 HR TOTAL     18.5   MM
TOTALS           40.9              20.9    20.0
 LIQUID EQUIV    4.09              2.10    1.99
SINCE 7/1        41.1              21.6    19.5
 LIQUID 7/1      4.11
DAYS >= TRACE      31              11.4    19.6
DAYS >= 1.0        12               5.9     6.1
GREATEST
 SNOW DEPTH        14   02/22
                        02/03
                        02/04
 24 HR TOTAL     11.0   02/01 TO 02/02
 STORM TOTAL       MM
 (MM/DD(HH))            MM

DEGREE_DAYS
HEATING TOTAL    3200              2914     286
 SINCE 7/1         MM              3887      MM
COOLING TOTAL       0                 0       0
 SINCE 1/1          0                 0       0
..............................................................

WIND (MPH)
AVERAGE WIND SPEED              9.8
HIGHEST WIND SPEED/DIRECTION    36/300    DATE  02/15
HIGHEST GUST SPEED/DIRECTION    51/340    DATE  02/15

SKY COVER
POSSIBLE SUNSHINE (PERCENT)   MM
AVERAGE SKY COVER           0.50
NUMBER OF DAYS FAIR           38
NUMBER OF DAYS PC             29
NUMBER OF DAYS CLOUDY         23

AVERAGE RH (PERCENT)     67

WEATHER CONDITIONS. NUMBER OF DAYS WITH
THUNDERSTORM              0     MIXED PRECIP               0
HEAVY RAIN                4     RAIN                      10
LIGHT RAIN               22     FREEZING RAIN              2
LT FREEZING RAIN          5     HAIL                       0
HEAVY SNOW                0     SNOW                       6
LIGHT SNOW               27     SLEET                      1
FOG                      39     FOG W/VIS <= 1/4 MILE      5
HAZE                     16

-  INDICATES NEGATIVE NUMBERS.
R  INDICATES RECORD WAS SET OR TIED.
MM INDICATES DATA IS MISSING.
T  INDICATES TRACE AMOUNT.

$$
