000
CXUS53 KGRR 072116 CCA
CLSBIV

CLIMATE REPORT
NATIONAL WEATHER SERVICE GRAND RAPIDS, MI
415 PM EST MON MAR 7 2016

...................................

...THE HOLLAND/TULIP CITY MI CLIMATE SUMMARY FOR THE SEASON, FROM
12/1/2015 TO 2/29/2016...

CLIMATE NORMAL PERIOD 1981 TO 2010
CLIMATE RECORD PERIOD 1996 TO 2016

WEATHER         OBSERVED          NORMAL  DEPART  LAST YEAR`S
                 VALUE   DATE(S)  VALUE   FROM    VALUE  DATE(S)
                                          NORMAL
................................................................
TEMPERATURE (F)
HIGHEST            62   12/23        MM      MM       52  12/15
                        12/13
LOWEST              3   02/18        MM      MM      -14  02/20
AVG. MAXIMUM     38.3              34.5     3.8     31.3
AVG. MINIMUM     26.1              22.7     3.4     18.2
MEAN             32.2              28.6     3.6     24.8
DAYS MAX >= 90      0               0.0     0.0        0
DAYS MAX <= 32     25              35.9   -10.9       41
DAYS MIN <= 32     67              74.4    -7.4       77
DAYS MIN <= 0       0               1.4    -1.4        9

PRECIPITATION (INCHES)
TOTALS           7.44              6.19    1.25     2.87
DAILY AVG.       0.08              0.07    0.01     0.03
DAYS >= .01        46                MM      MM       27
DAYS >= .10        16                MM      MM       10
DAYS >= .50         5                MM      MM        1
DAYS >= 1.00        1                MM      MM        0
GREATEST
 24 HR. TOTAL      MM

DEGREE_DAYS
HEATING TOTAL    2960              3277    -317     3576
 SINCE 7/1       3990              4533    -543     4967
COOLING TOTAL       0                 0       0        0
 SINCE 1/1          0                 0       0        0

FREEZE DATES
EARLIEST                        MM
LATEST                          MM
.....................................................

WIND (MPH)
AVERAGE WIND SPEED              10.4
RESULTANT WIND SPEED/DIRECTION   4/231
HIGHEST WIND SPEED/DIRECTION    43/220    DATE  02/19
HIGHEST GUST SPEED/DIRECTION    62/250    DATE  12/14

SKY COVER
POSSIBLE SUNSHINE (PERCENT)   MM
AVERAGE SKY COVER           0.70
NUMBER OF DAYS FAIR           13
NUMBER OF DAYS PC             24
NUMBER OF DAYS CLOUDY         54

AVERAGE RH (PERCENT)     75

WEATHER CONDITIONS. NUMBER OF DAYS WITH
THUNDERSTORM              2     MIXED PRECIP               0
HEAVY RAIN                4     RAIN                      10
LIGHT RAIN               28     FREEZING RAIN              1
LT FREEZING RAIN          3     HAIL                       0
HEAVY SNOW                8     SNOW                      15
LIGHT SNOW               40     SLEET                      1
FOG                      60     FOG W/VIS <= 1/4 MILE     14
HAZE                     25

-  INDICATES NEGATIVE NUMBERS.
R  INDICATES RECORD WAS SET OR TIED.
MM INDICATES DATA IS MISSING.
T  INDICATES TRACE AMOUNT.

$$

CAS
