140
CXUS53 KDVN 011300
CLSBRL


CLIMATE REPORT
NATIONAL WEATHER SERVICE QUAD CITIES IA IL
700 AM CST TUE DEC 1 2015

...................................

...THE BURLINGTON IA CLIMATE SUMMARY FOR THE SEASON, FROM
9/1/2015 TO 11/30/2015...

CLIMATE NORMAL PERIOD 1981 TO 2010
CLIMATE RECORD PERIOD 1897 TO 2015

WEATHER         OBSERVED          NORMAL  DEPART
                 VALUE   DATE(S)  VALUE   FROM
                                          NORMAL
................................................
TEMPERATURE (F)
RECORD
 HIGH             103   09/01/1913
                        09/05/1899
 LOW               -2   11/08/1991
                        11/26/1977
                        11/29/1976
HIGHEST            94   09/06        83      11
LOWEST             12   11/22        26     -14
                        11/21
AVG. MAXIMUM     67.7              65.4     2.3
AVG. MINIMUM     47.2              44.7     2.5
MEAN             57.4              55.1     2.3
DAYS MAX >= 90      6
DAYS MAX <= 32      0
DAYS MIN <= 32     14
DAYS MIN <= 0       0

PRECIPITATION (INCHES)
TOTALS           9.14              9.14    0.00
DAILY AVG.       0.10              0.10    0.00
DAYS >= .01        25
DAYS >= .10        16
DAYS >= .50         6
DAYS >= 1.00        1
GREATEST
 24 HR. TOTAL    2.70   11/17 TO 11/17

DEGREE_DAYS
HEATING TOTAL     910              1070    -160
 SINCE 7/1        917              1073    -156
COOLING TOTAL     241               164      77
 SINCE 1/1       1093              1207    -114
.................................................

WIND (MPH)
AVERAGE WIND SPEED              8.9
HIGHEST WIND SPEED/DIRECTION    52/250    DATE  11/11
HIGHEST GUST SPEED/DIRECTION    65/250    DATE  11/11

SKY COVER
POSSIBLE SUNSHINE (PERCENT)   MM
AVERAGE SKY COVER           0.30
NUMBER OF DAYS FAIR           55
NUMBER OF DAYS PC             20
NUMBER OF DAYS CLOUDY         16

AVERAGE RH (PERCENT)     70

WEATHER CONDITIONS. NUMBER OF DAYS WITH
THUNDERSTORM              5     HAIL                       0
SLEET                     0     FOG                       48
FOG W/VIS <= 1/4 MILE     7     HAZE                      31

-  INDICATES NEGATIVE NUMBERS.
R  INDICATES RECORD WAS SET OR TIED.
MM INDICATES DATA IS MISSING.
T  INDICATES TRACE AMOUNT.

$$


NOTE: SUPPLEMENTAL CLIMATE DATA WAS USED FROM A NEARBY
CLIMATOLOGICALLY REPRESENTATIVE STATION.
