000
CXUS55 KPUB 042110
CLSCOS

CLIMATE REPORT
NATIONAL WEATHER SERVICE PUEBLO
210 PM MST THU DEC 4 2014

...................................

...THE COLORADO SPRINGS CO CLIMATE SUMMARY FOR THE SEASON, FROM
9/1/2014 TO 11/30/2014...

CLIMATE NORMAL PERIOD 1981 TO 2010
CLIMATE RECORD PERIOD 1872 TO 2014

WEATHER         OBSERVED          NORMAL  DEPART  LAST YEAR`S
                 VALUE   DATE(S)  VALUE   FROM    VALUE  DATE(S)
                                          NORMAL
................................................................
TEMPERATURE (F)
RECORD
 HIGH              95   09/17/1936
 LOW              -12   11/14/1916
                        11/13/1916
HIGHEST            92   09/03                      91    09/05
LOWEST             -4   11/13                      13    11/21
AVG. MAXIMUM     65.3              62.8     2.5    64.2
AVG. MINIMUM     37.0              36.1     0.9    37.7
MEAN             51.2              49.5     1.7    50.9
DAYS MAX >= 90      1               0.5     0.5
DAYS MAX <= 32      4               3.0     1.0
DAYS MIN <= 32     27              33.3    -6.3
DAYS MIN <= 0       2               0.2     1.8

PRECIPITATION (INCHES)
RECORD
 MAXIMUM         7.50   1909
 MINIMUM         0.54   1948
                        1924
                        1919
TOTALS           3.83              2.41    1.42      5.49
DAILY AVG.       0.04              0.03    0.01
DAYS >= .01        14              16.9    -2.9
DAYS >= .10         3               6.9    -3.9
DAYS >= .50         2               1.2     0.8
DAYS >= 1.00        1               0.2     0.8
GREATEST
 24 HR. TOTAL    2.89   10/09 TO 10/10

SNOWFALL (INCHES)
RECORDS
 TOTAL           37.7   1959
TOTALS            7.1               7.8    -0.7       4.2
SINCE 7/1         7.1               7.8    -0.7
SNOWDEPTH AVG.      0
DAYS >= 1.0         3               2.3     0.7
GREATEST
 SNOW DEPTH         3   11/18                         2
                        11/17
                        11/16
 24 HR TOTAL      2.5   11/15 TO 11/16                1.8
                        11/11 TO 11/11

DEGREE_DAYS
HEATING TOTAL    1295              1451    -156      1351
 SINCE 7/1       1325              1481    -156
COOLING TOTAL      60                37      23        92
 SINCE 1/1        487               455      32
.................................................................

WIND (MPH)
AVERAGE WIND SPEED              8.6
HIGHEST WIND SPEED/DIRECTION    46/020    DATE  11/10
HIGHEST GUST SPEED/DIRECTION    55/010    DATE  11/10

SKY COVER
POSSIBLE SUNSHINE (PERCENT)   MM
AVERAGE SKY COVER           0.50
NUMBER OF DAYS FAIR           24
NUMBER OF DAYS PC             55
NUMBER OF DAYS CLOUDY         12

AVERAGE RH (PERCENT)     52

WEATHER CONDITIONS. NUMBER OF DAYS WITH
THUNDERSTORM              0     MIXED PRECIP               1
HEAVY RAIN                2     RAIN                       3
LIGHT RAIN               22     FREEZING RAIN              0
LT FREEZING RAIN          0     HAIL                       1
HEAVY SNOW                0     SNOW                       3
LIGHT SNOW               13     SLEET                      0
FOG                      17     FOG W/VIS <= 1/4 MILE      0
HAZE                     12

-  INDICATES NEGATIVE NUMBERS.
R  INDICATES RECORD WAS SET OR TIED.
MM INDICATES DATA IS MISSING.
T  INDICATES TRACE AMOUNT.

$$
