000
CXUS53 KDLH 021325
CLSDLH

CLIMATE REPORT
NATIONAL WEATHER SERVICE DULUTH MN
725 AM CST TUE DEC 2 2014

...................................

...THE DULUTH CLIMATE SUMMARY FOR THE SEASON, FROM
9/1/2014 TO 11/30/2014...

CLIMATE NORMAL PERIOD 1981 TO 2010
CLIMATE RECORD PERIOD 1870 TO 2014

WEATHER         OBSERVED          NORMAL  DEPART  LAST YEAR`S
                 VALUE   DATE(S)  VALUE   FROM    VALUE
                                          NORMAL
.............................................................
TEMPERATURE (F)
RECORD
 HIGH              95   09/07/1976
 LOW              -29   11/29/1875
HIGHEST            81   09/28        MM      MM       88
LOWEST             -9   11/27        MM      MM       -3
MEAN             41.3              42.5    -1.2     44.3

PRECIPITATION (INCHES)
RECORDS
 MAXIMUM        17.74    1881
 MINIMUM         1.98    1952
TOTALS           4.42              9.05   -4.63     6.01

SNOWFALL (INCHES)
RECORDS
 MAXIMUM         56.8    1991
 MINIMUM          0.2    1899
SINCE 7/1        16.5

DEGREE_DAYS
HEATING TOTAL    2138              2063      75     1883
COOLING TOTAL       9                15      -6       24
..............................................................

WIND (MPH)
AVERAGE WIND SPEED              10.3
HIGHEST WIND SPEED/DIRECTION    31/290
HIGHEST GUST SPEED/DIRECTION    44/280

SKY COVER
POSSIBLE SUNSHINE (PERCENT)   MM



-  INDICATES NEGATIVE NUMBERS.
R  INDICATES RECORD WAS SET OR TIED.
MM INDICATES DATA IS MISSING.
T  INDICATES TRACE AMOUNT.

$$

.THE 2014 AUTUMN SEASON WAS COOLER AND DRIER THAN NORMAL AT DULUTH
MN...

THE AVERAGE TEMPERATURE FOR THE FALL SEASON WAS 41.3 DEGREES WHICH
WAS 1.2 DEGREES BELOW THE NORMAL OF 42.5 DEGREES. THIS TIED FOR THE
30TH COOLEST METEOROLOGICAL AUTUMN ON RECORD AT DULUTH. 4.42 INCHES
OF  PRECIPITATION WAS REPORTED FOR THE SEASON WHICH WAS 4.63 INCHES
BELOW THE NORMAL OF 9.05 INCHES. THIS WAS THE 19TH DRIEST AUTUMN
SEASON ON RECORD. 16.5 INCHES OF SNOW FELL FOR THE FALL SEASON WHICH
WAS 0.4 INCHES ABOVE THE NORMAL OF 16.1 INCHES. THIS WAS THE 29TH
SNOWIEST FALL SEASON ON RECORD.

$$
