000
CXUS53 KDLH 021515
CLSDLH

CLIMATE REPORT
NATIONAL WEATHER SERVICE DULUTH MN
915 AM CST MON MAR 2 2014

...THE DULUTH CLIMATE SUMMARY FOR THE SEASON, FROM 12/1/2014 TO
2/28/2015...

CLIMATE NORMAL PERIOD 1981 TO 2010
CLIMATE RECORD PERIOD 1870 TO 2015

WEATHER         OBSERVED          NORMAL  DEPART  LAST YEAR`S
                 VALUE   DATE(S)  VALUE   FROM    VALUE
                                          NORMAL
.............................................................
TEMPERATURE (F)
RECORD
 HIGH              58   02/26/1895
 LOW              -41   01/02/1885
HIGHEST            43   12/15        MM      MM       41
LOWEST            -19   02/23        MM      MM      -28
                        02/19
MEAN             13.1              13.3    -0.2      3.9

PRECIPITATION (INCHES)
RECORD
 MAXIMUM         8.69   1969
 MINIMUM         1.15   1942
TOTALS           2.10              2.98   -0.88     5.73

SNOWFALL (INCHES)
SINCE 7/1        39.9              65.6   -25.7
 MAXIMUM        111.2    1995-1996
 MINIMUM         16.4    1930-1931

DEGREE_DAYS
HEATING TOTAL    4624              4653     -29     5484
COOLING TOTAL       0                 0       0        0
..............................................................

WIND (MPH)
AVERAGE WIND SPEED              10.7
HIGHEST WIND SPEED/DIRECTION    35/290
HIGHEST GUST SPEED/DIRECTION    47/300

SKY COVER
POSSIBLE SUNSHINE (PERCENT)   MM



-  INDICATES NEGATIVE NUMBERS.
R  INDICATES RECORD WAS SET OR TIED.
MM INDICATES DATA IS MISSING.
T  INDICATES TRACE AMOUNT.

$$

.THE 2014-2015 WINTER SEASON WAS COLDER AND DRIER THAN NORMAL AT
DULUTH MN...

THE AVERAGE TEMPERATURE FOR THE WINTER SEASON WAS 13.1 DEGREES WHICH
WAS 0.2 DEGREES BELOW THE NORMAL OF 13.3 DEGREES. THIS WAS THE 82ND
COLDEST METEOROLOGICAL WINTER ON RECORD AT DULUTH. 2.10 INCHES OF
PRECIPITATION WAS REPORTED FOR THE SEASON WHICH WAS 0.88 INCHES
BELOW THE NORMAL OF 2.98 INCHES. THIS TIED FOR THE 31ST DRIEST
WINTER SEASON ON RECORD. 23.4 INCHES OF SNOW FELL FOR THE WINTER
SEASON WHICH WAS 26.1 INCHES BELOW THE NORMAL OF 49.5 INCHES. THIS
WAS THE 24TH LEAST SNOWIEST WINTER SEASON ON RECORD. 39.9 INCHES OF
SNOW FELL SINCE JULY 1ST WHICH WAS 25.7 INCHES BELOW THE NORMAL OF
65.6 INCHES MAKING THIS THE 47TH LEAST SNOWIEST SNOW SEASON ON
RECORD.

$$
