000
CXUS53 KEAX 011219
CLSDMO

CLIMATE REPORT
NATIONAL WEATHER SERVICE KANSAS CITY/PLEASANT HILL MO
712 AM CDT THU SEP 1 2016

...................................

...THE SEDALIA CLIMATE SUMMARY FOR THE SEASON, FROM
6/1/2016 TO 8/31/2016...

CLIMATE NORMAL PERIOD 1981 TO 2010
CLIMATE RECORD PERIOD 9999 TO 9999

WEATHER         OBSERVED          NORMAL  DEPART  LAST YEAR`S
                 VALUE   DATE(S)  VALUE   FROM    VALUE  DATE(S)
                                          NORMAL
................................................................
TEMPERATURE (F)
HIGHEST            99   06/15        98       1       96  07/28
                                                          07/14
LOWEST             58   08/22        49       9       53  08/24
                        08/21
                        06/08
AVG. MAXIMUM     88.3              87.7     0.6     85.8
AVG. MINIMUM     69.2              67.1     2.1     67.7
MEAN             78.8              77.4     1.4     76.8
DAYS MAX >= 90     48              29.7    18.3       32
DAYS MAX <= 32      0               0.0     0.0        0
DAYS MIN <= 32      0               0.0     0.0        0
DAYS MIN <= 0       0               0.0     0.0        0

PRECIPITATION (INCHES)
TOTALS          15.10             12.79    2.31    14.80
DAILY AVG.       0.17              0.14    0.03     0.16
DAYS >= .01        26              26.6    -0.6       31
DAYS >= .10        17              18.1    -1.1       22
DAYS >= .50         8               8.9    -0.9        8
DAYS >= 1.00        5               4.0     1.0        3
GREATEST
 24 HR. TOTAL    3.93   MM

DEGREE_DAYS
HEATING TOTAL       0                 7      -7        5
COOLING TOTAL    1291              1146     145     1112
.................................................................

WIND (MPH)
AVERAGE WIND SPEED              6.9
HIGHEST WIND SPEED/DIRECTION    40/360    DATE  06/30
HIGHEST GUST SPEED/DIRECTION    52/330    DATE  07/13

SKY COVER
POSSIBLE SUNSHINE (PERCENT)   MM
AVERAGE SKY COVER           0.20
NUMBER OF DAYS FAIR           71
NUMBER OF DAYS PC             18
NUMBER OF DAYS CLOUDY          3

AVERAGE RH (PERCENT)     73

WEATHER CONDITIONS. NUMBER OF DAYS WITH
THUNDERSTORM             31     MIXED PRECIP               0
HEAVY RAIN               17     RAIN                      15
LIGHT RAIN               33     FREEZING RAIN              0
LT FREEZING RAIN          0     HAIL                       0
HEAVY SNOW                0     SNOW                       0
LIGHT SNOW                0     SLEET                      0
FOG                      38     FOG W/VIS <= 1/4 MILE      4
HAZE                      3

-  INDICATES NEGATIVE NUMBERS.
R  INDICATES RECORD WAS SET OR TIED.
MM INDICATES DATA IS MISSING.
T  INDICATES TRACE AMOUNT.

$$
