000
CXUS53 KPAH 050400
CLSEVV

CLIMATE REPORT
NATIONAL WEATHER SERVICE PADUCAH KY
954 PM CST SUN DEC 4 2016

...................................

...THE EVANSVILLE IN CLIMATE SUMMARY FOR THE FALL SEASON, FROM
9/1/2016 TO 11/30/2016...

CLIMATE NORMAL PERIOD 1981 TO 2010
CLIMATE RECORD PERIOD 1896 TO 2016

WEATHER         OBSERVED          NORMAL  DEPART
                 VALUE   DATE(S)  VALUE   FROM
                                          NORMAL
................................................
TEMPERATURE (F)
RECORD
 HIGH             104   09/06/1925
 LOW               -3   11/25/1950
HIGHEST            95   09/07        69      26
LOWEST             22   11/21         0      22
AVG. MAXIMUM     75.0              69.2     5.8
AVG. MINIMUM     51.3              46.2     5.1
MEAN             63.2              57.7     5.5
DAYS MAX >= 90     13               4.3     8.7
DAYS MAX <= 32      0               0.2    -0.2
DAYS MIN <= 32      7              13.0    -6.0
DAYS MIN <= 0       0               0.0     0.0

PRECIPITATION (INCHES)
RECORD
 MAXIMUM        19.16   2006
 MINIMUM         2.95   1963
TOTALS           7.20             10.63   -3.43
DAILY AVG.       0.08              0.12   -0.04
DAYS >= .01        19              25.4    -6.4
DAYS >= .10        11              16.8    -5.8
DAYS >= .50         6               7.3    -1.3
DAYS >= 1.00        2               2.9    -0.9
GREATEST
 24 HR. TOTAL    1.64   MM
 STORM TOTAL       MM
 (MM/DD(HH))            MM

SNOWFALL (INCHES)
TOTALS            0.0
 LIQUID EQUIV    0.00
SINCE 7/1         0.0
 LIQUID 7/1      0.00
SNOWDEPTH AVG.      0
DAYS >= TRACE       0
DAYS >= 1.0         0
GREATEST
 SNOW DEPTH         0   MM
 24 HR TOTAL      0.0   MM
 STORM TOTAL       MM
 (MM/DD(HH))            MM

DEGREE_DAYS
HEATING TOTAL     530               861    -331
 SINCE 7/1        530               861    -331
COOLING TOTAL     389               198     191
 SINCE 1/1       1775              1397     378

FREEZE DATES
RECORD
 EARLIEST     10/03/1974
 LATEST       05/10/1966
EARLIEST                        10/23
LATEST                          04/10
.................................................

WIND (MPH)
AVERAGE WIND SPEED              5.3
HIGHEST WIND SPEED/DIRECTION    26/220    DATE  11/18
HIGHEST GUST SPEED/DIRECTION    35/240    DATE  10/16

SKY COVER
POSSIBLE SUNSHINE (PERCENT)   MM
AVERAGE SKY COVER           0.30
NUMBER OF DAYS FAIR           61
NUMBER OF DAYS PC             22
NUMBER OF DAYS CLOUDY          8

AVERAGE RH (PERCENT)     67

WEATHER CONDITIONS. NUMBER OF DAYS WITH
THUNDERSTORM              0     MIXED PRECIP               0
HEAVY RAIN                9     RAIN                      12
LIGHT RAIN               23     FREEZING RAIN              0
LT FREEZING RAIN          0     HAIL                       0
HEAVY SNOW                0     SNOW                       0
LIGHT SNOW                0     SLEET                      0
FOG                      44     FOG W/VIS <= 1/4 MILE      5
HAZE                     18

-  INDICATES NEGATIVE NUMBERS.
R  INDICATES RECORD WAS SET OR TIED.
MM INDICATES DATA IS MISSING.
T  INDICATES TRACE AMOUNT.

$$
