000
CXUS53 KDDC 020015
CLSGCK


CLIMATE REPORT
NATIONAL WEATHER SERVICE DODGE CITY KS
656 PM CDT MON JUN 1 2015

...................................

...THE GARDEN CITY REGIONAL ARPT KS CLIMATE SUMMARY FOR THE SEASON, FROM
3/1/2015 TO 5/31/2015...

CLIMATE NORMAL PERIOD 1981 TO 2010
CLIMATE RECORD PERIOD 1948 TO 2015

WEATHER         OBSERVED          NORMAL  DEPART  LAST YEAR`S
                 VALUE   DATE(S)  VALUE   FROM    VALUE  DATE(S)
                                          NORMAL
................................................................
TEMPERATURE (F)
RECORD
 HIGH             106   05/26/1953
 LOW               -6   03/07/1996
HIGHEST            91   03/16        MM      MM      100  05/19
LOWEST             12   03/05        MM      MM       -5  03/03
AVG. MAXIMUM     67.9              67.2     0.7     68.8
AVG. MINIMUM     39.5              39.4     0.1     37.5
MEAN             53.7              53.3     0.4     53.1
DAYS MAX >= 90      1               3.5    -2.5       11
DAYS MAX <= 32      2               1.6     0.4        3
DAYS MIN <= 32     20              26.0    -6.0       35
DAYS MIN <= 0       0               0.1    -0.1        2

PRECIPITATION (INCHES)
RECORD
 MAXIMUM        13.01   1990
 MINIMUM         0.77   1966
TOTALS           8.05              6.06    1.99     1.20
DAILY AVG.       0.09              0.07    0.02     0.01
DAYS >= .01        25              21.3     3.7       15
DAYS >= .10        14              11.7     2.3        3
DAYS >= .50         6               3.9     2.1        1
DAYS >= 1.00        3               1.3     1.7        0
GREATEST
 24 HR. TOTAL    1.52   MM                       05/22 TO 05/22

DEGREE_DAYS
HEATING TOTAL    1053              1167    -114     1211
 SINCE 7/1       4961              5191    -230     5387
COOLING TOTAL      30                90     -60      143
 SINCE 1/1         30                89     -59      143
...................................................

WIND (MPH)
AVERAGE WIND SPEED              12.8
RESULTANT WIND SPEED/DIRECTION   3/115
HIGHEST WIND SPEED/DIRECTION    51/080    DATE  05/09
HIGHEST GUST SPEED/DIRECTION    62/040    DATE  05/27

AVERAGE RH (PERCENT)     63

WEATHER CONDITIONS. NUMBER OF DAYS WITH
THUNDERSTORM             16     MIXED PRECIP               0
HEAVY RAIN                8     RAIN                      13
LIGHT RAIN               24     FREEZING RAIN              0
LT FREEZING RAIN          0     HAIL                       0
HEAVY SNOW                0     SNOW                       0
LIGHT SNOW                2     SLEET                      0
FOG                      40     FOG W/VIS <= 1/4 MILE      8
HAZE                     15

-  INDICATES NEGATIVE NUMBERS.
R  INDICATES RECORD WAS SET OR TIED.
MM INDICATES DATA IS MISSING.
T  INDICATES TRACE AMOUNT.

$$
