000
CXUS53 KFGF 020246
CLSGFK

CLIMATE REPORT...UPDATED
NATIONAL WEATHER SERVICE EASTERN NORTH DAKOTA/GRAND FORKS
845 PM CST TUE DEC 1 2015

...UPDATED TO INCLUDE SEASON SUMMARY...

...THE GRAND FORKS INTL AP ND CLIMATE SUMMARY FOR THE SEASON, FROM
9/1/2015 TO 11/30/2015...

CLIMATE NORMAL PERIOD 1981 TO 2010
CLIMATE RECORD PERIOD 1941 TO 2015

WEATHER         OBSERVED          NORMAL  DEPART  LAST YEAR`S
                 VALUE   DATE(S)  VALUE   FROM    VALUE  DATE(S)
                                          NORMAL
................................................................
TEMPERATURE (F)
RECORD
 HIGH             103   09/02/1983
 LOW              -31   11/29/1985
HIGHEST            93   09/03       103     -10       87  09/27
LOWEST              3   11/27       -31      34      -17  11/27
AVG. MAXIMUM     59.5              53.0     6.5     52.9
AVG. MINIMUM     36.5              31.1     5.4     31.3
MEAN             48.0              42.0     6.0     42.1
DAYS MAX >= 90      4               0.7     3.3        0
DAYS MAX <= 32      5              12.9    -7.9       19
DAYS MIN <= 32     34              45.9   -11.9       27
DAYS MIN <= 0       0               2.8    -2.8        5

PRECIPITATION (INCHES)
RECORD
 MAXIMUM        10.96   2008
 MINIMUM         0.93   1976
TOTALS           3.44              4.97   -1.53     1.97
DAILY AVG.       0.04              0.05   -0.01     0.02
DAYS >= .01        19              23.7    -4.7       17
DAYS >= .10         6              11.0    -5.0        4
DAYS >= .50         3               2.6     0.4        0
DAYS >= 1.00        0               1.1    -1.1        0
GREATEST
 24 HR. TOTAL    0.85   MM                       11/30 TO 11/30
                                                          11/30 TO 11/30
                                                          11/30 TO 11/30
 STORM TOTAL       MM                                 MM
 (MM/DD(HH))            MM                    11/30(00) TO 11/30(00)
                                                 11/30(00) TO 11/30(00)0
                                                 11/30(00) TO 11/30(00)0

SNOWFALL (INCHES)
RECORDS
 TOTAL           35.8   1985
 24 HR TOTAL       MM
 SNOW DEPTH        MM   MM
TOTALS            2.7               9.2    -6.5      4.0
 LIQUID EQUIV    0.27                MM      MM     0.40
SINCE 7/1         2.7               9.2    -6.5      4.0
 LIQUID 7/1      0.27                MM      MM     0.40
SNOWDEPTH AVG.      0                MM      MM        0
DAYS >= TRACE       8               6.9     1.1       17
DAYS >= 1.0         1               2.8    -1.8        1
GREATEST
 SNOW DEPTH         0   MM                             1  11/30
                                                          11/28
                                                          11/29
 24 HR TOTAL      1.0   MM                       11/30 TO 11/30
                                                          11/30 TO 11/30
                                                          11/30 TO 11/30
 STORM TOTAL       MM                                 MM
 (MM/DD(HH))            MM                    11/30(00) TO 11/30(00)
                                                 11/30(00) TO 11/30(00)0
                                                 11/30(00) TO 11/30(00)0

DEGREE_DAYS
HEATING TOTAL    1601              2117    -516     2090
 SINCE 7/1       1665              2199    -534       MM
COOLING TOTAL      79                27      52       34
 SINCE 1/1        476               379      97      392

FREEZE DATES
RECORD
 EARLIEST     MM
 LATEST       MM
EARLIEST                        MM
LATEST                          MM
.................................................

WIND (MPH)
AVERAGE WIND SPEED              10.1
RESULTANT WIND SPEED/DIRECTION   2/230
HIGHEST WIND SPEED/DIRECTION    44/300    DATE  11/18
HIGHEST GUST SPEED/DIRECTION    56/320    DATE  10/12

SKY COVER
POSSIBLE SUNSHINE (PERCENT)   MM
AVERAGE SKY COVER           0.50
NUMBER OF DAYS FAIR           26
NUMBER OF DAYS PC             45
NUMBER OF DAYS CLOUDY         20

AVERAGE RH (PERCENT)     70

WEATHER CONDITIONS. NUMBER OF DAYS WITH
THUNDERSTORM              0     MIXED PRECIP               0
HEAVY RAIN                1     RAIN                       6
LIGHT RAIN               22     FREEZING RAIN              0
LT FREEZING RAIN          0     HAIL                       0
HEAVY SNOW                0     SNOW                       1
LIGHT SNOW                8     SLEET                      0
FOG                      26     FOG W/VIS <= 1/4 MILE      9
HAZE                      4

-  INDICATES NEGATIVE NUMBERS.
R  INDICATES RECORD WAS SET OR TIED.
MM INDICATES DATA IS MISSING.
T  INDICATES TRACE AMOUNT.

&&

FALL 2015 AT THE GRAND FORKS INTERNATIONAL AIRPORT WAS WARMER AND
DRIER THAN NORMAL. THE MEAN HIGH TEMPERATURE OF 59.5 DEGREES FOR THE
SEASON WAS 6.5 DEGREES ABOVE AVERAGE...MAKING IT THE SECOND HIGHEST
RECORDED. THE AVERAGE TEMPERATURE WAS 48.0 DEGREES MAKING IT 6.0
DEGREES ABOVE NORMAL. THIS IS ALSO THE SECOND HIGHEST RECORDED. FOR
THE MEAN LOW TEMPERATURE OF 36.5...IT WAS 5.4 DEGREES ABOVE NORMAL
AND RANKED THIRD. LIQUID PRECIPITATION WAS 3.44 INCHES AND WAS 1.53
INCHES BELOW THE SEASONAL AVERAGE OF 4.97 INCHES. SNOWFALL WAS WELL
BELOW NORMAL WITH 2.7 INCHES...WHICH IS 6.5 INCHES BELOW THE AVERAGE
OF 9.2 INCHES.

REMEMBER...THIS DATA IS PROVISIONAL AND SUBJECT TO CHANGE. THE FINAL
AND OFFICIAL RECORDS WILL BE AVAILABLE FROM THE NATIONAL CENTERS FOR
ENVIRONMENTAL INFORMATION (FORMERLY THE NATIONAL CLIMATE DATA
CENTER).

$$

HOPKINS
