000
CXUS52 KRAH 041127 CCB
CLSGSO

CLIMATE REPORT...CORRECTED
NATIONAL WEATHER SERVICE RALEIGH NC
635 AM EDT SUN SEP 4 2016

...................................

...THE PIEDMONT TRIAD INTL AIRPORT CLIMATE SUMMARY FOR THE SEASON, FROM
6/1/2016 TO 8/31/2016...

CLIMATE NORMAL PERIOD 1981 TO 2010
CLIMATE RECORD PERIOD 1903 TO 2016

WEATHER         OBSERVED          NORMAL  DEPART
                 VALUE   DATE(S)  VALUE   FROM
                                          NORMAL
................................................
TEMPERATURE (F)
RECORD
 HIGH             103   08/18/1988
 LOW               42   06/08/1977
                        06/12/1972
                        06/11/1972
HIGHEST            98   07/27
                        07/25
                        07/26
LOWEST             53   06/09
AVG. MAXIMUM     89.3              86.4     2.9
AVG. MINIMUM     69.7              67.5     2.2
MEAN             79.6              76.9     2.7
DAYS MAX >= 90     48              26.0    22.0
DAYS MAX <= 32      0               0.0     0.0
DAYS MIN <= 32      0               0.0     0.0
DAYS MIN <= 0       0               0.0     0.0

PRECIPITATION (INCHES)
RECORD
 MAXIMUM        24.00   1906
 MINIMUM         3.51   1990
TOTALS          11.83             12.09   -0.26
DAYS >= .01        33              30.4     2.6
DAYS >= 1.00        5               3.3     1.7
GREATEST
 24 HR. TOTAL    1.39   07/03 TO 07/03

DEGREE_DAYS
COOLING TOTAL    1367              1103     264
 SINCE 1/1       1567              1262     305
.................................................

WIND (MPH)
AVERAGE WIND SPEED              5.9
HIGHEST WIND SPEED/DIRECTION    52/240    DATE  08/12
HIGHEST GUST SPEED/DIRECTION    52/240    DATE  08/12

SKY COVER
POSSIBLE SUNSHINE (PERCENT)   MM
AVERAGE SKY COVER           0.60
NUMBER OF DAYS FAIR           11
NUMBER OF DAYS PC             58
NUMBER OF DAYS CLOUDY         23

AVERAGE RH (PERCENT)     69

WEATHER CONDITIONS. NUMBER OF DAYS WITH
THUNDERSTORM             27     MIXED PRECIP               0
HEAVY RAIN               20     RAIN                      18
LIGHT RAIN               41     FREEZING RAIN              0
LT FREEZING RAIN          0     HAIL                       0
HEAVY SNOW                0     SNOW                       0
LIGHT SNOW                0     SLEET                      0
FOG                      39     FOG W/VIS <= 1/4 MILE      3
HAZE                      8

-  INDICATES NEGATIVE NUMBERS.
R  INDICATES RECORD WAS SET OR TIED.
MM INDICATES DATA IS MISSING.
T  INDICATES TRACE AMOUNT.

&&

THE 2016 JUNE-JULY-AUGUST MEAN AVERAGE TEMPERATURE OF 79.6 FARENHEIT
IS THE 2ND WARMEST JUNE-JULY-AUGUST ON RECORD.

$$
