000
CXUS51 KOKX 031343
CLSJFK

CLIMATE REPORT
NATIONAL WEATHER SERVICE NEW YORK NY
938 AM EDT SUN SEP 3 2017

...................................

...THE KENNEDY NY CLIMATE SUMMARY FOR THE SEASON, FROM
6/1/2017 TO 8/31/2017...

CLIMATE NORMAL PERIOD 1981 TO 2010
CLIMATE RECORD PERIOD 1948 TO 2017

WEATHER         OBSERVED          NORMAL  DEPART  LAST YEAR`S
                 VALUE   DATE(S)  VALUE   FROM    VALUE
                                          NORMAL
.............................................................
TEMPERATURE (F)
RECORD
 HIGH             104   07/03/1966
 LOW               45   06/02/1967
                        06/01/1967
HIGHEST            95   07/21        MM      MM
LOWEST             51   06/09        MM      MM
AVG. MAXIMUM     81.4              81.1     0.3
AVG. MINIMUM     66.5              66.4     0.1
MEAN             73.9              73.7     0.2
DAYS MAX >= 90      7               8.0    -1.0
DAYS MAX <= 32      0               0.0     0.0
DAYS MIN <= 32      0               0.0     0.0
DAYS MIN <= 0       0               0.0     0.0

PRECIPITATION (INCHES)
RECORD
 MAXIMUM        22.04   2011
 MINIMUM         3.89   1966
TOTALS          11.35             11.62   -0.27     8.29
DAILY AVG.       0.12              0.13   -0.01
DAYS >= .01        33              28.8     4.2
DAYS >= .10        20              18.2     1.8
DAYS >= .50         7               7.5    -0.5
DAYS >= 1.00        3               3.4    -0.4
GREATEST
 24 HR. TOTAL    1.92   MM
 STORM TOTAL       MM
 (MM/DD(HH))            MM

SNOWFALL (INCHES)
RECORDS
 TOTAL              T   2009
                        1997
                        1949
 24 HR TOTAL       MM
TOTALS            0.0               0.0     0.0
 LIQUID EQUIV    0.00              0.00    0.00
SINCE 7/1         0.0               0.0     0.0
 LIQUID 7/1      0.00
DAYS >= TRACE       0               0.0     0.0
DAYS >= 1.0         0               0.0     0.0
GREATEST
 SNOW DEPTH         0   MM
 24 HR TOTAL      0.0   MM
 STORM TOTAL       MM
 (MM/DD(HH))            MM

DEGREE_DAYS
HEATING TOTAL      20                22      -2
 SINCE 7/1          0                 1      -1
COOLING TOTAL     868               826      42
 SINCE 1/1        918               861      57
..............................................................

WIND (MPH)
AVERAGE WIND SPEED              9.9
HIGHEST WIND SPEED/DIRECTION    33/190    DATE  06/29
HIGHEST GUST SPEED/DIRECTION    41/180    DATE  06/19

SKY COVER
POSSIBLE SUNSHINE (PERCENT)   MM
AVERAGE SKY COVER           0.60
NUMBER OF DAYS FAIR           14
NUMBER OF DAYS PC             53
NUMBER OF DAYS CLOUDY         25

AVERAGE RH (PERCENT)     73

WEATHER CONDITIONS. NUMBER OF DAYS WITH
THUNDERSTORM              0     MIXED PRECIP               0
HEAVY RAIN               14     RAIN                      15
LIGHT RAIN               36     FREEZING RAIN              0
LT FREEZING RAIN          0     HAIL                       0
HEAVY SNOW                0     SNOW                       0
LIGHT SNOW                0     SLEET                      0
FOG                      39     FOG W/VIS <= 1/4 MILE      3
HAZE                      5

-  INDICATES NEGATIVE NUMBERS.
R  INDICATES RECORD WAS SET OR TIED.
MM INDICATES DATA IS MISSING.
T  INDICATES TRACE AMOUNT.

$$
