000
CXUS54 KLZK 041435
CLSLZK


CLIMATE REPORT
NATIONAL WEATHER SERVICE LITTLE ROCK AR
929 AM CDT MON SEP 4 2017

...................................

...THE NORTH LITTLE ROCK CLIMATE SUMMARY FOR THE SEASON, FROM
6/1/2017 TO 8/31/2017...

CLIMATE NORMAL PERIOD 1981 TO 2010
CLIMATE RECORD PERIOD 1975 TO 2017

WEATHER         OBSERVED          NORMAL  DEPART  LAST YEAR`S
                 VALUE   DATE(S)  VALUE   FROM    VALUE  DATE(S)
                                          NORMAL
................................................................
TEMPERATURE (F)
RECORD
 HIGH             111   08/03/2011
                        08/30/2000
 LOW               52   06/01/1993
HIGHEST            96   07/25        92       4       98  07/22
                        07/23
LOWEST             60   06/09        71     -11       64  06/06
AVG. MAXIMUM     87.0              90.8    -3.8     90.3
AVG. MINIMUM     70.5              71.4    -0.9     73.2
MEAN             78.8              81.1    -2.3     81.8
DAYS MAX >= 90     28              53.9   -25.9       65
DAYS MAX <= 32      0               0.0     0.0        0
DAYS MIN <= 32      0               0.0     0.0        0
DAYS MIN <= 0       0               0.0     0.0        0

PRECIPITATION (INCHES)
TOTALS          16.48R             9.92    6.56    15.98
DAILY AVG.       0.18              0.11    0.07     0.17
DAYS >= .01        40              24.1    15.9       28
DAYS >= .10        25              16.2     8.8       22
DAYS >= .50        14               6.6     7.4       11
DAYS >= 1.00        5               2.9     2.1        5
GREATEST
 24 HR. TOTAL    2.44   07/14 TO 07/14

SNOWFALL (INCHES)
TOTALS              T               0.0     0.0        T
 LIQUID EQUIV       T              0.00    0.00        T
SINCE 7/1           T               0.0     0.0        T
 LIQUID 7/1         T              0.00      MM       MM
SNOWDEPTH AVG.      0                MM      MM        0
DAYS >= TRACE       1               0.0     1.0        1
DAYS >= 1.0         0               0.0     0.0        0
GREATEST
 SNOW DEPTH         0   MM                             0  MM
 24 HR TOTAL        T   07/14 TO 07/14

DEGREE_DAYS
HEATING TOTAL       0                 1      -1        0
 SINCE 7/1          0                 0       0        0
COOLING TOTAL    1294              1481    -187     1567
 SINCE 1/1       1597              1777    -180     1795

FREEZE DATES
RECORD
 EARLIEST     10/20/1989
 LATEST       04/19/1983
EARLIEST                        11/13
LATEST                          03/19
.................................................

WIND (MPH)
AVERAGE WIND SPEED              3.9
HIGHEST WIND SPEED/DIRECTION    18/060    DATE  08/30
HIGHEST GUST SPEED/DIRECTION    39/220    DATE  07/05

SKY COVER
POSSIBLE SUNSHINE (PERCENT)   MM
AVERAGE SKY COVER             MM
NUMBER OF DAYS FAIR          MM
NUMBER OF DAYS PC            MM
NUMBER OF DAYS CLOUDY        MM


WEATHER CONDITIONS. NUMBER OF DAYS WITH
THUNDERSTORM              0     MIXED PRECIP               0
HEAVY RAIN                9     RAIN                      22
LIGHT RAIN               37     FREEZING RAIN              0
LT FREEZING RAIN          0     HAIL                       1
HEAVY SNOW                0     SNOW                       0
LIGHT SNOW                0     SLEET                      0
FOG                      15     FOG W/VIS <= 1/4 MILE      2
HAZE                      0

-  INDICATES NEGATIVE NUMBERS.
R  INDICATES RECORD WAS SET OR TIED.
MM INDICATES DATA IS MISSING.
T  INDICATES TRACE AMOUNT.

&&

...Data for North Little Rock for the Summer of 2017...

.Summary...
For the first summer in three years, temperatures were below
average. Over all, it was the coolest summer in three years.
However, high temperatures made all the difference. Averaged out,
the high temperatures were the coolest in 25 years. Rainfall was
significantly above average, and this was the wettest summer since
records began.

.Seasonal Temperatures...
The average high temperature was the coolest since 1992, and the 3rd
coolest on record. The average low temperature was the coolest since
2014. The average seasonal temperature was the coolest since 2014,
and the 6th coolest on record.

There were 28 days with temperatures at or above 90 degrees, which
was the fewest during a summer season since 2014. This was also the
2nd lowest number of 90-degree days in a summer season, with only
the summer of 2014 having a lower amount (27). There were no 100-
degree days for the second summer in a row.

.Seasonal Rainfall...
Rainfall was rather significantly above average. This was the
wettest summer since 1994, and the wettest summer on record. The
previous record was held by 1994, with 16.04 inches of rain.

There were 40 days with measurable rainfall (rain at or above 0.01
inches), which was the highest number of measurable rainfall days
ever recorded during a summer season. The previous record was during
1989, with 39 days.

.Miscellaneous Phenomena...
Hail fell on July 14th. This was the second summer in a row with
hail recorded at the station.

$$

57
