000
CXUS54 KLZK 020152 CCA
CLSLZK

CLIMATE REPORT
NATIONAL WEATHER SERVICE LITTLE ROCK AR
715 PM CDT THU SEP 1 2016

...................................

...THE NORTH LITTLE ROCK CLIMATE SUMMARY FOR THE SEASON, FROM
6/1/2016 TO 8/31/2016...

CLIMATE NORMAL PERIOD 1981 TO 2010
CLIMATE RECORD PERIOD 1975 TO 2016

WEATHER         OBSERVED          NORMAL  DEPART  LAST YEAR`S
                 VALUE   DATE(S)  VALUE   FROM    VALUE  DATE(S)
                                          NORMAL
................................................................
TEMPERATURE (F)
RECORD
 HIGH             111   08/03/2011
                        08/30/2000
 LOW               52   06/01/1993
HIGHEST            98   07/22        92       6      102  07/29
LOWEST             64   06/06        71      -7       62  08/20
                                                          06/02
                                                          06/01
AVG. MAXIMUM     90.3              90.8    -0.5     91.4
AVG. MINIMUM     73.2              71.4     1.8     72.1
MEAN             81.8              81.1     0.7     81.7
DAYS MAX >= 90     65              53.9    11.1       61
DAYS MAX <= 32      0               0.0     0.0        0
DAYS MIN <= 32      0               0.0     0.0        0
DAYS MIN <= 0       0               0.0     0.0        0

PRECIPITATION (INCHES)
TOTALS          15.98              9.92    6.06     7.24
DAILY AVG.       0.17              0.11    0.06     0.08
DAYS >= .01        28              24.1     3.9       18
DAYS >= .10        22              16.2     5.8       10
DAYS >= .50        11               6.6     4.4        6
DAYS >= 1.00        5               2.9     2.1        3
GREATEST
 24 HR. TOTAL    2.26   07/10 TO 07/10

SNOWFALL (INCHES)
RECORDS
 TOTAL              T   MM
TOTALS              T               0.0     0.0      0.0
 LIQUID EQUIV       T              0.00    0.00     0.00
SINCE 7/1           T               0.0     0.0      0.0
 LIQUID 7/1         T              0.00      MM     0.00
SNOWDEPTH AVG.      0                MM      MM        0
DAYS >= TRACE       1               0.0     1.0        0
DAYS >= 1.0         0               0.0     0.0        0
GREATEST
 SNOW DEPTH         0
 24 HR TOTAL      0.0

DEGREE_DAYS
HEATING TOTAL       0                 1      -1        0
 SINCE 7/1          0                 0       0        0
COOLING TOTAL    1567              1481      86     1567
 SINCE 1/1       1795              1777      18     1850

FREEZE DATES
RECORD
 EARLIEST     10/20/1989
 LATEST       04/19/1983
EARLIEST                        11/13
LATEST                          03/19
...................................................

WIND (MPH)
AVERAGE WIND SPEED              3.5
HIGHEST WIND SPEED/DIRECTION    15/110    DATE  07/23
HIGHEST GUST SPEED/DIRECTION    33/MM     DATE   MM

SKY COVER
POSSIBLE SUNSHINE (PERCENT)   MM
AVERAGE SKY COVER             MM
NUMBER OF DAYS FAIR          MM
NUMBER OF DAYS PC            MM
NUMBER OF DAYS CLOUDY        MM


WEATHER CONDITIONS. NUMBER OF DAYS WITH
THUNDERSTORM              0     MIXED PRECIP               0
HEAVY RAIN               11     RAIN                      16
LIGHT RAIN               32     FREEZING RAIN              0
LT FREEZING RAIN          0     HAIL                       1
HEAVY SNOW                0     SNOW                       0
LIGHT SNOW                0     SLEET                      0
FOG                      15     FOG W/VIS <= 1/4 MILE      2
HAZE                      0

-  INDICATES NEGATIVE NUMBERS.
R  INDICATES RECORD WAS SET OR TIED.
MM INDICATES DATA IS MISSING.
T  INDICATES TRACE AMOUNT.

&&

...DATA FOR NORTH LITTLE ROCK FOR SUMMER OF 2016...

.SEASONAL TEMPERATURES...
THE AVERAGE HIGH TEMPERATURE WAS THE COOLEST SINCE 2014. THE AVERAGE LOW
TEMPERATURE WAS THE WARMEST SINCE 2012...AND THE 6TH WARMEST ON RECORD.
THE AVERAGE SEASONAL TEMPERATURE WAS THE WARMEST SINCE 2012.

.SEASONAL RAINFALL...
IT WAS THE WETTEST SUMMER SINCE 1997...AND WAS THE 2ND WETTEST ON RECORD.
THERE WERE 28 DAYS WITH MEASURABLE RAINFALL...WHICH WAS THE MOST SINCE
2014.

.MISCELLANEOUS INFORMATION...
THERE WERE NO TEMPERATURES AT OR ABOVE 100 DEGREES...WHICH WAS THE FIRST TIME
SINCE 2014. THERE WERE TWO DAYS WITH LOW TEMPERATURES AT OR ABOVE 80 DEGREES...
WHICH WAS THE MOST SINCE 2012.

$$

57
