000
CXUS53 KILX 012322 CCA
CLSPIA

CLIMATE REPORT
NATIONAL WEATHER SERVICE LINCOLN IL
522 PM CST TUE MAR 1 2016

...CORRECTED THUNDERSTORM DAYS...

...................................

...THE PEORIA IL CLIMATE SUMMARY FOR THE SEASON, FROM
12/1/2015 TO 2/29/2016...

CLIMATE NORMAL PERIOD 1981 TO 2010
CLIMATE RECORD PERIOD 1883 TO 2016

WEATHER         OBSERVED          NORMAL  DEPART  LAST YEAR`S
                 VALUE   DATE(S)  VALUE   FROM    VALUE
                                          NORMAL
.............................................................
TEMPERATURE (F)
RECORD
 HIGH              74   02/10/1932
 LOW              -27   01/05/1884
HIGHEST            68   02/28        MM      MM       54
                        02/20
                        12/12
LOWEST             -3   01/18        MM      MM       -8
AVG. MAXIMUM     41.6              35.5     6.1     33.7
AVG. MINIMUM     25.7              19.7     6.0     18.3
MEAN             33.6              27.6     6.0     26.0
DAYS MAX >= 90      0               0.0     0.0        0
DAYS MAX <= 32     21              33.3   -12.3       35
DAYS MIN <= 32     66              77.2   -11.2       76
DAYS MIN <= 0       3               7.2    -4.2        8

PRECIPITATION (INCHES)
RECORD
 MAXIMUM        13.18   1950
 MINIMUM         1.37   1963
TOTALS           7.69              5.99    1.70     4.95
DAILY AVG.       0.08                               0.05
DAYS >= .01        26              27.7    -1.7       24
DAYS >= .10        14              13.4     0.6       15
DAYS >= .50         5               3.5     1.5        3
DAYS >= 1.00        2               1.2     0.8        1
GREATEST
 24 HR. TOTAL    1.86   MM                          1.27

SNOWFALL (INCHES)
RECORDS
 TOTAL           52.5   2011
 24 HR TOTAL     18.0   02/27/1900 TO 02/28/1900
TOTALS           10.5              20.2    -9.7     23.0
SINCE 7/1        15.1              21.3    -6.2     24.3
DAYS >= TRACE      18              16.0     2.0       28
DAYS >= 1.0         5               6.3    -1.3        6
GREATEST
 SNOW DEPTH         3   01/11                          9
                        01/10
 24 HR TOTAL      3.0   MM                           6.1

DEGREE_DAYS
HEATING TOTAL    2826              3368    -542     3465
 SINCE 7/1         MM              4547      MM       MM
COOLING TOTAL       0                 0       0        0
 SINCE 1/1          0                 0       0        0

FREEZE DATES
RECORD
 EARLIEST     09/20/1991
 LATEST       05/25/1925
EARLIEST                        10/14
LATEST                          04/19
..............................................................

WIND (MPH)
AVERAGE WIND SPEED              9.3
HIGHEST WIND SPEED/DIRECTION    37/240    DATE  12/23
HIGHEST GUST SPEED/DIRECTION    51/270    DATE  02/19

SKY COVER
POSSIBLE SUNSHINE (PERCENT)   MM
AVERAGE SKY COVER           0.50
NUMBER OF DAYS FAIR           38
NUMBER OF DAYS PC             22
NUMBER OF DAYS CLOUDY         31

AVERAGE RH (PERCENT)     71

WEATHER CONDITIONS. NUMBER OF DAYS WITH
THUNDERSTORM              6     MIXED PRECIP               0
HEAVY RAIN                5     RAIN                      11
LIGHT RAIN               20     FREEZING RAIN              1
LT FREEZING RAIN          3     HAIL                       0
HEAVY SNOW                1     SNOW                       5
LIGHT SNOW               17     SLEET                      1
FOG                      46     FOG W/VIS <= 1/4 MILE     12
HAZE                     29

-  INDICATES NEGATIVE NUMBERS.
R  INDICATES RECORD WAS SET OR TIED.
MM INDICATES DATA IS MISSING.
T  INDICATES TRACE AMOUNT.

$$

&&

SEASONAL RECORDS:

* 4TH WARMEST WINTER SEASON WITH MEAN TEMPERATURE 33.6F
