000
CXUS54 KMAF 231110
CF66R6
PRELIMINARY LOCAL CLIMATOLOGICAL DATA (WS FORM: F-6)
STATION: TERRELL COUNTY AIRPORT
MONTH: APRIL
YEAR: 2024
LATITUDE: 30 2 N
LONGITUDE: 102 13 W
TEMPERATURE IN F: :PCPN: SNOW: WIND :SUNSHINE: SKY :PK WND
================================================================================
1 2 3 4 5 6A 6B 7 8 9 10 11 12 13 14 15 16 17 18
12Z AVG MX 2MIN
DY MAX MIN AVG DEP HDD CDD WTR SNW DPTH SPD SPD DIR MIN PSBL S-S WX SPD DR
================================================================================
1 95 63 79 13 0 14 M M M 13.2 33 340 M M 0 49 260
2 72 49 61 -5 4 0 0.00 M M 12.8 28 340 M M 0 38 340
3 80 42 61 -6 4 0 0.00 M M 6.2 12 230 M M 0 18 250
4 85 51 68 1 0 3 0.00 M M 8.5 18 240 M M 0 23 240
5 88 52 70 3 0 5 0.00 M M 14.6 30 130 M M 0 46 140
6 93 56 75 8 0 10 M M M 10.6 18 230 M M 0 35 10
7 85 49 67 -1 0 2 0.00 M M 7.2 25 330 M M 0 37 330
8 85 54 70 2 0 5 0.00 M M 9.6 18 100 M M 0 28 90
9 81 55 68 0 0 3 0.00 M M 15.2 35 330 M M 0 53 340
10 79 49 64 -4 1 0 0.00 M M 13.5 28 340 M M 0 39 340
11 84 50 67 -1 0 2 0.00 M M 7.2 17 110 M M 0 27 130
12 85 53 69 0 0 4 0.00 M M 14.6 28 110 M M 0 42 110
13 88 57 73 4 0 8 0.00 M M 9.8 20 110 M M 0 26 100
14 94 60 77 8 0 12 0.00 M M 7.4 17 110 M M 0 23 100
15 90 67 79 10 0 14 0.00 M M 8.6 18 320 M M 0 26 100
16 92 63 78 8 0 13 0.00 M M 7.0 20 230 M M 0 29 340
17 94 69 82 12 0 17 0.00 M M 6.8 18 140 M M 0 27 180
18 98 67 83 13 0 18 0.00 M M 6.8 23 80 M M 0 33 60
19 78 65 72 2 0 7 0.00 M M 12.8 21 40 M M 0 30 50
20 72 54 63 -8 2 0 0.00 M M 10.2 28 360 M M 0 39 10
21 67 50 59 -12 6 0 0.00 M M 10.9 21 20 M M 0 28 40
22 77 57 67 -4 0 2 0.00 M M 14.1 22 130 M M 0 31 130
================================================================================
SM 1862 1232 17 139 0.00 M 227.6 M 0
================================================================================
AV 84.6 56.0 10.3 FASTST M M 0 MAX(MPH)
MISC ----> 35 330 53 340
================================================================================
NOTES:
# LAST OF SEVERAL OCCURRENCES
COLUMN 17 PEAK WIND IN M.P.H.
PRELIMINARY LOCAL CLIMATOLOGICAL DATA (WS FORM: F-6) , PAGE 2
STATION: TERRELL COUNTY AIRPORT
MONTH: APRIL
YEAR: 2024
LATITUDE: 30 2 N
LONGITUDE: 102 13 W
[TEMPERATURE DATA] [PRECIPITATION DATA] SYMBOLS USED IN COLUMN 16
AVERAGE MONTHLY: 70.3 TOTAL FOR MONTH: 0.00 1 = FOG OR MIST
DPTR FM NORMAL: 1.7 DPTR FM NORMAL: -0.29 2 = FOG REDUCING VISIBILITY
HIGHEST: 98 ON 18 GRTST 24HR 0.00 ON 2- 2 TO 1/4 MILE OR LESS
LOWEST: 42 ON 3 3 = THUNDER
SNOW, ICE PELLETS, HAIL 4 = ICE PELLETS
TOTAL MONTH: M 5 = HAIL
GRTST 24HR M ON M 6 = FREEZING RAIN OR DRIZZLE
GRTST DEPTH: M ON M 7 = DUSTSTORM OR SANDSTORM:
VSBY 1/2 MILE OR LESS
8 = SMOKE OR HAZE
[NO. OF DAYS WITH] [WEATHER - DAYS WITH] 9 = BLOWING SNOW
X = TORNADO
MAX 32 OR BELOW: 0 0.01 INCH OR MORE: 0
MAX 90 OR ABOVE: 7 0.10 INCH OR MORE: 0
MIN 32 OR BELOW: 0 0.50 INCH OR MORE: 0
MIN 0 OR BELOW: 0 1.00 INCH OR MORE: 0
[HDD (BASE 65) ]
TOTAL THIS MO. 17 CLEAR (SCALE 0-3) 22
DPTR FM NORMAL -16 PTCLDY (SCALE 4-7) 0
TOTAL FM JUL 1 1591 CLOUDY (SCALE 8-10) 0
DPTR FM NORMAL -130
[CDD (BASE 65) ]
TOTAL THIS MO. 139
DPTR FM NORMAL 26 [PRESSURE DATA]
TOTAL FM JAN 1 204 HIGHEST SLP M ON M
DPTR FM NORMAL 26 LOWEST SLP 29.57 ON 9
[REMARKS]