000
CXUS55 KRIW 241010
CF6JAC
PRELIMINARY LOCAL CLIMATOLOGICAL DATA (WS FORM: F-6)
STATION: JACKSON WY
MONTH: APRIL
YEAR: 2024
LATITUDE: 43 35 N
LONGITUDE: 110 44 W
TEMPERATURE IN F: :PCPN: SNOW: WIND :SUNSHINE: SKY :PK WND
================================================================================
1 2 3 4 5 6A 6B 7 8 9 10 11 12 13 14 15 16 17 18
12Z AVG MX 2MIN
DY MAX MIN AVG DEP HDD CDD WTR SNW DPTH SPD SPD DIR MIN PSBL S-S WX SPD DR
================================================================================
1 39 16 28 -4 37 0 M M M 6.0 14 20 M M 3 1 M M
2 45 13 29 -4 36 0 M M M 5.5 9 20 M M 0 M M
3 54 19 37 4 28 0 M M M 4.2 8 30 M M 0 M M
4 53 24 39 6 26 0 M M M 5.1 10 10 M M 1 M M
5 51 26 39 5 26 0 M M M 8.9 28 150 M M 7 1 40 190
6 32 23 28 -6 37 0 M M M 10.4 18 260 M M 8 1 20 240
7 36 26 31 -3 34 0 M M M 7.4 14 250 M M 10 M M
8 38 21 30 -5 35 0 M M M 4.2 15 280 M M 8 1 17 270
9 41 20 31 -4 34 0 M M M 8.4 16 210 M M 8 21 200
10 46 24 35 0 30 0 M M M 4.9 12 310 M M 3 24 310
11 52 18 35 -1 30 0 M M M 5.3 14 200 M M 1 M M
12 61 24 43 7 22 0 M M M 5.9 12 20 M M 2 M M
13 63 26 45 9 20 0 M M M 4.6 9 20 M M 1 M M
14 64 25 45 9 20 0 M M M 5.1 13 110 M M 2 20 290
15 50 33 42 5 23 0 M M M 7.6 20 20 M M 5 M M
16 49 29 39 2 26 0 M M M 10.7 20 220 M M 7 32 260
17 39 20 30 -7 35 0 T M M 14.1 23 240 M M 10 1 31 210
18 39 11 25 -13 40 0 M M M 9.7 16 20 M M 0 M M
19 45 16 31 -7 34 0 M M M 11.0 18 20 M M 0 20 10
20 51 18 35 -3 30 0 M M M 6.7 15 20 M M 0 M M
21 61 19 40 1 25 0 M M M 11.9 31 250 M M 1 44 260
22 54 26 40 1 25 0 M M M 8.8 20 250 M M 0 28 260
23 61 20 41 1 24 0 M M M 6.3 13 240 M M 0 16 210
================================================================================
SM 1124 497 677 0 T M 172.7 M 77
================================================================================
AV 48.9 21.6 7.5 FASTST M M 3 MAX(MPH)
MISC ----> 31 250 44 260
================================================================================
NOTES:
# LAST OF SEVERAL OCCURRENCES
COLUMN 17 PEAK WIND IN M.P.H.
PRELIMINARY LOCAL CLIMATOLOGICAL DATA (WS FORM: F-6) , PAGE 2
STATION: JACKSON WY
MONTH: APRIL
YEAR: 2024
LATITUDE: 43 35 N
LONGITUDE: 110 44 W
[TEMPERATURE DATA] [PRECIPITATION DATA] SYMBOLS USED IN COLUMN 16
AVERAGE MONTHLY: 35.2 TOTAL FOR MONTH: T 1 = FOG OR MIST
DPTR FM NORMAL: -0.6 DPTR FM NORMAL: -1.10 2 = FOG REDUCING VISIBILITY
HIGHEST: 64 ON 14 GRTST 24HR 0.04 ON 17-18 TO 1/4 MILE OR LESS
LOWEST: 11 ON 18 3 = THUNDER
SNOW, ICE PELLETS, HAIL 4 = ICE PELLETS
TOTAL MONTH: M 5 = HAIL
GRTST 24HR M ON M 6 = FREEZING RAIN OR DRIZZLE
GRTST DEPTH: M ON M 7 = DUSTSTORM OR SANDSTORM:
VSBY 1/2 MILE OR LESS
8 = SMOKE OR HAZE
[NO. OF DAYS WITH] [WEATHER - DAYS WITH] 9 = BLOWING SNOW
X = TORNADO
MAX 32 OR BELOW: 1 0.01 INCH OR MORE: 0
MAX 90 OR ABOVE: 0 0.10 INCH OR MORE: 0
MIN 32 OR BELOW: 22 0.50 INCH OR MORE: 0
MIN 0 OR BELOW: 0 1.00 INCH OR MORE: 0
[HDD (BASE 65) ]
TOTAL THIS MO. 677 CLEAR (SCALE 0-3) 14
DPTR FM NORMAL 7 PTCLDY (SCALE 4-7) 5
TOTAL FM JUL 1 7858 CLOUDY (SCALE 8-10) 4
DPTR FM NORMAL -1103
[CDD (BASE 65) ]
TOTAL THIS MO. 0
DPTR FM NORMAL 0 [PRESSURE DATA]
TOTAL FM JAN 1 0 HIGHEST SLP M ON M
DPTR FM NORMAL 0 LOWEST SLP M ON M
[REMARKS]