000
CXUS53 KOAX 250930
CF6OFK
PRELIMINARY LOCAL CLIMATOLOGICAL DATA (WS FORM: F-6)
STATION: NORFOLK NE
MONTH: APRIL
YEAR: 2024
LATITUDE: 41 58 N
LONGITUDE: 97 26 W
TEMPERATURE IN F: :PCPN: SNOW: WIND :SUNSHINE: SKY :PK WND
================================================================================
1 2 3 4 5 6A 6B 7 8 9 10 11 12 13 14 15 16 17 18
12Z AVG MX 2MIN
DY MAX MIN AVG DEP HDD CDD WTR SNW DPTH SPD SPD DIR MIN PSBL S-S WX SPD DR
================================================================================
1 42 37 40 -4 25 0 0.39 0.0 0 13.2 22 350 M M 10 13 31 350
2 55 35 45 0 20 0 T T 0 20.3 38 330 M M 5 1 53 320
3 53 33 43 -2 22 0 0.00 0.0 0 19.3 31 330 M M 4 40 340
4 60 28 44 -1 21 0 0.00 0.0 0 7.4 17 340 M M 0 8 25 330
5 63 27 45 -1 20 0 0.00 0.0 0 11.1 20 130 M M 0 35 140
6 68 39 54 8 11 0 0.20 0.0 0 24.2 39 120 M M 2 18 54 120
7 55 44 50 4 15 0 0.05 0.0 0 17.7 29 170 M M 7 1 40 160
8 59 36 48 2 17 0 T 0.0 0 12.2 23 310 M M 7 33 300
9 67 33 50 3 15 0 0.00 0.0 0 6.7 17 320 M M 0 25 320
10 72 33 53 6 12 0 0.00 0.0 0 10.0 33 320 M M 2 42 330
11 60 40 50 2 15 0 0.00 0.0 0 18.1 38 320 M M 2 51 330
12 70 32 51 3 14 0 0.00 0.0 0 6.4 13 200 M M 0 17 210
13 87 45 66 18 0 1 0.00 0.0 0 8.9 21 200 M M 0 30 200
14 84 46 65 17 0 0 0.00 0.0 0 9.1 21 20 M M 0 28 20
15 84 47 66 17 0 1 0.05 0.0 0 18.5 33 120 M M 2 3 48 110
16 67 51 59 10 6 0 1.15 0.0 0 13.8 29 300 M M 9 138 40 300
17 66 47 57 8 8 0 T 0.0 0 16.1 29 300 M M 5 43 300
18 54 32 43 -7 22 0 0.57 0.0 0 14.0 26 320 M M 6 13 36 340
19 53 31 42 -8 23 0 0.00 0.0 0 12.7 28 300 M M 2 37 320
20 49 31 40 -10 25 0 0.00 0.0 0 10.4 22 330 M M 1 30 350
21 63 30 47 -4 18 0 0.00 0.0 0 8.8 15 280 M M 0 20 260
22 73 44 59 8 6 0 0.00 0.0 0 14.8 32 190 M M 0 43 200
23 66 41 54 3 11 0 0.00 0.0 0 12.9 29 320 M M 2 38 320
24 70 32 51 -1 14 0 T M 0 6.2 17 170 M M 4 23 170
================================================================================
SM 1540 894 340 2 2.41 T 312.8 M 70
================================================================================
AV 64.2 37.3 13.0 FASTST M M 3 MAX(MPH)
MISC ----> 39 120 54 120
================================================================================
NOTES:
# LAST OF SEVERAL OCCURRENCES
COLUMN 17 PEAK WIND IN M.P.H.
PRELIMINARY LOCAL CLIMATOLOGICAL DATA (WS FORM: F-6) , PAGE 2
STATION: NORFOLK NE
MONTH: APRIL
YEAR: 2024
LATITUDE: 41 58 N
LONGITUDE: 97 26 W
[TEMPERATURE DATA] [PRECIPITATION DATA] SYMBOLS USED IN COLUMN 16
AVERAGE MONTHLY: 50.7 TOTAL FOR MONTH: 2.41 1 = FOG OR MIST
DPTR FM NORMAL: 2.8 DPTR FM NORMAL: 0.33 2 = FOG REDUCING VISIBILITY
HIGHEST: 87 ON 13 GRTST 24HR 1.20 ON 15-16 TO 1/4 MILE OR LESS
LOWEST: 27 ON 5 3 = THUNDER
SNOW, ICE PELLETS, HAIL 4 = ICE PELLETS
TOTAL MONTH: T 5 = HAIL
GRTST 24HR T ON 2- 2 6 = FREEZING RAIN OR DRIZZLE
GRTST DEPTH: 0 7 = DUSTSTORM OR SANDSTORM:
VSBY 1/2 MILE OR LESS
8 = SMOKE OR HAZE
[NO. OF DAYS WITH] [WEATHER - DAYS WITH] 9 = BLOWING SNOW
X = TORNADO
MAX 32 OR BELOW: 0 0.01 INCH OR MORE: 6
MAX 90 OR ABOVE: 0 0.10 INCH OR MORE: 4
MIN 32 OR BELOW: 8 0.50 INCH OR MORE: 2
MIN 0 OR BELOW: 0 1.00 INCH OR MORE: 1
[HDD (BASE 65) ]
TOTAL THIS MO. 340 CLEAR (SCALE 0-3) 15
DPTR FM NORMAL -74 PTCLDY (SCALE 4-7) 7
TOTAL FM JUL 1 5350 CLOUDY (SCALE 8-10) 2
DPTR FM NORMAL -964
[CDD (BASE 65) ]
TOTAL THIS MO. 2
DPTR FM NORMAL 2 [PRESSURE DATA]
TOTAL FM JAN 1 2 HIGHEST SLP M ON M
DPTR FM NORMAL 1 LOWEST SLP 29.17 ON 16
[REMARKS]