000
CXUS51 KCLE 011754
CLMCLE
CLIMATE REPORT
NATIONAL WEATHER SERVICE CLEVELAND, OH
154 PM EDT MON APR 01 2024
...................................
...THE CLEVELAND OH CLIMATE SUMMARY FOR THE MONTH OF MARCH 2024...
CLIMATE NORMAL PERIOD 1991 TO 2020
CLIMATE RECORD PERIOD 1871 TO 2024
WEATHER OBSERVED NORMAL DEPART LAST YEAR`S
VALUE DATE(S) VALUE FROM VALUE
NORMAL
..............................................................
TEMPERATURE (F)
RECORD
HIGH 88 03/09/2018
LOW -5 03/09/1984
03/12/1948
HIGHEST 75 03/05
LOWEST 23 03/24
AVG. MAXIMUM 52.7 47.1 5.6 47.3
AVG. MINIMUM 35.5 30.7 4.8 32.0
MEAN 44.1 38.9 5.2 39.6
DAYS MAX >= 90 0 0.0 0.0 0
DAYS MAX <= 32 0 4.0 -4.0 1
DAYS MIN <= 32 12 20.3 -8.3 14
DAYS MIN <= 0 0 0.0 0.0 0
PRECIPITATION (INCHES)
RECORD
MAXIMUM 8.31 1913
MINIMUM 0.41 1910
TOTALS 2.87 3.06 -0.19 3.56
DAYS >= .01 19 14.6 4.4 15
DAYS >= .10 10 8.2 1.8 11
DAYS >= .50 0 1.6 -1.6 2
DAYS >= 1.00 0 0.3 -0.3 1
GREATEST
24 HR. TOTAL 0.64 03/05 TO 03/06 1.13
SNOWFALL (INCHES)
RECORDS
TOTAL 30.4 2008
TOTALS 5.7 10.8 -5.1 4.0
SINCE 7/1 25.7 61.1 -35.4 22.7
DAYS >= 1.0 3 3.3 -0.3 1
GREATEST
24 HR TOTAL 2.2R 03/18 TO 03/18
DEGREE DAYS
HEATING TOTAL 641 811 -170 777
SINCE 7/1 4131 4857 -726 4328
COOLING TOTAL 0 2 -2 0
SINCE 1/1 0 2 -2 0
..............................................................
WIND (MPH)
AVERAGE WIND SPEED 10.4
HIGHEST WIND SPEED/DIRECTION 33/170 DATE 03/26
HIGHEST GUST SPEED/DIRECTION 50/160 DATE 03/26
SKY COVER
AVERAGE SKY COVER 0.70
AVERAGE RH (PERCENT) 67
WEATHER CONDITIONS. NUMBER OF DAYS WITH
THUNDERSTORM 2 MIXED PRECIP 0
HEAVY RAIN 2 RAIN 5
LIGHT RAIN 16 FREEZING RAIN 0
LT FREEZING RAIN 0 HAIL 1
HEAVY SNOW 1 SNOW 3
LIGHT SNOW 8 SLEET 1
FOG 17 FOG W/VIS <= 1/4 MILE 4
HAZE 2
- INDICATES NEGATIVE NUMBERS.
R INDICATES RECORD WAS SET OR TIED.
MM INDICATES DATA IS MISSING.
T INDICATES TRACE AMOUNT.
$$