000
CXUS51 KALY 010914
CLMPSF
CLIMATE REPORT
NATIONAL WEATHER SERVICE ALBANY NY
514 AM EDT MON APR 01 2024
...................................
...THE PITTSFIELD MA CLIMATE SUMMARY FOR THE MONTH OF MARCH 2024...
CLIMATE NORMAL PERIOD: 1991 TO 2020
CLIMATE RECORD PERIOD: 9999 TO 9999
WEATHER OBSERVED NORMAL DEPART LAST YEAR`S
VALUE DATE(S) VALUE FROM VALUE DATE(S)
NORMAL
................................................................
TEMPERATURE (F)
HIGHEST 66 03/13 57 03/22
LOWEST 16 03/01 19 03/10
03/19
03/20
AVG. MAXIMUM 46.0 41.7 4.3 41.9
AVG. MINIMUM 29.4 23.1 6.3 26.0
MEAN 37.7 32.4 5.3 33.9
DAYS MAX >= 90 0 0.0 0.0 0
DAYS MAX <= 32 2 6.3 -4.3 2
DAYS MIN <= 32 18 26.1 -8.1 29
DAYS MIN <= 0 0 0.6 -0.6 0
PRECIPITATION (INCHES)
TOTALS 6.68 3.08 3.60 3.23
DAILY AVG. 0.22 0.10
DAYS >= .01 15 17
DAYS >= .10 10 9
DAYS >= .50 5 1
DAYS >= 1.00 1 1
GREATEST
24 HR. TOTAL 2.35 03/22 TO 03/23
DEGREE DAYS
HEATING TOTAL 838 1010 -172 956
SINCE 7/1 5365 6211 -846 MM
COOLING TOTAL 0 0 0 0
SINCE 1/1 0 0 0 MM
................................................................
WIND (MPH)
AVERAGE WIND SPEED 8.9
HIGHEST WIND SPEED/DIRECTION 45/290 DATE 03/11
HIGHEST GUST SPEED/DIRECTION 63/280 DATE 03/11
SKY COVER
AVERAGE SKY COVER 0.64
AVERAGE RH (PERCENT) 69
WEATHER CONDITIONS. NUMBER OF DAYS WITH
THUNDERSTORM 0 MIXED PRECIP 0
HEAVY RAIN 4 RAIN 9
LIGHT RAIN 14 FREEZING RAIN 1
LT FREEZING RAIN 1 HAIL 0
HEAVY SNOW 1 SNOW 2
LIGHT SNOW 9 SLEET 0
FOG 20 FOG W/VIS <= 1/4 MILE 5
HAZE 4
- INDICATES NEGATIVE NUMBERS.
R INDICATES RECORD WAS SET OR TIED.
MM INDICATES DATA IS MISSING.
T INDICATES TRACE AMOUNT.
$$