000
CDUS41 KRNK 270934
CLIBLF


CLIMATE REPORT
NATIONAL WEATHER SERVICE BLACKSBURG VA
431 AM EST MON FEB 27 2017


...................................

...THE BLUEFIELD WV CLIMATE SUMMARY FOR FEBRUARY 26 2017...

CLIMATE NORMAL PERIOD 1981 TO 2010
CLIMATE RECORD PERIOD 1959 TO 2017


WEATHER ITEM   OBSERVED TIME   RECORD YEAR NORMAL DEPARTURE LAST
                VALUE   (LST)  VALUE       VALUE  FROM      YEAR
                                                  NORMAL
..................................................................
TEMPERATURE (F)
 YESTERDAY
  MAXIMUM         41    505 PM  75    1977  49     -8       27
  MINIMUM         22    724 AM   0    1970  31     -9       23
  AVERAGE         32                        40     -8       25

PRECIPITATION (IN)
  YESTERDAY        0.00          0.74 1972   0.10  -0.10     0.01
  MONTH TO DATE    1.15                      2.55  -1.40     2.93
  SINCE DEC 1      8.60                      8.36   0.24     8.61
  SINCE JAN 1      5.40                      5.45  -0.05     4.78

SNOWFALL (IN)
  YESTERDAY        0.0                                       0.4
  MONTH TO DATE    0.9                                      13.5
  SINCE DEC 1     17.2                                      32.2
  SINCE JUL 1     17.2                                      32.2
  SNOW DEPTH       0

DEGREE DAYS
 HEATING
  YESTERDAY       33                        25      8       40
  MONTH TO DATE  582                       723   -141      835
  SINCE DEC 1   2323                      2540   -217     2024
  SINCE JUL 1   3099                      3443   -344     2746

 COOLING
  YESTERDAY        0                         0      0        0
  MONTH TO DATE    0                         0      0        0
  SINCE DEC 1      0                         0      0        3
  SINCE JAN 1      0                         0      0        0
..................................................................


WIND (MPH)
  HIGHEST WIND SPEED    20   HIGHEST WIND DIRECTION     W (270)
  HIGHEST GUST SPEED    31   HIGHEST GUST DIRECTION    NW (320)
  AVERAGE WIND SPEED    10.0


SKY COVER
  AVERAGE SKY COVER 0.4


WEATHER CONDITIONS
 THE FOLLOWING WEATHER WAS RECORDED YESTERDAY.
  NO SIGNIFICANT WEATHER WAS OBSERVED.


RELATIVE HUMIDITY (PERCENT)
 HIGHEST    71           700 AM
 LOWEST     27           500 PM
 AVERAGE    49

..........................................................


THE BLUEFIELD WV CLIMATE NORMALS FOR TODAY
                         NORMAL    RECORD    YEAR
 MAXIMUM TEMPERATURE (F)   49        70      1996
 MINIMUM TEMPERATURE (F)   32        -1      1963


SUNRISE AND SUNSET
FEBRUARY 27 2017......SUNRISE   658 AM EST   SUNSET   617 PM EST
FEBRUARY 28 2017......SUNRISE   657 AM EST   SUNSET   618 PM EST


-  INDICATES NEGATIVE NUMBERS.
R  INDICATES RECORD WAS SET OR TIED.
MM INDICATES DATA IS MISSING.
T  INDICATES TRACE AMOUNT.

REMARKS:
DUE TO A POWER OUTAGE CAUSING A MISSING HIGH TEMPERATURE ON NOVEMBER 10...
THE SEASONAL HEATING DEGREEE DAY TOTAL AND DEPARTURE FROM NORMAL WILL BE
CALCULATED WITHOUT DATA FROM THIS DATE.

$$

RAB
