000
CDUS41 KRNK 101044
CLIBLF


CLIMATE REPORT
NATIONAL WEATHER SERVICE BLACKSBURG VA
543 AM EST SAT DEC 10 2016


...................................

...THE BLUEFIELD WV CLIMATE SUMMARY FOR DECEMBER 9 2016...

CLIMATE NORMAL PERIOD 1981 TO 2010
CLIMATE RECORD PERIOD 1959 TO 2016


WEATHER ITEM   OBSERVED TIME   RECORD YEAR NORMAL DEPARTURE LAST
                VALUE   (LST)  VALUE       VALUE  FROM      YEAR
                                                  NORMAL
..................................................................
TEMPERATURE (F)
 YESTERDAY
  MAXIMUM         22   1201 AM  69    2007  46    -24       57
  MINIMUM         15    946 AM   9    1962  31    -16       38
  AVERAGE         19                        39    -20       48

PRECIPITATION (IN)
  YESTERDAY        T             1.02 1978   0.10  -0.10     0.02
  MONTH TO DATE    0.82                      0.88  -0.06     1.25
  SINCE DEC 1      0.82                      0.88  -0.06     1.25
  SINCE JAN 1     32.45                     37.60  -5.15    39.42

SNOWFALL (IN)
  YESTERDAY        0.9                                       0.0
  MONTH TO DATE    0.9                                        T
  SINCE DEC 1      0.9                                        T
  SINCE JUL 1      0.9                                        T
  SNOW DEPTH       0

DEGREE DAYS
 HEATING
  YESTERDAY       46                        26     20       17
  MONTH TO DATE  280                       225     55      186
  SINCE DEC 1    280                       225     55      186
  SINCE JUL 1   1056                      1128    -72      908

 COOLING
  YESTERDAY        0                         0      0        0
  MONTH TO DATE    0                         0      0        0
  SINCE DEC 1      0                         0      0        0
  SINCE JAN 1    737                       853   -116     1041
..................................................................


WIND (MPH)
  HIGHEST WIND SPEED    17   HIGHEST WIND DIRECTION    NW (310)
  HIGHEST GUST SPEED    26   HIGHEST GUST DIRECTION    NW (300)
  AVERAGE WIND SPEED     9.0


SKY COVER
  AVERAGE SKY COVER 1.0


WEATHER CONDITIONS
 THE FOLLOWING WEATHER WAS RECORDED YESTERDAY.
  LIGHT SNOW
  FOG


RELATIVE HUMIDITY (PERCENT)
 HIGHEST    80           600 AM
 LOWEST     62          1200 AM
 AVERAGE    71

..........................................................


THE BLUEFIELD WV CLIMATE NORMALS FOR TODAY
                         NORMAL    RECORD    YEAR
 MAXIMUM TEMPERATURE (F)   46        68      1971
 MINIMUM TEMPERATURE (F)   31        -1      1995


SUNRISE AND SUNSET
DECEMBER 10 2016......SUNRISE   728 AM EST   SUNSET   507 PM EST
DECEMBER 11 2016......SUNRISE   729 AM EST   SUNSET   507 PM EST


-  INDICATES NEGATIVE NUMBERS.
R  INDICATES RECORD WAS SET OR TIED.
MM INDICATES DATA IS MISSING.
T  INDICATES TRACE AMOUNT.

REMARKS:
DUE TO A POWER OUTAGE CAUSING A MISSING HIGH TEMPERATURE ON NOVEMBER
10...THE SEASONAL HEATING DEGREE DAY TOTAL AND DEPARTURE FROM
NORMAL WILL BE CALCULATED WITHOUT DATA FROM THIS DATE.


$$
