000
CDUS41 KRNK 310923
CLIBLF


CLIMATE REPORT
NATIONAL WEATHER SERVICE BLACKSBURG VA
522 AM EDT FRI OCT 31 2014


...................................

...THE BLUEFIELD WV CLIMATE SUMMARY FOR OCTOBER 30 2014...

CLIMATE NORMAL PERIOD 1981 TO 2010
CLIMATE RECORD PERIOD 1959 TO 2014


WEATHER ITEM   OBSERVED TIME   RECORD YEAR NORMAL DEPARTURE LAST
                VALUE   (LST)  VALUE       VALUE  FROM      YEAR
                                                  NORMAL
..................................................................
TEMPERATURE (F)
 YESTERDAY
  MAXIMUM         51    354 PM  76    1996  62    -11       66
  MINIMUM         36   1159 PM  29    2008  44     -8       55
  AVERAGE         44                        53     -9

PRECIPITATION (IN)
  YESTERDAY        0.00          0.61 2012   0.08  -0.08     0.44
  MONTH TO DATE    5.22                      2.42   2.80     2.13
  SINCE SEP 1      7.63                      5.56   2.07     3.62
  SINCE JAN 1     32.25                     33.95  -1.70    33.84

SNOWFALL (IN)
  YESTERDAY        0.0
  MONTH TO DATE    0.0
  SINCE SEP 1      0.0
  SINCE JUL 1      0.0
  SNOW DEPTH       0

DEGREE DAYS
 HEATING
  YESTERDAY       21                        13      8
  MONTH TO DATE  268                       274     -6
  SINCE SEP 1    316                       347    -31
  SINCE JUL 1    326                       353    -27

 COOLING
  YESTERDAY        0                         0      0
  MONTH TO DATE    8                        16     -8
  SINCE SEP 1    114                       114      0
  SINCE JAN 1    827                       848    -21
..................................................................


WIND (MPH)
  HIGHEST WIND SPEED    10   HIGHEST WIND DIRECTION    NW (310)
  HIGHEST GUST SPEED    16   HIGHEST GUST DIRECTION    NW (310)
  AVERAGE WIND SPEED     3.8


SKY COVER
  POSSIBLE SUNSHINE  MM
  AVERAGE SKY COVER 0.1


WEATHER CONDITIONS
 THE FOLLOWING WEATHER WAS RECORDED YESTERDAY.
  FOG


RELATIVE HUMIDITY (PERCENT)
 HIGHEST    85           700 AM
 LOWEST     48           400 PM
 AVERAGE    67

..........................................................


THE BLUEFIELD WV CLIMATE NORMALS FOR TODAY
                         NORMAL    RECORD    YEAR
 MAXIMUM TEMPERATURE (F)   62        75      1982
 MINIMUM TEMPERATURE (F)   43        28      1993


SUNRISE AND SUNSET
OCTOBER 31 2014.......SUNRISE   748 AM EDT   SUNSET   628 PM EDT
NOVEMBER  1 2014......SUNRISE   749 AM EDT   SUNSET   627 PM EDT


-  INDICATES NEGATIVE NUMBERS.
R  INDICATES RECORD WAS SET OR TIED.
MM INDICATES DATA IS MISSING.
T  INDICATES TRACE AMOUNT.

REMARKS

DUE TO A POWER FAILURE CAUSING A MISSING LOW TEMPERATURE ON
MAY 30...THE SEASONAL TOTAL AND DEPARTURE FROM NORMAL FOR CDD
WILL BE CALCULATED WITHOUT DATA FROM THAT DATE.

$$

MBS
