000
CDUS41 KRNK 272104
CLIBLF


CLIMATE REPORT
NATIONAL WEATHER SERVICE BLACKSBURG VA
503 PM EDT TUE JUN 27 2017


...................................

...THE BLUEFIELD WV CLIMATE SUMMARY FOR JUNE 27 2017...
VALID TODAY AS OF 0500 PM LOCAL TIME.

CLIMATE NORMAL PERIOD 1981 TO 2010
CLIMATE RECORD PERIOD 1959 TO 2017


WEATHER ITEM   OBSERVED TIME   RECORD YEAR NORMAL DEPARTURE LAST
                VALUE   (LST)  VALUE       VALUE  FROM      YEAR
                                                  NORMAL
..................................................................
TEMPERATURE (F)
 TODAY
  MAXIMUM         68    259 PM  88    2010  81    -13       80
                                      2007
  MINIMUM         50R   420 AM  50    1981  64    -14       64
  AVERAGE         59                        72    -13       72

PRECIPITATION (IN)
  TODAY            0.00          1.14 2005   0.13  -0.13     0.05
  MONTH TO DATE    4.14                      3.75   0.39     3.40
  SINCE JUN 1      4.14                      3.75   0.39     3.40
  SINCE JAN 1     24.94                     20.57   4.37    18.16

SNOWFALL (IN)
  TODAY            0.0                                       0.0
  MONTH TO DATE    0.0                                       0.0
  SINCE JUN 1      0.0                                       0.0
  SINCE JUL 1     20.5                                      34.8
  SNOW DEPTH       0

DEGREE DAYS
 HEATING
  TODAY            6                         0      6        0
  MONTH TO DATE   42                        21     21       16
  SINCE JUN 1     42                        21     21       16
  SINCE JUL 1   4303                      4587   -284     3882

 COOLING
  TODAY            0                         7     -7        7
  MONTH TO DATE   64                       144    -80      112
  SINCE JUN 1     64                       144    -80      112
  SINCE JAN 1    116                       235   -119      139
..................................................................


WIND (MPH)
  HIGHEST WIND SPEED    16   HIGHEST WIND DIRECTION     W (270)
  HIGHEST GUST SPEED    23   HIGHEST GUST DIRECTION    NW (310)
  AVERAGE WIND SPEED     7.2


SKY COVER
  AVERAGE SKY COVER 0.2


WEATHER CONDITIONS
 THE FOLLOWING WEATHER WAS RECORDED TODAY.
  NO SIGNIFICANT WEATHER WAS OBSERVED.


RELATIVE HUMIDITY (PERCENT)
 HIGHEST    89           300 AM
 LOWEST     42           300 PM
 AVERAGE    66

..........................................................


THE BLUEFIELD WV CLIMATE NORMALS FOR TOMORROW
                         NORMAL    RECORD    YEAR
 MAXIMUM TEMPERATURE (F)   81        92      2012
 MINIMUM TEMPERATURE (F)   64        48      1987


SUNRISE AND SUNSET
JUNE 27 2017..........SUNRISE   606 AM EDT   SUNSET   849 PM EDT
JUNE 28 2017..........SUNRISE   607 AM EDT   SUNSET   849 PM EDT


-  INDICATES NEGATIVE NUMBERS.
R  INDICATES RECORD WAS SET OR TIED.
MM INDICATES DATA IS MISSING.
T  INDICATES TRACE AMOUNT.

REMARKS:
DUE TO A POWER OUTAGE CAUSING A MISSING HIGH TEMPERATURE ON NOVEMBER
10...THE SEASONAL HEATING DEGREE DAY TOTAL AND DEPARTURE FROM
NORMAL WILL BE CALCULATED WITHOUT DATA FROM THIS DATE.


$$
