000
CDUS41 KRNK 252127
CLIBLF


CLIMATE REPORT
NATIONAL WEATHER SERVICE BLACKSBURG VA
525 PM EDT SAT OCT 25 2014


...................................

...THE BLUEFIELD WV CLIMATE SUMMARY FOR OCTOBER 25 2014...
VALID TODAY AS OF 0500 PM LOCAL TIME.

CLIMATE NORMAL PERIOD 1981 TO 2010
CLIMATE RECORD PERIOD 1959 TO 2014


WEATHER ITEM   OBSERVED TIME   RECORD YEAR NORMAL DEPARTURE LAST
                VALUE   (LST)  VALUE       VALUE  FROM      YEAR
                                                  NORMAL
..................................................................
TEMPERATURE (F)
 TODAY
  MAXIMUM         64    303 PM  78    2012  63      1       38
  MINIMUM         38    639 AM  22    1962  45     -7       30
  AVERAGE         51                        54     -3

PRECIPITATION (IN)
  TODAY            0.00          1.66 2007   0.08  -0.08     0.04
  MONTH TO DATE    5.14                      2.01   3.13     1.41
  SINCE SEP 1      7.55                      5.15   2.40     2.90
  SINCE JAN 1     32.17                     33.54  -1.37    33.12

SNOWFALL (IN)
  TODAY            0.0
  MONTH TO DATE    0.0
  SINCE SEP 1      0.0
  SINCE JUL 1      0.0
  SNOW DEPTH       0

DEGREE DAYS
 HEATING
  TODAY           14                        11      3
  MONTH TO DATE  228                       213     15
  SINCE SEP 1    276                       286    -10
  SINCE JUL 1    286                       292     -6

 COOLING
  TODAY            0                         0      0
  MONTH TO DATE    4                        16    -12
  SINCE SEP 1    110                       114     -4
  SINCE JAN 1    823                       848    -25
..................................................................


WIND (MPH)
  HIGHEST WIND SPEED    17   HIGHEST WIND DIRECTION     W (290)
  HIGHEST GUST SPEED    23   HIGHEST GUST DIRECTION     W (290)
  AVERAGE WIND SPEED     8.8


SKY COVER
  POSSIBLE SUNSHINE  MM
  AVERAGE SKY COVER 0.1


WEATHER CONDITIONS
 THE FOLLOWING WEATHER WAS RECORDED TODAY.
  NO SIGNIFICANT WEATHER WAS OBSERVED.


RELATIVE HUMIDITY (PERCENT)
 HIGHEST    85           400 AM
 LOWEST     40           200 PM
 AVERAGE    63

..........................................................


THE BLUEFIELD WV CLIMATE NORMALS FOR TOMORROW
                         NORMAL    RECORD    YEAR
 MAXIMUM TEMPERATURE (F)   63        78      2010
 MINIMUM TEMPERATURE (F)   45        20      1962


SUNRISE AND SUNSET
OCTOBER 25 2014.......SUNRISE   742 AM EDT   SUNSET   635 PM EDT
OCTOBER 26 2014.......SUNRISE   743 AM EDT   SUNSET   634 PM EDT


-  INDICATES NEGATIVE NUMBERS.
R  INDICATES RECORD WAS SET OR TIED.
MM INDICATES DATA IS MISSING.
T  INDICATES TRACE AMOUNT.

REMARKS

DUE TO A POWER FAILURE CAUSING A MISSING LOW TEMPERATURE ON
MAY 30...THE SEASONAL TOTAL AND DEPARTURE FROM NORMAL FOR CDD
WILL BE CALCULATED WITHOUT DATA FROM THAT DATE.

$$

MBS
