000
CDUS41 KRNK 300840
CLIBLF


CLIMATE REPORT
NATIONAL WEATHER SERVICE BLACKSBURG VA
437 AM EDT MON MAR 30 2015


...................................

...THE BLUEFIELD WV CLIMATE SUMMARY FOR MARCH 29 2015...

CLIMATE NORMAL PERIOD 1981 TO 2010
CLIMATE RECORD PERIOD 1959 TO 2015


WEATHER ITEM   OBSERVED TIME   RECORD YEAR NORMAL DEPARTURE LAST
                VALUE   (LST)  VALUE       VALUE  FROM      YEAR
                                                  NORMAL
..................................................................
TEMPERATURE (F)
 YESTERDAY
  MAXIMUM         52    410 PM  78    1989  59     -7       59
  MINIMUM         18R   637 AM  19    1966  40    -22       32
  AVERAGE         35                        50    -15

PRECIPITATION (IN)
  YESTERDAY        0.00          1.77 1991   0.11  -0.11     0.41
  MONTH TO DATE    4.99                      3.29   1.70     1.95
  SINCE MAR 1      4.99                      3.29   1.70     1.95
  SINCE JAN 1      8.55                      8.95  -0.40     6.08

SNOWFALL (IN)
  YESTERDAY        0.0
  MONTH TO DATE    3.1
  SINCE MAR 1      3.1
  SINCE JUL 1     39.7
  SNOW DEPTH       0

DEGREE DAYS
 HEATING
  YESTERDAY       30                        16     14
  MONTH TO DATE  558                       585    -27
  SINCE MAR 1    558                       585    -27
  SINCE JUL 1   4478                      4078    400

 COOLING
  YESTERDAY        0                         0      0
  MONTH TO DATE    0                         0      0
  SINCE MAR 1      0                         0      0
  SINCE JAN 1      0                         0      0
..................................................................


WIND (MPH)
  HIGHEST WIND SPEED    17   HIGHEST WIND DIRECTION     S (170)
  HIGHEST GUST SPEED    25   HIGHEST GUST DIRECTION     S (190)
  AVERAGE WIND SPEED     6.2


SKY COVER
  POSSIBLE SUNSHINE  MM
  AVERAGE SKY COVER 0.0


WEATHER CONDITIONS
 THE FOLLOWING WEATHER WAS RECORDED YESTERDAY.
  NO SIGNIFICANT WEATHER WAS OBSERVED.


RELATIVE HUMIDITY (PERCENT)
 HIGHEST    61           600 AM
 LOWEST     10           500 PM
 AVERAGE    36

..........................................................


THE BLUEFIELD WV CLIMATE NORMALS FOR TODAY
                         NORMAL    RECORD    YEAR
 MAXIMUM TEMPERATURE (F)   59        83      1985
 MINIMUM TEMPERATURE (F)   40         9      1964


SUNRISE AND SUNSET
MARCH 30 2015.........SUNRISE   714 AM EDT   SUNSET   745 PM EDT
MARCH 31 2015.........SUNRISE   712 AM EDT   SUNSET   746 PM EDT


-  INDICATES NEGATIVE NUMBERS.
R  INDICATES RECORD WAS SET OR TIED.
MM INDICATES DATA IS MISSING.
T  INDICATES TRACE AMOUNT.

$$
