899
CDUS41 KRNK 292107
CLIBLF


CLIMATE REPORT
NATIONAL WEATHER SERVICE BLACKSBURG VA
506 PM EDT WED JUN 29 2016


...................................

...THE BLUEFIELD WV CLIMATE SUMMARY FOR JUNE 29 2016...
VALID TODAY AS OF 0500 PM LOCAL TIME.

CLIMATE NORMAL PERIOD 1981 TO 2010
CLIMATE RECORD PERIOD 1959 TO 2016


WEATHER ITEM   OBSERVED TIME   RECORD YEAR NORMAL DEPARTURE LAST
                VALUE   (LST)  VALUE       VALUE  FROM      YEAR
                                                  NORMAL
..................................................................
TEMPERATURE (F)
 TODAY
  MAXIMUM         76    212 PM  97    2012  81     -5       77
  MINIMUM         59    521 AM  52    1970  64     -5       56
  AVERAGE         68                        72     -4       67

PRECIPITATION (IN)
  TODAY            0.00          0.62 1984   0.14  -0.14      T
  MONTH TO DATE    3.40                      4.01  -0.61     3.13
  SINCE JUN 1      3.40                      4.01  -0.61     3.13
  SINCE JAN 1     18.16                     20.83  -2.67    18.92

SNOWFALL (IN)
  TODAY            0.0                                       0.0
  MONTH TO DATE    0.0                                       0.0
  SINCE JUN 1      0.0                                       0.0
  SINCE JUL 1     34.8                                      39.7
  SNOW DEPTH       0

DEGREE DAYS
 HEATING
  TODAY            0                         0      0        0
  MONTH TO DATE   16                        21     -5        3
  SINCE JUN 1     16                        21     -5        3
  SINCE JUL 1   3882                      4587   -705     4838

 COOLING
  TODAY            3                         7     -4        2
  MONTH TO DATE  122                       158    -36      234
  SINCE JUN 1    122                       158    -36      234
  SINCE JAN 1    149                       249   -100      391
..................................................................


WIND (MPH)
  HIGHEST WIND SPEED    15   HIGHEST WIND DIRECTION     W (290)
  HIGHEST GUST SPEED    21   HIGHEST GUST DIRECTION    NW (330)
  AVERAGE WIND SPEED     5.5


SKY COVER
  AVERAGE SKY COVER 0.3


WEATHER CONDITIONS
 THE FOLLOWING WEATHER WAS RECORDED TODAY.
  FOG


RELATIVE HUMIDITY (PERCENT)
 HIGHEST    97           500 AM
 LOWEST     43           300 PM
 AVERAGE    70

..........................................................


THE BLUEFIELD WV CLIMATE NORMALS FOR TOMORROW
                         NORMAL    RECORD    YEAR
 MAXIMUM TEMPERATURE (F)   81        96      2012
 MINIMUM TEMPERATURE (F)   64        54      2000


SUNRISE AND SUNSET
JUNE 29 2016..........SUNRISE   607 AM EDT   SUNSET   849 PM EDT
JUNE 30 2016..........SUNRISE   608 AM EDT   SUNSET   849 PM EDT


-  INDICATES NEGATIVE NUMBERS.
R  INDICATES RECORD WAS SET OR TIED.
MM INDICATES DATA IS MISSING.
T  INDICATES TRACE AMOUNT.

REMARKS:

DUE TO A SENSOR FAILURE CAUSING MISSING TEMPERATURES ON DECEMBER 20-
21...JANUARY 19-20...AND JANUARY 22-25...THE SEASONAL HEATING DEGREE
DAY TOTAL AND DEPARTURE FROM NORMAL WILL BE CALCULATED WITHOUT DATA
FROM THESE DATES.

$$
