000
CDUS41 KRNK 212216
CLIBLF


CLIMATE REPORT
NATIONAL WEATHER SERVICE BLACKSBURG VA
510 PM EST SUN DEC 21 2014


...................................

...THE BLUEFIELD WV CLIMATE SUMMARY FOR DECEMBER 21 2014...
VALID TODAY AS OF 0500 PM LOCAL TIME.

CLIMATE NORMAL PERIOD 1981 TO 2010
CLIMATE RECORD PERIOD 1959 TO 2014


WEATHER ITEM   OBSERVED TIME   RECORD YEAR NORMAL DEPARTURE LAST
                VALUE   (LST)  VALUE       VALUE  FROM      YEAR
                                                  NORMAL
..................................................................
TEMPERATURE (F)
 TODAY
  MAXIMUM         44    337 PM  70    2013  44      0       70
  MINIMUM         30    807 AM  -2    1989  28      2       56
  AVERAGE         37                        36      1

PRECIPITATION (IN)
  TODAY            0.00          1.19 1970   0.09  -0.09     0.00
  MONTH TO DATE    1.33                      2.01  -0.68     2.68
  SINCE DEC 1      1.33                      2.01  -0.68     2.68
  SINCE JAN 1     36.19                     38.73  -2.54    39.69

SNOWFALL (IN)
  TODAY            0.0
  MONTH TO DATE    0.5
  SINCE DEC 1      0.5
  SINCE JUL 1      5.3
  SNOW DEPTH       0

DEGREE DAYS
 HEATING
  TODAY           28                        29     -1
  MONTH TO DATE  548                       561    -13
  SINCE DEC 1    548                       561    -13
  SINCE JUL 1   1633                      1464    169

 COOLING
  TODAY            0                         0      0
  MONTH TO DATE    0                         0      0
  SINCE DEC 1      0                         0      0
  SINCE JAN 1    827                       853    -26
..................................................................


WIND (MPH)
  HIGHEST WIND SPEED    10   HIGHEST WIND DIRECTION     S (180)
  HIGHEST GUST SPEED    15   HIGHEST GUST DIRECTION     S (190)
  AVERAGE WIND SPEED     1.7


SKY COVER
  POSSIBLE SUNSHINE  MM
  AVERAGE SKY COVER 0.6


WEATHER CONDITIONS
 THE FOLLOWING WEATHER WAS RECORDED TODAY.
  FOG


RELATIVE HUMIDITY (PERCENT)
 HIGHEST    89          1200 AM
 LOWEST     57           300 PM
 AVERAGE    73

..........................................................


THE BLUEFIELD WV CLIMATE NORMALS FOR TOMORROW
                         NORMAL    RECORD    YEAR
 MAXIMUM TEMPERATURE (F)   43        69      2013
                                             1990
 MINIMUM TEMPERATURE (F)   28       -11      1989


SUNRISE AND SUNSET
DECEMBER 21 2014......SUNRISE   735 AM EST   SUNSET   511 PM EST
DECEMBER 22 2014......SUNRISE   736 AM EST   SUNSET   511 PM EST


-  INDICATES NEGATIVE NUMBERS.
R  INDICATES RECORD WAS SET OR TIED.
MM INDICATES DATA IS MISSING.
T  INDICATES TRACE AMOUNT.

REMARKS:
DUE TO A POWER FAILURE CAUSING A MISSING LOW TEMPERATURE ON
MAY 30...THE SEASONAL TOTAL AND DEPARTURE FROM NORMAL FOR CDD
WILL BE CALCULATED WITHOUT DATA FROM THAT DATE.

$$
