000
CDUS41 KRNK 200913
CLIBLF


CLIMATE REPORT
NATIONAL WEATHER SERVICE BLACKSBURG VA
511 AM EDT SUN APR 20 2014


...................................

...THE BLUEFIELD WV CLIMATE SUMMARY FOR APRIL 19 2014...

CLIMATE NORMAL PERIOD 1981 TO 2010
CLIMATE RECORD PERIOD 1959 TO 2014


WEATHER ITEM   OBSERVED TIME   RECORD YEAR NORMAL DEPARTURE LAST
                VALUE   (LST)  VALUE       VALUE  FROM      YEAR
                                                  NORMAL
..................................................................
TEMPERATURE (F)
 YESTERDAY
  MAXIMUM         67    442 PM  85    1976  66      1       71
  MINIMUM         47    552 AM  21    1983  47      0       41
  AVERAGE         57                        56      1

PRECIPITATION (IN)
  YESTERDAY        0.00          0.90 1998   0.12  -0.12     0.83
  MONTH TO DATE    1.58                      2.05  -0.47     3.79
  SINCE MAR 1      3.54                      5.56  -2.02     7.21
  SINCE JAN 1      7.67                     11.22  -3.55    14.88

SNOWFALL (IN)
  YESTERDAY        0.0
  MONTH TO DATE    0.4
  SINCE MAR 1      9.4
  SINCE JUL 1     47.0
  SNOW DEPTH       0

DEGREE DAYS
 HEATING
  YESTERDAY        8                        10     -2
  MONTH TO DATE  177                       232    -55
  SINCE MAR 1    879                       848     31
  SINCE JUL 1   4514                      4341    173

 COOLING
  YESTERDAY        0                         1     -1
  MONTH TO DATE   15                        17     -2
  SINCE MAR 1     15                        21     -6
  SINCE JAN 1     15                        21     -6
..................................................................


WIND (MPH)
  HIGHEST WIND SPEED    16   HIGHEST WIND DIRECTION    NE (30)
  HIGHEST GUST SPEED    26   HIGHEST GUST DIRECTION    NE (30)
  AVERAGE WIND SPEED     5.6


SKY COVER
  POSSIBLE SUNSHINE  MM
  AVERAGE SKY COVER 0.0


WEATHER CONDITIONS
 THE FOLLOWING WEATHER WAS RECORDED YESTERDAY.
  NO SIGNIFICANT WEATHER WAS OBSERVED.


RELATIVE HUMIDITY (PERCENT)
 HIGHEST    60           600 AM
 LOWEST     26           200 PM
 AVERAGE    43

..........................................................


THE BLUEFIELD WV CLIMATE NORMALS FOR TODAY
                         NORMAL    RECORD    YEAR
 MAXIMUM TEMPERATURE (F)   66        88      1976
 MINIMUM TEMPERATURE (F)   47        26      1983


SUNRISE AND SUNSET
APRIL 20 2014.........SUNRISE   644 AM EDT   SUNSET   804 PM EDT
APRIL 21 2014.........SUNRISE   642 AM EDT   SUNSET   805 PM EDT


-  INDICATES NEGATIVE NUMBERS.
R  INDICATES RECORD WAS SET OR TIED.
MM INDICATES DATA IS MISSING.
T  INDICATES TRACE AMOUNT.




$$
