000
CDUS41 KRNK 300754
CLIBLF


CLIMATE REPORT
NATIONAL WEATHER SERVICE BLACKSBURG VA
352 AM EDT TUE MAY 30 2017


...................................

...THE BLUEFIELD WV CLIMATE SUMMARY FOR MAY 29 2017...

CLIMATE NORMAL PERIOD 1981 TO 2010
CLIMATE RECORD PERIOD 1959 TO 2017


WEATHER ITEM   OBSERVED TIME   RECORD YEAR NORMAL DEPARTURE LAST
                VALUE   (LST)  VALUE       VALUE  FROM      YEAR
                                                  NORMAL
..................................................................
TEMPERATURE (F)
 YESTERDAY
  MAXIMUM         70   1200 PM  88    2006  75     -5       71
  MINIMUM         60   1151 PM  43    1971  57      3       59
  AVERAGE         65                        66     -1       65

PRECIPITATION (IN)
  YESTERDAY        T             1.02 1976   0.16  -0.16     0.03
  MONTH TO DATE    6.64                      4.01   2.63     6.26
  SINCE MAR 1     14.85                     10.86   3.99     9.94
  SINCE JAN 1     20.66                     16.52   4.14    14.76

SNOWFALL (IN)
  YESTERDAY        0.0                                       0.0
  MONTH TO DATE    0.0                                       0.0
  SINCE MAR 1      3.3                                       2.6
  SINCE JUL 1     20.5                                      34.8
  SNOW DEPTH       0

DEGREE DAYS
 HEATING
  YESTERDAY        0                         2     -2        0
  MONTH TO DATE  185                       132     53      231
  SINCE MAR 1   1127                      1069     58     1053
  SINCE JUL 1   4259                      4562   -303     3866

 COOLING
  YESTERDAY        0                         3     -3        0
  MONTH TO DATE   29                        56    -27       15
  SINCE MAR 1     51                        84    -33       20
  SINCE JAN 1     51                        84    -33       20
..................................................................


WIND (MPH)
  HIGHEST WIND SPEED    15   HIGHEST WIND DIRECTION     W (270)
  HIGHEST GUST SPEED    21   HIGHEST GUST DIRECTION     W (290)
  AVERAGE WIND SPEED     6.0


SKY COVER
  AVERAGE SKY COVER 0.6


WEATHER CONDITIONS
 THE FOLLOWING WEATHER WAS RECORDED YESTERDAY.
  LIGHT RAIN


RELATIVE HUMIDITY (PERCENT)
 HIGHEST    90           700 AM
 LOWEST     61          1200 PM
 AVERAGE    76

..........................................................


THE BLUEFIELD WV CLIMATE NORMALS FOR TODAY
                         NORMAL    RECORD    YEAR
 MAXIMUM TEMPERATURE (F)   75        89      2011
                                             2006
 MINIMUM TEMPERATURE (F)   57        38      1984


SUNRISE AND SUNSET
MAY 30 2017...........SUNRISE   607 AM EDT   SUNSET   839 PM EDT
MAY 31 2017...........SUNRISE   606 AM EDT   SUNSET   839 PM EDT


-  INDICATES NEGATIVE NUMBERS.
R  INDICATES RECORD WAS SET OR TIED.
MM INDICATES DATA IS MISSING.
T  INDICATES TRACE AMOUNT.

REMARKS:
DUE TO A POWER OUTAGE CAUSING A MISSING HIGH TEMPERATURE ON NOVEMBER
10...THE SEASONAL HEATING DEGREE DAY TOTAL AND DEPARTURE FROM
NORMAL WILL BE CALCULATED WITHOUT DATA FROM THIS DATE.

$$
RCS
