000
CDUS41 KRNK 170912
CLIBLF


CLIMATE REPORT
NATIONAL WEATHER SERVICE BLACKSBURG VA
410 AM EST FRI NOV 17 2017


...................................

...THE BLUEFIELD WV CLIMATE SUMMARY FOR NOVEMBER 16 2017...

CLIMATE NORMAL PERIOD 1981 TO 2010
CLIMATE RECORD PERIOD 1959 TO 2017


WEATHER ITEM   OBSERVED TIME   RECORD YEAR NORMAL DEPARTURE LAST
                VALUE   (LST)  VALUE       VALUE  FROM      YEAR
                                                  NORMAL
..................................................................
TEMPERATURE (F)
 YESTERDAY
  MAXIMUM         50    335 PM  73    1988  56     -6       58
  MINIMUM         32   1159 PM  13    1967  39     -7       41
  AVERAGE         41                        47     -6       50

PRECIPITATION (IN)
  YESTERDAY        T             0.84 2011   0.09  -0.09     0.00
  MONTH TO DATE    0.99                      1.37  -0.38     0.35
  SINCE SEP 1      6.89                      7.01  -0.12     2.77
  SINCE JAN 1     38.95                     35.40   3.55    29.66

SNOWFALL (IN)
  YESTERDAY        0.0                                       0.0
  MONTH TO DATE    0.0                                       0.0
  SINCE SEP 1      0.3                                       0.0
  SINCE JUL 1      0.3                                       0.0
  SNOW DEPTH       0

DEGREE DAYS
 HEATING
  YESTERDAY       24                        18      6       15
  MONTH TO DATE  298                       248     50      217
  SINCE SEP 1    697                       606     91      483
  SINCE JUL 1    723                       612    111      483

 COOLING
  YESTERDAY        0                         0      0        0
  MONTH TO DATE    0                         0      0        1
  SINCE SEP 1     64                       117    -53      129
  SINCE JAN 1    488                       851   -363      737
..................................................................


WIND (MPH)
  HIGHEST WIND SPEED    22   HIGHEST WIND DIRECTION     W (290)
  HIGHEST GUST SPEED    33   HIGHEST GUST DIRECTION     W (260)
  AVERAGE WIND SPEED    11.7


SKY COVER
  AVERAGE SKY COVER 0.4


WEATHER CONDITIONS
 THE FOLLOWING WEATHER WAS RECORDED YESTERDAY.
  LIGHT RAIN
  FOG


RELATIVE HUMIDITY (PERCENT)
 HIGHEST    96           200 AM
 LOWEST     42           200 PM
 AVERAGE    69

..........................................................


THE BLUEFIELD WV CLIMATE NORMALS FOR TODAY
                         NORMAL    RECORD    YEAR
 MAXIMUM TEMPERATURE (F)   55        71      2013
 MINIMUM TEMPERATURE (F)   38        11      1959


SUNRISE AND SUNSET
NOVEMBER 17 2017......SUNRISE   706 AM EST   SUNSET   513 PM EST
NOVEMBER 18 2017......SUNRISE   707 AM EST   SUNSET   512 PM EST


-  INDICATES NEGATIVE NUMBERS.
R  INDICATES RECORD WAS SET OR TIED.
MM INDICATES DATA IS MISSING.
T  INDICATES TRACE AMOUNT.




$$
