000
CDUS41 KRNK 242104
CLIBLF


CLIMATE REPORT
NATIONAL WEATHER SERVICE BLACKSBURG VA
503 PM EDT SAT SEP 24 2016


...................................

...THE BLUEFIELD WV CLIMATE SUMMARY FOR SEPTEMBER 24 2016...
VALID TODAY AS OF 0500 PM LOCAL TIME.

CLIMATE NORMAL PERIOD 1981 TO 2010
CLIMATE RECORD PERIOD 1959 TO 2016


WEATHER ITEM   OBSERVED TIME   RECORD YEAR NORMAL DEPARTURE LAST
                VALUE   (LST)  VALUE       VALUE  FROM      YEAR
                                                  NORMAL
..................................................................
TEMPERATURE (F)
 TODAY
  MAXIMUM         81    134 PM  88    2007  72      9       75
  MINIMUM         62    643 AM  30    1989  54      8       54
  AVERAGE         72                        63      9       65

PRECIPITATION (IN)
  TODAY            0.00          0.82 1988   0.11  -0.11     0.00
  MONTH TO DATE    0.69                      2.50  -1.81     2.44
  SINCE SEP 1      0.69                      2.50  -1.81     2.44
  SINCE JAN 1     27.58                     30.89  -3.31    28.99

SNOWFALL (IN)
  TODAY            0.0                                       0.0
  MONTH TO DATE    0.0                                       0.0
  SINCE SEP 1      0.0                                       0.0
  SINCE JUL 1      0.0                                       0.0
  SNOW DEPTH       0

DEGREE DAYS
 HEATING
  TODAY            0                         4     -4        0
  MONTH TO DATE    8                        44    -36       31
  SINCE SEP 1      8                        44    -36       31
  SINCE JUL 1      8                        50    -42       32

 COOLING
  TODAY            7                         2      5        0
  MONTH TO DATE  107                        89     18      115
  SINCE SEP 1    107                        89     18      115
  SINCE JAN 1    715                       823   -108     1018
..................................................................


WIND (MPH)
  HIGHEST WIND SPEED    12   HIGHEST WIND DIRECTION     W (290)
  HIGHEST GUST SPEED    16   HIGHEST GUST DIRECTION     W (260)
  AVERAGE WIND SPEED     4.7


SKY COVER
  AVERAGE SKY COVER 0.2


WEATHER CONDITIONS
 THE FOLLOWING WEATHER WAS RECORDED TODAY.
  NO SIGNIFICANT WEATHER WAS OBSERVED.


RELATIVE HUMIDITY (PERCENT)
 HIGHEST    84          1200 AM
 LOWEST     45           200 PM
 AVERAGE    65

..........................................................


THE BLUEFIELD WV CLIMATE NORMALS FOR TOMORROW
                         NORMAL    RECORD    YEAR
 MAXIMUM TEMPERATURE (F)   71        88      2007
 MINIMUM TEMPERATURE (F)   54        39      2001


SUNRISE AND SUNSET
SEPTEMBER 24 2016.....SUNRISE   715 AM EDT   SUNSET   718 PM EDT
SEPTEMBER 25 2016.....SUNRISE   716 AM EDT   SUNSET   716 PM EDT


-  INDICATES NEGATIVE NUMBERS.
R  INDICATES RECORD WAS SET OR TIED.
MM INDICATES DATA IS MISSING.
T  INDICATES TRACE AMOUNT.




$$
