000
CDUS41 KRNK 010859
CLIBLF

CLIMATE REPORT
NATIONAL WEATHER SERVICE BLACKSBURG VA
325 AM EDT TUE SEP 1 2015


...................................

...THE BLUEFIELD WV CLIMATE SUMMARY FOR AUGUST 31 2015...

CLIMATE NORMAL PERIOD 1981 TO 2010
CLIMATE RECORD PERIOD 1959 TO 2015


WEATHER ITEM   OBSERVED TIME   RECORD YEAR NORMAL DEPARTURE LAST
                VALUE   (LST)  VALUE       VALUE  FROM      YEAR
                                                  NORMAL
..................................................................
TEMPERATURE (F)
 YESTERDAY
  MAXIMUM         84    243 PM  88    1995  79      5       83
  MINIMUM         64    612 AM  47    1976  62      2       67
  AVERAGE         74                        71      3       75

PRECIPITATION (IN)
  YESTERDAY        T             1.06 1975   0.09  -0.09     0.06
  MONTH TO DATE    2.39                      3.26  -0.87     6.41
  SINCE JUN 1     10.76                     11.57  -0.81    12.96
  SINCE JAN 1     26.55                     28.39  -1.84    24.62

SNOWFALL (IN)
  YESTERDAY        0.0                                       0.0
  MONTH TO DATE    0.0                                       0.0
  SINCE JUN 1      0.0                                       0.0
  SINCE JUL 1      0.0                                       0.0
  SNOW DEPTH       0

DEGREE DAYS
 HEATING
  YESTERDAY        0                         0      0        0
  MONTH TO DATE    1                         0      1        2
  SINCE JUN 1      4                        28    -24       12
  SINCE JUL 1      1                         6     -5       10

 COOLING
  YESTERDAY        9                         6      3       10
  MONTH TO DATE  226                       229     -3      169
  SINCE JUN 1    746                       643    103      584
  SINCE JAN 1    903                       734    169      713
..................................................................


WIND (MPH)
  HIGHEST WIND SPEED    12   HIGHEST WIND DIRECTION     N (10)
  HIGHEST GUST SPEED    19   HIGHEST GUST DIRECTION     N (360)
  AVERAGE WIND SPEED     2.7


SKY COVER
  AVERAGE SKY COVER 0.6


WEATHER CONDITIONS
 THE FOLLOWING WEATHER WAS RECORDED YESTERDAY.
  LIGHT RAIN


RELATIVE HUMIDITY (PERCENT)
 HIGHEST    78           200 AM
 LOWEST     34          1200 PM
 AVERAGE    56

..........................................................


THE BLUEFIELD WV CLIMATE NORMALS FOR TODAY
                         NORMAL    RECORD    YEAR
 MAXIMUM TEMPERATURE (F)   79        90      2011
 MINIMUM TEMPERATURE (F)   62        48      1999


SUNRISE AND SUNSET
SEPTEMBER  1 2015.....SUNRISE   655 AM EDT   SUNSET   754 PM EDT
SEPTEMBER  2 2015.....SUNRISE   656 AM EDT   SUNSET   752 PM EDT


-  INDICATES NEGATIVE NUMBERS.
R  INDICATES RECORD WAS SET OR TIED.
MM INDICATES DATA IS MISSING.
T  INDICATES TRACE AMOUNT.

REMARKS:

DUE TO A TIPPING BUCKET FAILURE CAUSING MISSING PRECIPITATION ON
JUNE 1...THE SEASONAL AND ANNUAL PRECIPITATION TOTALS AND DEPARTURES
FROM NORMAL WILL BE CALCULATED WITHOUT DATA FROM THIS DATE.

ALSO...DUE TO A POWER OUTAGE CAUSING A MISSING LOW TEMPERATURE ON
JUNE 7...THE SEASONAL COOLING DEGREE DAY TOTAL AND DEPARTURE FROM
NORMAL WILL BE CALCULATED WITHOUT DATA FROM THIS DATE.

$$

RAB
