000
CDUS41 KRNK 301003
CLIBLF


CLIMATE REPORT
NATIONAL WEATHER SERVICE BLACKSBURG VA
502 AM EST FRI JAN 30 2015


...................................

...THE BLUEFIELD WV CLIMATE SUMMARY FOR JANUARY 29 2015...

CLIMATE NORMAL PERIOD 1981 TO 2010
CLIMATE RECORD PERIOD 1959 TO 2015


WEATHER ITEM   OBSERVED TIME   RECORD YEAR NORMAL DEPARTURE LAST
                VALUE   (LST)  VALUE       VALUE  FROM      YEAR
                                                  NORMAL
..................................................................
TEMPERATURE (F)
 YESTERDAY
  MAXIMUM         50    452 PM  68    2013  43      7       17
  MINIMUM         27    104 AM  -2    2014  27      0       -2
                                      1977
  AVERAGE         39                        35      4

PRECIPITATION (IN)
  YESTERDAY        0.03          1.04 1970   0.09  -0.06      T
  MONTH TO DATE    1.46                      2.72  -1.26     1.57
  SINCE DEC 1      3.85                      5.63  -1.78     6.57
  SINCE JAN 1      1.46                      2.72  -1.26     1.57

SNOWFALL (IN)
  YESTERDAY        T
  MONTH TO DATE    1.6
  SINCE DEC 1      2.5
  SINCE JUL 1      7.3
  SNOW DEPTH       0

DEGREE DAYS
 HEATING
  YESTERDAY       26                        30     -4
  MONTH TO DATE  905                       896      9
  SINCE DEC 1   1688                      1758    -70
  SINCE JUL 1   2773                      2661    112

 COOLING
  YESTERDAY        0                         0      0
  MONTH TO DATE    0                         0      0
  SINCE DEC 1      0                         0      0
  SINCE JAN 1      0                         0      0
..................................................................


WIND (MPH)
  HIGHEST WIND SPEED    23   HIGHEST WIND DIRECTION     W (250)
  HIGHEST GUST SPEED    31   HIGHEST GUST DIRECTION    SW (220)
  AVERAGE WIND SPEED    10.2


SKY COVER
  POSSIBLE SUNSHINE  MM
  AVERAGE SKY COVER 0.4


WEATHER CONDITIONS
 THE FOLLOWING WEATHER WAS RECORDED YESTERDAY.
  LIGHT RAIN
  SLEET
  FOG


RELATIVE HUMIDITY (PERCENT)
 HIGHEST    58           800 PM
 LOWEST     30          1000 AM
 AVERAGE    44

..........................................................


THE BLUEFIELD WV CLIMATE NORMALS FOR TODAY
                         NORMAL    RECORD    YEAR
 MAXIMUM TEMPERATURE (F)   43        69      2002
 MINIMUM TEMPERATURE (F)   27       -11      1966


SUNRISE AND SUNSET
JANUARY 30 2015.......SUNRISE   730 AM EST   SUNSET   547 PM EST
JANUARY 31 2015.......SUNRISE   729 AM EST   SUNSET   548 PM EST


-  INDICATES NEGATIVE NUMBERS.
R  INDICATES RECORD WAS SET OR TIED.
MM INDICATES DATA IS MISSING.
T  INDICATES TRACE AMOUNT.




$$
