000
CDUS41 KRNK 252111
CLIBLF


CLIMATE REPORT
NATIONAL WEATHER SERVICE BLACKSBURG VA
508 PM EDT TUE JUL 25 2017


...................................

...THE BLUEFIELD WV CLIMATE SUMMARY FOR JULY 25 2017...
VALID TODAY AS OF 0500 PM LOCAL TIME.

CLIMATE NORMAL PERIOD 1981 TO 2010
CLIMATE RECORD PERIOD 1959 TO 2017


WEATHER ITEM   OBSERVED TIME   RECORD YEAR NORMAL DEPARTURE LAST
                VALUE   (LST)  VALUE       VALUE  FROM      YEAR
                                                  NORMAL
..................................................................
TEMPERATURE (F)
 TODAY
  MAXIMUM         78    400 PM  90    1987  81     -3       86
  MINIMUM         65    709 AM  54    2003  65      0       69
  AVERAGE         72                        73     -1       78

PRECIPITATION (IN)
  TODAY            0.00          1.31 2002   0.13  -0.13     0.00
  MONTH TO DATE    3.33                      3.42  -0.09     4.01
  SINCE JUN 1      7.49                      7.56  -0.07     7.41
  SINCE JAN 1     28.29                     24.38   3.91    22.17

SNOWFALL (IN)
  TODAY            0.0                                       0.0
  MONTH TO DATE    0.0                                       0.0
  SINCE JUN 1      0.0                                       0.0
  SINCE JUL 1      0.0                                       0.0
  SNOW DEPTH       0

DEGREE DAYS
 HEATING
  TODAY            0                         0      0        0
  MONTH TO DATE    0                         0      0        0
  SINCE JUN 1     45                        22     23       16
  SINCE JUL 1      0                         0      0        0

 COOLING
  TODAY            7                         8     -1       13
  MONTH TO DATE  176                       200    -24      183
  SINCE JUN 1    251                       366   -115      306
  SINCE JAN 1    303                       457   -154      333
..................................................................


WIND (MPH)
  HIGHEST WIND SPEED    12   HIGHEST WIND DIRECTION     W (290)
  HIGHEST GUST SPEED    17   HIGHEST GUST DIRECTION     N (360)
  AVERAGE WIND SPEED     4.9


SKY COVER
  AVERAGE SKY COVER 0.6


WEATHER CONDITIONS
 THE FOLLOWING WEATHER WAS RECORDED TODAY.
  FOG


RELATIVE HUMIDITY (PERCENT)
 HIGHEST   100           500 AM
 LOWEST     50           100 PM
 AVERAGE    75

..........................................................


THE BLUEFIELD WV CLIMATE NORMALS FOR TOMORROW
                         NORMAL    RECORD    YEAR
 MAXIMUM TEMPERATURE (F)   81        91      1993
 MINIMUM TEMPERATURE (F)   65        54      1975


SUNRISE AND SUNSET
JULY 25 2017..........SUNRISE   624 AM EDT   SUNSET   838 PM EDT
JULY 26 2017..........SUNRISE   625 AM EDT   SUNSET   837 PM EDT


-  INDICATES NEGATIVE NUMBERS.
R  INDICATES RECORD WAS SET OR TIED.
MM INDICATES DATA IS MISSING.
T  INDICATES TRACE AMOUNT.


$$

PW
