000
CDUS41 KRNK 210613
CLIBLF


CLIMATE REPORT
NATIONAL WEATHER SERVICE BLACKSBURG VA
213 AM EDT MON AUG 21 2017


...................................

...THE BLUEFIELD WV CLIMATE SUMMARY FOR AUGUST 20 2017...

CLIMATE NORMAL PERIOD 1981 TO 2010
CLIMATE RECORD PERIOD 1959 TO 2017


WEATHER ITEM   OBSERVED TIME   RECORD YEAR NORMAL DEPARTURE LAST
                VALUE   (LST)  VALUE       VALUE  FROM      YEAR
                                                  NORMAL
..................................................................
TEMPERATURE (F)
 YESTERDAY
  MAXIMUM         82    521 PM  91    2007  81      1       77
                                      1983
  MINIMUM         62    505 AM  50    1981  64     -2       62
  AVERAGE         72                        72      0       70

PRECIPITATION (IN)
  YESTERDAY        0.00          0.88 1986   0.10  -0.10     0.21
  MONTH TO DATE    2.07                      2.20  -0.13     2.33
  SINCE JUN 1     11.12                     10.51   0.61    11.28
  SINCE JAN 1     31.92                     27.33   4.59    26.04

SNOWFALL (IN)
  YESTERDAY        0.0                                       0.0
  MONTH TO DATE    0.0                                       0.0
  SINCE JUN 1      0.0                                       0.0
  SINCE JUL 1      0.0                                       0.0
  SNOW DEPTH       0

DEGREE DAYS
 HEATING
  YESTERDAY        0                         0      0        0
  MONTH TO DATE    5                         0      5        0
  SINCE JUN 1     56                        24     32       16
  SINCE JUL 1     11                         2      9        0

 COOLING
  YESTERDAY        7                         7      0        5
  MONTH TO DATE   81                       157    -76      150
  SINCE JUN 1    348                       571   -223      508
  SINCE JAN 1    400                       662   -262      535
..................................................................


WIND (MPH)
  HIGHEST WIND SPEED     7   HIGHEST WIND DIRECTION     S (170)
  HIGHEST GUST SPEED    11   HIGHEST GUST DIRECTION     S (180)
  AVERAGE WIND SPEED     2.4


SKY COVER
  AVERAGE SKY COVER 0.1


WEATHER CONDITIONS
 THE FOLLOWING WEATHER WAS RECORDED YESTERDAY.
  NO SIGNIFICANT WEATHER WAS OBSERVED.


RELATIVE HUMIDITY (PERCENT)
 HIGHEST    93           500 AM
 LOWEST     46           400 PM
 AVERAGE    70

..........................................................


THE BLUEFIELD WV CLIMATE NORMALS FOR TODAY
                         NORMAL    RECORD    YEAR
 MAXIMUM TEMPERATURE (F)   81        93      1983
 MINIMUM TEMPERATURE (F)   64        52      2001


SUNRISE AND SUNSET
AUGUST 21 2017........SUNRISE   646 AM EDT   SUNSET   809 PM EDT
AUGUST 22 2017........SUNRISE   647 AM EDT   SUNSET   807 PM EDT


-  INDICATES NEGATIVE NUMBERS.
R  INDICATES RECORD WAS SET OR TIED.
MM INDICATES DATA IS MISSING.
T  INDICATES TRACE AMOUNT.




$$
