000
CDUS41 KRNK 200919
CLIBLF


CLIMATE REPORT
NATIONAL WEATHER SERVICE BLACKSBURG VA
513 AM EDT FRI OCT 20 2017


...................................

...THE BLUEFIELD WV CLIMATE SUMMARY FOR OCTOBER 19 2017...

CLIMATE NORMAL PERIOD 1981 TO 2010
CLIMATE RECORD PERIOD 1959 TO 2017


WEATHER ITEM   OBSERVED TIME   RECORD YEAR NORMAL DEPARTURE LAST
                VALUE   (LST)  VALUE       VALUE  FROM      YEAR
                                                  NORMAL
..................................................................
TEMPERATURE (F)
 YESTERDAY
  MAXIMUM         67    404 PM  81    1984  65      2       79
  MINIMUM         41    646 AM  27    1972  46     -5       61
  AVERAGE         54                        56     -2       70

PRECIPITATION (IN)
  YESTERDAY        0.00          1.10 1968   0.08  -0.08     0.00
  MONTH TO DATE    1.57                      1.55   0.02     0.93
  SINCE SEP 1      2.41                      4.69  -2.28     1.81
  SINCE JAN 1     34.47                     33.08   1.39    28.70

SNOWFALL (IN)
  YESTERDAY        0.0                                       0.0
  MONTH TO DATE    0.0                                       0.0
  SINCE SEP 1      0.0                                       0.0
  SINCE JUL 1      0.0                                       0.0
  SNOW DEPTH       0

DEGREE DAYS
 HEATING
  YESTERDAY       11                        10      1        0
  MONTH TO DATE   88                       149    -61      130
  SINCE SEP 1    205                       222    -17      152
  SINCE JUL 1    231                       228      3      152

 COOLING
  YESTERDAY        0                         0      0        5
  MONTH TO DATE   25                        16      9        6
  SINCE SEP 1     64                       114    -50      124
  SINCE JAN 1    488                       848   -360      732
..................................................................


WIND (MPH)
  HIGHEST WIND SPEED    14   HIGHEST WIND DIRECTION     W (270)
  HIGHEST GUST SPEED    20   HIGHEST GUST DIRECTION     W (250)
  AVERAGE WIND SPEED     4.6


SKY COVER
  AVERAGE SKY COVER 0.0


WEATHER CONDITIONS
 THE FOLLOWING WEATHER WAS RECORDED YESTERDAY.
  NO SIGNIFICANT WEATHER WAS OBSERVED.


RELATIVE HUMIDITY (PERCENT)
 HIGHEST    76           700 AM
 LOWEST     29           300 PM
 AVERAGE    53

..........................................................


THE BLUEFIELD WV CLIMATE NORMALS FOR TODAY
                         NORMAL    RECORD    YEAR
 MAXIMUM TEMPERATURE (F)   65        79      1993
 MINIMUM TEMPERATURE (F)   46        24      1972


SUNRISE AND SUNSET
OCTOBER 20 2017.......SUNRISE   738 AM EDT   SUNSET   641 PM EDT
OCTOBER 21 2017.......SUNRISE   739 AM EDT   SUNSET   640 PM EDT


-  INDICATES NEGATIVE NUMBERS.
R  INDICATES RECORD WAS SET OR TIED.
MM INDICATES DATA IS MISSING.
T  INDICATES TRACE AMOUNT.

$$

RAB
