000
CDUS41 KRNK 292107
CLIBLF


CLIMATE REPORT
NATIONAL WEATHER SERVICE BLACKSBURG VA
506 PM EDT SAT APR 29 2017


...................................

...THE BLUEFIELD WV CLIMATE SUMMARY FOR APRIL 29 2017...
VALID TODAY AS OF 0500 PM LOCAL TIME.

CLIMATE NORMAL PERIOD 1981 TO 2010
CLIMATE RECORD PERIOD 1959 TO 2017


WEATHER ITEM   OBSERVED TIME   RECORD YEAR NORMAL DEPARTURE LAST
                VALUE   (LST)  VALUE       VALUE  FROM      YEAR
                                                  NORMAL
..................................................................
TEMPERATURE (F)
 TODAY
  MAXIMUM         86R   258 PM  83    1996  69     17       73
  MINIMUM         66    651 AM  32    1979  49     17       53
  AVERAGE         76                        59     17       63

PRECIPITATION (IN)
  TODAY            0.00          1.36 1968   0.12  -0.12     0.00
  MONTH TO DATE    4.56                      3.22   1.34     1.91
  SINCE MAR 1      8.18                      6.73   1.45     3.37
  SINCE JAN 1     13.99                     12.39   1.60     8.19

SNOWFALL (IN)
  TODAY            0.0                                       0.0
  MONTH TO DATE    0.1                                       1.7
  SINCE MAR 1      3.3                                       2.6
  SINCE JUL 1     20.5                                      34.8
  SNOW DEPTH       0

DEGREE DAYS
 HEATING
  TODAY            0                         7     -7        2
  MONTH TO DATE  236                       314    -78      351
  SINCE MAR 1    942                       930     12      814
  SINCE JUL 1   4074                      4423   -349     3627

 COOLING
  TODAY           11                         1     10        0
  MONTH TO DATE   15                        27    -12        4
  SINCE MAR 1     15                        31    -16        5
  SINCE JAN 1     15                        31    -16        5
..................................................................


WIND (MPH)
  HIGHEST WIND SPEED    18   HIGHEST WIND DIRECTION     W (250)
  HIGHEST GUST SPEED    30   HIGHEST GUST DIRECTION    SE (130)
  AVERAGE WIND SPEED     7.2


SKY COVER
  AVERAGE SKY COVER 0.1


WEATHER CONDITIONS
 THE FOLLOWING WEATHER WAS RECORDED TODAY.
  NO SIGNIFICANT WEATHER WAS OBSERVED.


RELATIVE HUMIDITY (PERCENT)
 HIGHEST    73          1200 AM
 LOWEST     32           200 PM
 AVERAGE    53

..........................................................


THE BLUEFIELD WV CLIMATE NORMALS FOR TOMORROW
                         NORMAL    RECORD    YEAR
 MAXIMUM TEMPERATURE (F)   69        84      2010
 MINIMUM TEMPERATURE (F)   49        31      1963


SUNRISE AND SUNSET
APRIL 29 2017.........SUNRISE   632 AM EDT   SUNSET   813 PM EDT
APRIL 30 2017.........SUNRISE   631 AM EDT   SUNSET   814 PM EDT


-  INDICATES NEGATIVE NUMBERS.
R  INDICATES RECORD WAS SET OR TIED.
MM INDICATES DATA IS MISSING.
T  INDICATES TRACE AMOUNT.

REMARKS:
DUE TO A POWER OUTAGE CAUSING A MISSING HIGH TEMPERATURE ON NOVEMBER
10...THE SEASONAL HEATING DEGREE DAY TOTAL AND DEPARTURE FROM
NORMAL WILL BE CALCULATED WITHOUT DATA FROM THIS DATE.


$$
