000
CXUS51 KRNK 011246
CLMBLF

CLIMATE REPORT
NATIONAL WEATHER SERVICE BLACKSBURG VA
725 AM EST THU DEC 1 2016

...................................

...THE BLUEFIELD WV CLIMATE SUMMARY FOR THE MONTH OF NOVEMBER 2016...

CLIMATE NORMAL PERIOD 1981 TO 2010
CLIMATE RECORD PERIOD 1959 TO 2016

WEATHER         OBSERVED          NORMAL  DEPART  LAST YEAR`S
                 VALUE   DATE(S)  VALUE   FROM    VALUE
                                          NORMAL
.............................................................
TEMPERATURE (F)
RECORD
 HIGH              81   11/14/1993
 LOW                7   11/25/1970
                        11/24/1970
HIGHEST            75   11/02                         76
LOWEST             20   11/22                         23
AVG. MAXIMUM     56.8              55.6     1.2     58.9
AVG. MINIMUM     37.5              38.6    -1.1     44.4
MEAN             47.2              47.1     0.1     51.6
DAYS MAX >= 90      0               0.0     0.0        0
DAYS MAX <= 32      0               0.8    -0.8        0
DAYS MIN <= 32     10               8.3     1.7        3
DAYS MIN <= 0       0               0.0     0.0        0

PRECIPITATION (INCHES)
RECORD
 MAXIMUM         5.63   1985
 MINIMUM         0.46   2001
TOTALS           2.32              2.69   -0.37     2.92
DAILY AVG.       0.08              0.09   -0.01     0.10
DAYS >= .01         6              11.0    -5.0       12
DAYS >= .10         3               5.9    -2.9        7
DAYS >= .50         1               1.6    -0.6        2
DAYS >= 1.00        1               0.4     0.6        0
GREATEST
 24 HR. TOTAL    1.51                               1.03

SNOWFALL (INCHES)
TOTALS              T                                  T
DAYS >= TRACE       2                                  2
DAYS >= 1.0         0                                  0
GREATEST
 24 HR TOTAL        T                                  T

DEGREE_DAYS
HEATING TOTAL     510               539     -29      401
COOLING TOTAL       1                 2      -1        5
..............................................................

WIND (MPH)
AVERAGE WIND SPEED              6.8
HIGHEST WIND SPEED/DIRECTION    25/170    DATE  11/29
HIGHEST GUST SPEED/DIRECTION    46/150    DATE  11/29

SKY COVER
AVERAGE SKY COVER           0.30

AVERAGE RH (PERCENT)     57

WEATHER CONDITIONS. NUMBER OF DAYS WITH
THUNDERSTORM              1     MIXED PRECIP               0
HEAVY RAIN                2     RAIN                       4
LIGHT RAIN                7     FREEZING RAIN              0
LT FREEZING RAIN          0     HAIL                       0
HEAVY SNOW                0     SNOW                       0
LIGHT SNOW                2     SLEET                      0
FOG                       6     FOG W/VIS <= 1/4 MILE      1
HAZE                      2

-  INDICATES NEGATIVE NUMBERS.
R  INDICATES RECORD WAS SET OR TIED.
MM INDICATES DATA IS MISSING.
T  INDICATES TRACE AMOUNT.

REMARKS:

DUE TO A POWER OUTAGE CAUSING A MISSING HIGH TEMPERATURE ON NOVEMBER
10...ALL TEMPERATURE AND HEATING DEGREE DAY INFORMATION WILL BE
CALCULATED WITHOUT DATTA FROM THIS DATE.

$$
