000
CXUS51 KRNK 010949
CLMBLF


CLIMATE REPORT
NATIONAL WEATHER SERVICE BLACKSBURG VA
542 AM EDT FRI AUG 1 2014

...................................

...THE BLUEFIELD WV CLIMATE SUMMARY FOR THE MONTH OF JULY 2014...

CLIMATE NORMAL PERIOD 1981 TO 2010
CLIMATE RECORD PERIOD 1959 TO 2014

WEATHER         OBSERVED          NORMAL  DEPART  LAST YEAR`S
                 VALUE   DATE(S)  VALUE   FROM    VALUE
                                          NORMAL
.............................................................
TEMPERATURE (F)
RECORD
 HIGH              96   07/16/1988
 LOW               40   07/10/1963
HIGHEST            87   07/12                 1
LOWEST             53   07/30                -7
                        07/17
                        07/16
AVG. MAXIMUM     79.3              81.3    -2.0     81.5
AVG. MINIMUM     62.0              64.6    -2.6     65.7
MEAN             70.7              73.0    -2.3     73.6
DAYS MAX >= 90      0               1.1    -1.1
DAYS MAX <= 32      0               0.0     0.0
DAYS MIN <= 32      0               0.0     0.0
DAYS MIN <= 0       0               0.0     0.0

PRECIPITATION (INCHES)
RECORD
 MAXIMUM        10.24   1980
 MINIMUM         0.97   1995
TOTALS           2.95              4.17   -1.22     4.12
DAILY AVG.       0.10              0.13   -0.03     0.13
DAYS >= .01        13              13.0     0.0
DAYS >= .10         7               8.1    -1.1
DAYS >= .50         1               2.7    -1.7
DAYS >= 1.00        0               1.0    -1.0
GREATEST
 24 HR. TOTAL    0.93   07/27 TO 07/28

SNOWFALL (INCHES)
TOTALS            0.0                                0.0
SINCE 7/1         0.0
SNOWDEPTH AVG.      0
DAYS >= 1.0         0
GREATEST
 SNOW DEPTH         0

DEGREE_DAYS
HEATING TOTAL       8                 2       6
 SINCE 7/1          8                 2       6
COOLING TOTAL     194               248     -54
 SINCE 1/1        544               505      39
..............................................................

WIND (MPH)
AVERAGE WIND SPEED              5.8
HIGHEST WIND SPEED/DIRECTION    28/260    DATE  07/08
HIGHEST GUST SPEED/DIRECTION    39/280    DATE  07/08

SKY COVER
POSSIBLE SUNSHINE (PERCENT)   MM
AVERAGE SKY COVER           0.40
NUMBER OF DAYS FAIR           15
NUMBER OF DAYS PC             12
NUMBER OF DAYS CLOUDY          4

AVERAGE RH (PERCENT)     66

WEATHER CONDITIONS. NUMBER OF DAYS WITH
THUNDERSTORM              9     MIXED PRECIP               0
HEAVY RAIN                5     RAIN                       8
LIGHT RAIN               14     FREEZING RAIN              0
LT FREEZING RAIN          0     HAIL                       0
HEAVY SNOW                0     SNOW                       0
LIGHT SNOW                0     SLEET                      0
FOG                      11     FOG W/VIS <= 1/4 MILE      1
HAZE                      1

-  INDICATES NEGATIVE NUMBERS.
R  INDICATES RECORD WAS SET OR TIED.
MM INDICATES DATA IS MISSING.
T  INDICATES TRACE AMOUNT.

REMARKS:
DUE TO A POWER FAILURE CAUSING MISSING DATA ON MAY 30...CDD WILL BE
CALCULATED WITHOUT DATA FROM THAT DATE.
$$
