000
CDUS41 KRNK 222112
CLIDAN


CLIMATE REPORT
NATIONAL WEATHER SERVICE BLACKSBURG VA
512 PM EDT TUE AUG 22 2017


...................................

...THE DANVILLE VA CLIMATE SUMMARY FOR AUGUST 22 2017...
VALID TODAY AS OF 0500 PM LOCAL TIME.

CLIMATE NORMAL PERIOD 1981 TO 2010
CLIMATE RECORD PERIOD 1948 TO 2017


WEATHER ITEM   OBSERVED TIME   RECORD YEAR NORMAL DEPARTURE LAST
                VALUE   (LST)  VALUE       VALUE  FROM      YEAR
                                                  NORMAL
..................................................................
TEMPERATURE (F)
 TODAY
  MAXIMUM         91    350 PM 103    1983  86      5       83
  MINIMUM         66    535 AM  54    1981  67     -1       61
  AVERAGE         79                        77      2       72

PRECIPITATION (IN)
  TODAY            0.00          1.16 2009   0.13  -0.13     0.00
  MONTH TO DATE    3.28                      2.71   0.57     4.55
  SINCE JUN 1     12.31                     11.15   1.16    16.32
  SINCE JAN 1     33.31                     29.03   4.28    35.87

SNOWFALL (IN)
  TODAY            0.0                                       0.0
  MONTH TO DATE    0.0                                       0.0
  SINCE JUN 1      0.0                                       0.0
  SINCE JUL 1      0.0                                       0.0
  SNOW DEPTH       0

DEGREE DAYS
 HEATING
  TODAY            0                         0      0        0
  MONTH TO DATE    0                         0      0        0
  SINCE JUN 1      3                         3      0        0
  SINCE JUL 1      0                         0      0        0

 COOLING
  TODAY           14                        12      2        7
  MONTH TO DATE  258                       278    -20      323
  SINCE JUN 1    916                       987    -71     1051
  SINCE JAN 1   1112                      1131    -19     1190
..................................................................


WIND (MPH)
  HIGHEST WIND SPEED    13   HIGHEST WIND DIRECTION    SW (230)
  HIGHEST GUST SPEED    18   HIGHEST GUST DIRECTION    SW (230)
  AVERAGE WIND SPEED     4.2


SKY COVER
  AVERAGE SKY COVER 0.1


WEATHER CONDITIONS
 THE FOLLOWING WEATHER WAS RECORDED TODAY.
  FOG


RELATIVE HUMIDITY (PERCENT)
 HIGHEST   100          1200 AM
 LOWEST     52           100 PM
 AVERAGE    76

..........................................................


THE DANVILLE VA CLIMATE NORMALS FOR TOMORROW
                         NORMAL    RECORD    YEAR
 MAXIMUM TEMPERATURE (F)   86       105      1983
 MINIMUM TEMPERATURE (F)   67        54      2011
                                             1956


SUNRISE AND SUNSET
AUGUST 22 2017........SUNRISE   641 AM EDT   SUNSET   759 PM EDT
AUGUST 23 2017........SUNRISE   642 AM EDT   SUNSET   758 PM EDT


-  INDICATES NEGATIVE NUMBERS.
R  INDICATES RECORD WAS SET OR TIED.
MM INDICATES DATA IS MISSING.
T  INDICATES TRACE AMOUNT.




$$
