000
CDUS41 KRNK 010620
CLIDAN


CLIMATE REPORT
NATIONAL WEATHER SERVICE BLACKSBURG VA
218 AM EDT WED APR 1 2015


...................................

...THE DANVILLE VA CLIMATE SUMMARY FOR MARCH 31 2015...

CLIMATE NORMAL PERIOD 1981 TO 2010
CLIMATE RECORD PERIOD 1948 TO 2015


WEATHER ITEM   OBSERVED TIME   RECORD YEAR NORMAL DEPARTURE LAST
                VALUE   (LST)  VALUE       VALUE  FROM      YEAR
                                                  NORMAL
..................................................................
TEMPERATURE (F)
 YESTERDAY
  MAXIMUM         75    508 PM  90    1985  64     11       73
  MINIMUM         33    516 AM  26    1964  43    -10       37
  AVERAGE         54                        54      0

PRECIPITATION (IN)
  YESTERDAY        0.00          0.87 1958   0.15  -0.15     0.00
  MONTH TO DATE    2.12                      4.11  -1.99     3.20
  SINCE MAR 1      2.12                      4.11  -1.99     3.20
  SINCE JAN 1      5.91                     10.54  -4.63     8.32

SNOWFALL (IN)
  YESTERDAY        0.0
  MONTH TO DATE    T
  SINCE MAR 1      T
  SINCE JUL 1      9.8
  SNOW DEPTH       0

DEGREE DAYS
 HEATING
  YESTERDAY       11                        12     -1
  MONTH TO DATE  472                       510    -38
  SINCE MAR 1    472                       510    -38
  SINCE JUL 1   3566                      3511     55

 COOLING
  YESTERDAY        0                         0      0
  MONTH TO DATE    0                         3     -3
  SINCE MAR 1      0                         3     -3
  SINCE JAN 1      0                         3     -3
..................................................................


WIND (MPH)
  HIGHEST WIND SPEED    30   HIGHEST WIND DIRECTION     W (250)
  HIGHEST GUST SPEED    38   HIGHEST GUST DIRECTION    SW (240)
  AVERAGE WIND SPEED    11.0


SKY COVER
  POSSIBLE SUNSHINE  MM
  AVERAGE SKY COVER 0.0


WEATHER CONDITIONS
 THE FOLLOWING WEATHER WAS RECORDED YESTERDAY.
  NO SIGNIFICANT WEATHER WAS OBSERVED.


RELATIVE HUMIDITY (PERCENT)
 HIGHEST    82           500 AM
 LOWEST     21           400 PM
 AVERAGE    52

..........................................................


THE DANVILLE VA CLIMATE NORMALS FOR TODAY
                         NORMAL    RECORD    YEAR
 MAXIMUM TEMPERATURE (F)   65        90      1986
 MINIMUM TEMPERATURE (F)   43        28      1969


SUNRISE AND SUNSET
APRIL  1 2015.........SUNRISE   704 AM EDT   SUNSET   739 PM EDT
APRIL  2 2015.........SUNRISE   702 AM EDT   SUNSET   740 PM EDT


-  INDICATES NEGATIVE NUMBERS.
R  INDICATES RECORD WAS SET OR TIED.
MM INDICATES DATA IS MISSING.
T  INDICATES TRACE AMOUNT.

REMARKS:
DUE TO EQUIPMENT FAILURE RESULTING IN MISSING TEMPERATURE DATA ON
FEBRUARY 15...THE SEASONAL TOTAL AND DEPARTURE FROM NORMAL FOR HDD
WILL BE CALCULATED WITHOUT DATA FROM THIS DATE. ALSO...DUE TO A
TIPPING BUCKET FAILURE RESULTING IN MISSING PRECIPITATION DATA ON
MARCH 14 AND 19-20...ALL TOTALS AND DEPARTURES FROM NORMAL FOR
PRECIPITATION WILL BE CALCULATED WITHOUT DATA FROM THOSE DATES.

$$
