000
CDUS41 KRNK 222222
CLIDAN


CLIMATE REPORT
NATIONAL WEATHER SERVICE BLACKSBURG VA
520 PM EST MON JAN 22 2018


...................................

...THE DANVILLE VA CLIMATE SUMMARY FOR JANUARY 22 2018...
VALID TODAY AS OF 0500 PM LOCAL TIME.

CLIMATE NORMAL PERIOD 1981 TO 2010
CLIMATE RECORD PERIOD 1948 TO 2018


WEATHER ITEM   OBSERVED TIME   RECORD YEAR NORMAL DEPARTURE LAST
                VALUE   (LST)  VALUE       VALUE  FROM      YEAR
                                                  NORMAL
..................................................................
TEMPERATURE (F)
 TODAY
  MAXIMUM         MM        MM  67    1959  46     MM       53
  MINIMUM         MM        MM  -4    1985  29     MM       50
  AVERAGE         MM                        38     MM       52

PRECIPITATION (IN)
  TODAY            0.00          0.98 2016   0.10  -0.10     0.18
  MONTH TO DATE    1.21                      2.37  -1.16     2.88
  SINCE DEC 1      1.95                      5.64  -3.69     4.50
  SINCE JAN 1      1.21                      2.37  -1.16     2.88

SNOWFALL (IN)
  TODAY            0.0                                       0.0
  MONTH TO DATE    8.8                                       8.8
  SINCE DEC 1     13.7                                       8.8
  SINCE JUL 1     13.7                                       8.8
  SNOW DEPTH       0

DEGREE DAYS
 HEATING
  TODAY           MM                        27     MM       13
  MONTH TO DATE  460                       605   -145      507
  SINCE DEC 1   1242                      1378   -136     1241
  SINCE JUL 1   1964                      2087   -123     1811

 COOLING
  TODAY           MM                         0     MM        0
  MONTH TO DATE    0                         0      0        0
  SINCE DEC 1      0                         0      0        0
  SINCE JAN 1      0                         0      0        0
..................................................................


WIND (MPH)
  HIGHEST WIND SPEED    MM   HIGHEST WIND DIRECTION    MM
  HIGHEST GUST SPEED    MM   HIGHEST GUST DIRECTION    MM
  AVERAGE WIND SPEED    MM


SKY COVER
  AVERAGE SKY COVER 0.0


WEATHER CONDITIONS
 THE FOLLOWING WEATHER WAS RECORDED TODAY.
  NO SIGNIFICANT WEATHER WAS OBSERVED.


RELATIVE HUMIDITY (PERCENT)
 HIGHEST    MM
 LOWEST     MM
 AVERAGE    MM

..........................................................


THE DANVILLE VA CLIMATE NORMALS FOR TOMORROW
                         NORMAL    RECORD    YEAR
 MAXIMUM TEMPERATURE (F)   46        71      1967
 MINIMUM TEMPERATURE (F)   29         8      1984


SUNRISE AND SUNSET
JANUARY 22 2018.......SUNRISE   726 AM EST   SUNSET   533 PM EST
JANUARY 23 2018.......SUNRISE   725 AM EST   SUNSET   534 PM EST


-  INDICATES NEGATIVE NUMBERS.
R  INDICATES RECORD WAS SET OR TIED.
MM INDICATES DATA IS MISSING.
T  INDICATES TRACE AMOUNT.

REMARKS:
DUE TO ALL WEATHER DATA MISSING FROM JANUARY 4-9 AND AGAIN
FROM JANUARY 21-22...ALL INFORMATION WILL BE CALCULATED WITHOUT DATA
FROM THESE DATES.


$$
