000
CDUS41 KRNK 230654
CLIDAN


CLIMATE REPORT
NATIONAL WEATHER SERVICE BLACKSBURG VA
252 AM EDT SUN JUL 23 2017


...................................

...THE DANVILLE VA CLIMATE SUMMARY FOR JULY 22 2017...

CLIMATE NORMAL PERIOD 1981 TO 2010
CLIMATE RECORD PERIOD 1948 TO 2017


WEATHER ITEM   OBSERVED TIME   RECORD YEAR NORMAL DEPARTURE LAST
                VALUE   (LST)  VALUE       VALUE  FROM      YEAR
                                                  NORMAL
..................................................................
TEMPERATURE (F)
 YESTERDAY
  MAXIMUM         95    403 PM 104    1952  88      7       94
  MINIMUM         71    522 AM  50    1974  69      2       68
  AVERAGE         83                        78      5       81

PRECIPITATION (IN)
  YESTERDAY        0.00          0.94 2006   0.14  -0.14     0.00
  MONTH TO DATE    4.02                      3.33   0.69     2.84
  SINCE JUN 1      8.44                      7.18   1.26    10.54
  SINCE JAN 1     29.44                     25.06   4.38    30.09

SNOWFALL (IN)
  YESTERDAY        0.0                                       0.0
  MONTH TO DATE    0.0                                       0.0
  SINCE JUN 1      0.0                                       0.0
  SINCE JUL 1      0.0                                       0.0
  SNOW DEPTH       0

DEGREE DAYS
 HEATING
  YESTERDAY        0                         0      0        0
  MONTH TO DATE    0                         0      0        0
  SINCE JUN 1      3                         3      0        0
  SINCE JUL 1      0                         0      0        0

 COOLING
  YESTERDAY       18                        13      5       16
  MONTH TO DATE  312                       286     26      291
  SINCE JUN 1    553                       583    -30      567
  SINCE JAN 1    749                       727     22      706
..................................................................


WIND (MPH)
  HIGHEST WIND SPEED    14   HIGHEST WIND DIRECTION    SW (230)
  HIGHEST GUST SPEED    24   HIGHEST GUST DIRECTION    NW (300)
  AVERAGE WIND SPEED     5.3


SKY COVER
  AVERAGE SKY COVER 0.2


WEATHER CONDITIONS
 THE FOLLOWING WEATHER WAS RECORDED YESTERDAY.
  FOG


RELATIVE HUMIDITY (PERCENT)
 HIGHEST   100          1200 AM
 LOWEST     56           300 PM
 AVERAGE    78

..........................................................


THE DANVILLE VA CLIMATE NORMALS FOR TODAY
                         NORMAL    RECORD    YEAR
 MAXIMUM TEMPERATURE (F)   88       103      1952
 MINIMUM TEMPERATURE (F)   69        56      1974


SUNRISE AND SUNSET
JULY 23 2017..........SUNRISE   617 AM EDT   SUNSET   831 PM EDT
JULY 24 2017..........SUNRISE   617 AM EDT   SUNSET   830 PM EDT


-  INDICATES NEGATIVE NUMBERS.
R  INDICATES RECORD WAS SET OR TIED.
MM INDICATES DATA IS MISSING.
T  INDICATES TRACE AMOUNT.




$$
