517
CDUS41 KRNK 290615
CLIDAN


CLIMATE REPORT
NATIONAL WEATHER SERVICE BLACKSBURG VA
215 AM EDT THU SEP 29 2016


...................................

...THE DANVILLE VA CLIMATE SUMMARY FOR SEPTEMBER 28 2016...

CLIMATE NORMAL PERIOD 1981 TO 2010
CLIMATE RECORD PERIOD 1948 TO 2016


WEATHER ITEM   OBSERVED TIME   RECORD YEAR NORMAL DEPARTURE LAST
                VALUE   (LST)  VALUE       VALUE  FROM      YEAR
                                                  NORMAL
..................................................................
TEMPERATURE (F)
 YESTERDAY
  MAXIMUM         81    136 PM  94    1998  75      6       78
  MINIMUM         64    146 AM  41    1989  56      8       69
  AVERAGE         73                        65      8       74

PRECIPITATION (IN)
  YESTERDAY        1.15          1.46 2004   0.14   1.01     0.73
  MONTH TO DATE    2.87                      3.70  -0.83     7.32
  SINCE SEP 1      2.87                      3.70  -0.83     7.32
  SINCE JAN 1     39.13                     33.99   5.14    35.62

SNOWFALL (IN)
  YESTERDAY        0.0                                       0.0
  MONTH TO DATE    0.0                                       0.0
  SINCE SEP 1      0.0                                       0.0
  SINCE JUL 1      0.0                                       0.0
  SNOW DEPTH       0

DEGREE DAYS
 HEATING
  YESTERDAY        0                         2     -2        0
  MONTH TO DATE    0                        21    -21        6
  SINCE SEP 1      0                        21    -21        6
  SINCE JUL 1      0                        21    -21        6

 COOLING
  YESTERDAY        8                         3      5        9
  MONTH TO DATE  287                       171    116      202
  SINCE SEP 1    287                       171    116      202
  SINCE JAN 1   1592                      1398    194     1596
..................................................................


WIND (MPH)
  HIGHEST WIND SPEED    14   HIGHEST WIND DIRECTION    SW (220)
  HIGHEST GUST SPEED    23   HIGHEST GUST DIRECTION    SW (220)
  AVERAGE WIND SPEED     3.3


SKY COVER
  AVERAGE SKY COVER 0.8


WEATHER CONDITIONS
 THE FOLLOWING WEATHER WAS RECORDED YESTERDAY.
  THUNDERSTORM
  HEAVY RAIN
  RAIN
  LIGHT RAIN
  FOG


RELATIVE HUMIDITY (PERCENT)
 HIGHEST   100          1200 AM
 LOWEST     76           100 PM
 AVERAGE    88

..........................................................


THE DANVILLE VA CLIMATE NORMALS FOR TODAY
                         NORMAL    RECORD    YEAR
 MAXIMUM TEMPERATURE (F)   75        92      1998
 MINIMUM TEMPERATURE (F)   55        41      1951


SUNRISE AND SUNSET
SEPTEMBER 29 2016.....SUNRISE   711 AM EDT   SUNSET   703 PM EDT
SEPTEMBER 30 2016.....SUNRISE   712 AM EDT   SUNSET   702 PM EDT


-  INDICATES NEGATIVE NUMBERS.
R  INDICATES RECORD WAS SET OR TIED.
MM INDICATES DATA IS MISSING.
T  INDICATES TRACE AMOUNT.




$$
