000
CDUS41 KRNK 261011
CLIDAN


CLIMATE REPORT
NATIONAL WEATHER SERVICE BLACKSBURG VA
508 AM EST WED NOV 26 2014


...................................

...THE DANVILLE VA CLIMATE SUMMARY FOR NOVEMBER 25 2014...

CLIMATE NORMAL PERIOD 1981 TO 2010
CLIMATE RECORD PERIOD 1948 TO 2014


WEATHER ITEM   OBSERVED TIME   RECORD YEAR NORMAL DEPARTURE LAST
                VALUE   (LST)  VALUE       VALUE  FROM      YEAR
                                                  NORMAL
..................................................................
TEMPERATURE (F)
 YESTERDAY
  MAXIMUM         64    136 AM  79    1973  56      8       42
  MINIMUM         48   1159 PM  15    2013  35     13       15
                                      1970
  AVERAGE         56                        46     10

PRECIPITATION (IN)
  YESTERDAY        0.05          1.64 1971   0.11  -0.06     0.00
  MONTH TO DATE    1.34                      2.82  -1.48     0.22
  SINCE SEP 1      9.35                     10.31  -0.96     2.57
  SINCE JAN 1     39.10                     40.60  -1.50    43.88

SNOWFALL (IN)
  YESTERDAY        0.0
  MONTH TO DATE    0.0
  SINCE SEP 1      0.0
  SINCE JUL 1      0.0
  SNOW DEPTH       0

DEGREE DAYS
 HEATING
  YESTERDAY        9                        19    -10
  MONTH TO DATE  475                       374    101
  SINCE SEP 1    644                       607     37
  SINCE JUL 1    644                       607     37

 COOLING
  YESTERDAY        0                         0      0
  MONTH TO DATE    1                         0      1
  SINCE SEP 1    230                       209     21
  SINCE JAN 1   1419                      1436    -17
..................................................................


WIND (MPH)
  HIGHEST WIND SPEED    10   HIGHEST WIND DIRECTION    NW (330)
  HIGHEST GUST SPEED    14   HIGHEST GUST DIRECTION    NW (320)
  AVERAGE WIND SPEED     5.1


SKY COVER
  POSSIBLE SUNSHINE  MM
  AVERAGE SKY COVER 0.5


WEATHER CONDITIONS
 THE FOLLOWING WEATHER WAS RECORDED YESTERDAY.
  LIGHT RAIN


RELATIVE HUMIDITY (PERCENT)
 HIGHEST    90           300 AM
 LOWEST     39           300 PM
 AVERAGE    65

..........................................................


THE DANVILLE VA CLIMATE NORMALS FOR TODAY
                         NORMAL    RECORD    YEAR
 MAXIMUM TEMPERATURE (F)   56        75      1979
 MINIMUM TEMPERATURE (F)   35        15      1950


SUNRISE AND SUNSET
NOVEMBER 26 2014......SUNRISE   706 AM EST   SUNSET   503 PM EST
NOVEMBER 27 2014......SUNRISE   707 AM EST   SUNSET   503 PM EST


-  INDICATES NEGATIVE NUMBERS.
R  INDICATES RECORD WAS SET OR TIED.
MM INDICATES DATA IS MISSING.
T  INDICATES TRACE AMOUNT.




$$
