000
CDUS41 KRNK 210717
CLIDAN


CLIMATE REPORT
NATIONAL WEATHER SERVICE BLACKSBURG VA
215 AM EST TUE NOV 21 2017


...................................

...THE DANVILLE VA CLIMATE SUMMARY FOR NOVEMBER 20 2017...

CLIMATE NORMAL PERIOD 1981 TO 2010
CLIMATE RECORD PERIOD 1948 TO 2017


WEATHER ITEM   OBSERVED TIME   RECORD YEAR NORMAL DEPARTURE LAST
                VALUE   (LST)  VALUE       VALUE  FROM      YEAR
                                                  NORMAL
..................................................................
TEMPERATURE (F)
 YESTERDAY
  MAXIMUM         55    323 PM  77    1963  58     -3       50
  MINIMUM         26    503 AM  15    1951  37    -11       33
  AVERAGE         41                        48     -7       42

PRECIPITATION (IN)
  YESTERDAY        0.00          1.65 1952   0.11  -0.11     0.00
  MONTH TO DATE    2.01                      2.27  -0.26     0.04
  SINCE SEP 1      7.53                      9.76  -2.23     7.96
  SINCE JAN 1     41.63                     40.05   1.58    44.22

SNOWFALL (IN)
  YESTERDAY        0.0                                       0.0
  MONTH TO DATE    0.0                                       0.0
  SINCE SEP 1      0.0                                       0.0
  SINCE JUL 1      0.0                                       0.0
  SNOW DEPTH       0

DEGREE DAYS
 HEATING
  YESTERDAY       24                        17      7       23
  MONTH TO DATE  318                       281     37      274
  SINCE SEP 1    517                       514      3      410
  SINCE JUL 1    517                       514      3      410

 COOLING
  YESTERDAY        0                         0      0        0
  MONTH TO DATE    0                         0      0        5
  SINCE SEP 1    227                       209     18      343
  SINCE JAN 1   1401                      1436    -35     1648
..................................................................


WIND (MPH)
  HIGHEST WIND SPEED     9   HIGHEST WIND DIRECTION     W (270)
  HIGHEST GUST SPEED    15   HIGHEST GUST DIRECTION    NW (310)
  AVERAGE WIND SPEED     2.9


SKY COVER
  AVERAGE SKY COVER 0.0


WEATHER CONDITIONS
 THE FOLLOWING WEATHER WAS RECORDED YESTERDAY.
  NO SIGNIFICANT WEATHER WAS OBSERVED.


RELATIVE HUMIDITY (PERCENT)
 HIGHEST    92           400 AM
 LOWEST     27           300 PM
 AVERAGE    60

..........................................................


THE DANVILLE VA CLIMATE NORMALS FOR TODAY
                         NORMAL    RECORD    YEAR
 MAXIMUM TEMPERATURE (F)   58        76      2007
                                             1979
 MINIMUM TEMPERATURE (F)   36        15      1951


SUNRISE AND SUNSET
NOVEMBER 21 2017......SUNRISE   701 AM EST   SUNSET   505 PM EST
NOVEMBER 22 2017......SUNRISE   702 AM EST   SUNSET   504 PM EST


-  INDICATES NEGATIVE NUMBERS.
R  INDICATES RECORD WAS SET OR TIED.
MM INDICATES DATA IS MISSING.
T  INDICATES TRACE AMOUNT.

REMARKS:
DUE TO MISSING RAINFALL ON AUGUST 21-24...ALL PRECIPITATION DATA
WILL BE CALCULATED WITHOUT DATA FROM THESE DATES.

$$
RCS
