000
CDUS41 KRNK 292110
CLIDAN


CLIMATE REPORT
NATIONAL WEATHER SERVICE BLACKSBURG VA
508 PM EDT SUN MAY 29 2016


...................................

...THE DANVILLE VA CLIMATE SUMMARY FOR MAY 29 2016...
VALID TODAY AS OF 0500 PM LOCAL TIME.

CLIMATE NORMAL PERIOD 1981 TO 2010
CLIMATE RECORD PERIOD 1948 TO 2016


WEATHER ITEM   OBSERVED TIME   RECORD YEAR NORMAL DEPARTURE LAST
                VALUE   (LST)  VALUE       VALUE  FROM      YEAR
                                                  NORMAL
..................................................................
TEMPERATURE (F)
 TODAY
  MAXIMUM         74    109 PM  93    1967  80     -6       89
  MINIMUM         64    451 AM  45    2008  60      4       62
  AVERAGE         69                        70     -1       76

PRECIPITATION (IN)
  TODAY            0.05          1.85 1971   0.15  -0.10     0.02
  MONTH TO DATE    7.27                      3.60   3.67     1.11
  SINCE MAR 1     12.40                     11.17   1.23     6.08
  SINCE JAN 1     19.25                     17.60   1.65     9.87

SNOWFALL (IN)
  TODAY            0.0                                       0.0
  MONTH TO DATE    0.0                                       0.0
  SINCE MAR 1      0.0                                        T
  SINCE JUL 1     11.1                                       9.8
  SNOW DEPTH       0

DEGREE DAYS
 HEATING
  TODAY            0                         1     -1        0
  MONTH TO DATE   79                        67     12       24
  SINCE MAR 1    599                       809   -210      680
  SINCE JUL 1   3061                      3810   -749     3774

 COOLING
  TODAY            4                         6     -2       11
  MONTH TO DATE   72                        98    -26      169
  SINCE MAR 1    119                       132    -13      203
  SINCE JAN 1    119                       132    -13      203
..................................................................


WIND (MPH)
  HIGHEST WIND SPEED    14   HIGHEST WIND DIRECTION     N (360)
  HIGHEST GUST SPEED    23   HIGHEST GUST DIRECTION     N (350)
  AVERAGE WIND SPEED     2.9


SKY COVER
  AVERAGE SKY COVER 0.5


WEATHER CONDITIONS
 THE FOLLOWING WEATHER WAS RECORDED TODAY.
  LIGHT RAIN
  FOG


RELATIVE HUMIDITY (PERCENT)
 HIGHEST    93           600 AM
 LOWEST     79          1200 PM
 AVERAGE    86

..........................................................


THE DANVILLE VA CLIMATE NORMALS FOR TOMORROW
                         NORMAL    RECORD    YEAR
 MAXIMUM TEMPERATURE (F)   80        97      1953
 MINIMUM TEMPERATURE (F)   60        48      1958


SUNRISE AND SUNSET
MAY 29 2016...........SUNRISE   601 AM EDT   SUNSET   829 PM EDT
MAY 30 2016...........SUNRISE   601 AM EDT   SUNSET   829 PM EDT


-  INDICATES NEGATIVE NUMBERS.
R  INDICATES RECORD WAS SET OR TIED.
MM INDICATES DATA IS MISSING.
T  INDICATES TRACE AMOUNT.


REMARKS:
DUE TO A SENSOR FAILURE CAUSING MISSING TEMPERATURES ON FEBRUARY
25...THE SEASONAL HEATING DEGREE DAY TOTAL AND DEPARTURE FROM
NORMAL WILL BE CALCULATED WITHOUT DATA FROM THIS DATE.


$$

PW
