000
CDUS41 KRNK 262053
CLIDAN


CLIMATE REPORT
NATIONAL WEATHER SERVICE BLACKSBURG VA
451 PM EDT SUN APR 26 2015


...................................

...THE DANVILLE VA CLIMATE SUMMARY FOR APRIL 26 2015...
VALID TODAY AS OF 0400 PM LOCAL TIME.

CLIMATE NORMAL PERIOD 1981 TO 2010
CLIMATE RECORD PERIOD 1948 TO 2015


WEATHER ITEM   OBSERVED TIME   RECORD YEAR NORMAL DEPARTURE LAST
                VALUE   (LST)  VALUE       VALUE  FROM      YEAR
                                                  NORMAL
..................................................................
TEMPERATURE (F)
 TODAY
  MAXIMUM         54    306 PM  95    1960  73    -19       81
  MINIMUM         44    759 AM  36    2013  49     -5       45
                                      1981
  AVERAGE         49                        61    -12

PRECIPITATION (IN)
  TODAY            0.06          3.60 1978   0.11  -0.05     0.00
  MONTH TO DATE    2.68                      3.04  -0.36     3.32
  SINCE MAR 1      4.80                      7.15  -2.35     6.52
  SINCE JAN 1      8.59                     13.58  -4.99    11.64

SNOWFALL (IN)
  TODAY            0.0
  MONTH TO DATE    0.0
  SINCE MAR 1      T
  SINCE JUL 1      9.8
  SNOW DEPTH       0

DEGREE DAYS
 HEATING
  TODAY           16                         5     11
  MONTH TO DATE  145                       212    -67
  SINCE MAR 1    617                       722   -105
  SINCE JUL 1   3711                      3723    -12

 COOLING
  TODAY            0                         1     -1
  MONTH TO DATE   34                        25      9
  SINCE MAR 1     34                        28      6
  SINCE JAN 1     34                        28      6
..................................................................


WIND (MPH)
  HIGHEST WIND SPEED    14   HIGHEST WIND DIRECTION    NE (40)
  HIGHEST GUST SPEED    17   HIGHEST GUST DIRECTION    NE (30)
  AVERAGE WIND SPEED     7.8


SKY COVER
  POSSIBLE SUNSHINE  MM
  AVERAGE SKY COVER 1.0


WEATHER CONDITIONS
 THE FOLLOWING WEATHER WAS RECORDED TODAY.
  LIGHT RAIN
  FOG


RELATIVE HUMIDITY (PERCENT)
 HIGHEST    89          1200 AM
 LOWEST     66           200 PM
 AVERAGE    78

..........................................................


THE DANVILLE VA CLIMATE NORMALS FOR TOMORROW
                         NORMAL    RECORD    YEAR
 MAXIMUM TEMPERATURE (F)   73        95      1990
 MINIMUM TEMPERATURE (F)   50        33      1976


SUNRISE AND SUNSET
APRIL 26 2015.........SUNRISE   630 AM EDT   SUNSET   801 PM EDT
APRIL 27 2015.........SUNRISE   629 AM EDT   SUNSET   802 PM EDT


-  INDICATES NEGATIVE NUMBERS.
R  INDICATES RECORD WAS SET OR TIED.
MM INDICATES DATA IS MISSING.
T  INDICATES TRACE AMOUNT.




$$
