000
CDUS41 KRNK 210919
CLIDAN


CLIMATE REPORT
NATIONAL WEATHER SERVICE BLACKSBURG VA
514 AM EDT MON APR 21 2014


...................................

...THE DANVILLE VA CLIMATE SUMMARY FOR APRIL 20 2014...

CLIMATE NORMAL PERIOD 1981 TO 2010
CLIMATE RECORD PERIOD 1948 TO 2014


WEATHER ITEM   OBSERVED TIME   RECORD YEAR NORMAL DEPARTURE LAST
                VALUE   (LST)  VALUE       VALUE  FROM      YEAR
                                                  NORMAL
..................................................................
TEMPERATURE (F)
 YESTERDAY
  MAXIMUM         70    344 PM  94    1976  71     -1       65
  MINIMUM         47   1159 PM  30    2001  48     -1       39
  AVERAGE         59                        60     -1

PRECIPITATION (IN)
  YESTERDAY        0.00          1.55 1959   0.11  -0.11     0.00
  MONTH TO DATE    3.21                      2.35   0.86     1.96
  SINCE MAR 1      6.41                      6.46  -0.05     4.51
  SINCE JAN 1     11.53                     12.89  -1.36    14.32

SNOWFALL (IN)
  YESTERDAY        0.0
  MONTH TO DATE    0.0
  SINCE MAR 1      5.5
  SINCE JUL 1     13.4
  SNOW DEPTH       0

DEGREE DAYS
 HEATING
  YESTERDAY        6                         6      0
  MONTH TO DATE  156                       179    -23
  SINCE MAR 1    801                       689    112
  SINCE JUL 1   3806                      3690    116

 COOLING
  YESTERDAY        0                         1     -1
  MONTH TO DATE   13                        19     -6
  SINCE MAR 1     13                        22     -9
  SINCE JAN 1     13                        22     -9
..................................................................


WIND (MPH)
  HIGHEST WIND SPEED    24   HIGHEST WIND DIRECTION    NE (40)
  HIGHEST GUST SPEED    33   HIGHEST GUST DIRECTION    NE (40)
  AVERAGE WIND SPEED    10.5


SKY COVER
  POSSIBLE SUNSHINE  MM
  AVERAGE SKY COVER 0.0


WEATHER CONDITIONS
 THE FOLLOWING WEATHER WAS RECORDED YESTERDAY.
  NO SIGNIFICANT WEATHER WAS OBSERVED.


RELATIVE HUMIDITY (PERCENT)
 HIGHEST    80          1200 AM
 LOWEST     26           300 PM
 AVERAGE    53

..........................................................


THE DANVILLE VA CLIMATE NORMALS FOR TODAY
                         NORMAL    RECORD    YEAR
 MAXIMUM TEMPERATURE (F)   72        95      1985
 MINIMUM TEMPERATURE (F)   48        27      1956


SUNRISE AND SUNSET
APRIL 21 2014.........SUNRISE   636 AM EDT   SUNSET   757 PM EDT
APRIL 22 2014.........SUNRISE   635 AM EDT   SUNSET   758 PM EDT


-  INDICATES NEGATIVE NUMBERS.
R  INDICATES RECORD WAS SET OR TIED.
MM INDICATES DATA IS MISSING.
T  INDICATES TRACE AMOUNT.


REMARKS:
DUE TO A POWER FAILURE CAUSING A MISSING LOW TEMPERATURE ON
JANUARY 22...THE SEASONAL TOTAL AND DEPARTURE FROM NORMAL FOR HDD
WILL BE CALCULATED WITHOUT DATA FROM THAT DATE.


$$
