000
CXUS51 KRNK 011055
CLMDAN


CLIMATE REPORT
NATIONAL WEATHER SERVICE BLACKSBURG VA
554 AM EST MON FEB 1 2016

...................................

...THE DANVILLE VA CLIMATE SUMMARY FOR THE MONTH OF JANUARY 2016...

CLIMATE NORMAL PERIOD 1981 TO 2010
CLIMATE RECORD PERIOD 1948 TO 2016

WEATHER         OBSERVED          NORMAL  DEPART  LAST YEAR`S
                 VALUE   DATE(S)  VALUE   FROM    VALUE
                                          NORMAL
.............................................................
TEMPERATURE (F)
RECORD
 HIGH              80   01/31/2002
                        01/30/2002
 LOW               -5   01/21/1985
HIGHEST            68   01/31                         67
LOWEST             14   01/20                          9
AVG. MAXIMUM     46.4              46.4     0.0     48.6
AVG. MINIMUM     26.0              29.0    -3.0     27.3
MEAN             36.2              37.7    -1.5     37.9
DAYS MAX >= 90      0               0.0     0.0        0
DAYS MAX <= 32      4               3.2     0.8        1
DAYS MIN <= 32     25              19.8     5.2       24
DAYS MIN <= 0       0               0.0     0.0        0

PRECIPITATION (INCHES)
RECORD
 MAXIMUM         8.73   1978
 MINIMUM         0.72   1981
TOTALS           2.54              3.42   -0.88     1.51
DAILY AVG.       0.08              0.11   -0.03     0.05
DAYS >= .01         8              10.1    -2.1        9
DAYS >= .10         5               6.3    -1.3        5
DAYS >= .50         2               2.7    -0.7        1
DAYS >= 1.00        0               0.8    -0.8        0
GREATEST
 24 HR. TOTAL    0.99                               0.74

SNOWFALL (INCHES)
TOTALS            9.2                                  T
DAYS >= TRACE       4                                  2
DAYS >= 1.0         1                                  0
GREATEST
 24 HR TOTAL      7.8                                  T

DEGREE_DAYS
HEATING TOTAL     883               846      37      833
COOLING TOTAL       0                 0       0        0
..............................................................

WIND (MPH)
AVERAGE WIND SPEED              6.5
HIGHEST WIND SPEED/DIRECTION    28/230    DATE  01/12
HIGHEST GUST SPEED/DIRECTION    40/270    DATE  01/12

SKY COVER
AVERAGE SKY COVER           0.30

AVERAGE RH (PERCENT)     62

WEATHER CONDITIONS. NUMBER OF DAYS WITH
THUNDERSTORM              0     MIXED PRECIP               0
HEAVY RAIN                1     RAIN                       1
LIGHT RAIN                5     FREEZING RAIN              0
LT FREEZING RAIN          1     HAIL                       0
HEAVY SNOW                0     SNOW                       1
LIGHT SNOW                4     SLEET                      1
FOG                      12     FOG W/VIS <= 1/4 MILE      3
HAZE                      0

-  INDICATES NEGATIVE NUMBERS.
R  INDICATES RECORD WAS SET OR TIED.
MM INDICATES DATA IS MISSING.
T  INDICATES TRACE AMOUNT.

$$
