000
CXUS51 KRNK 011140
CLMDAN

CLIMATE REPORT
NATIONAL WEATHER SERVICE BLACKSBURG VA
740 AM EDT SAT AUG 1 2015

...................................

...THE DANVILLE VA CLIMATE SUMMARY FOR THE MONTH OF JULY 2015...

CLIMATE NORMAL PERIOD 1981 TO 2010
CLIMATE RECORD PERIOD 1948 TO 2015

WEATHER         OBSERVED          NORMAL  DEPART  LAST YEAR`S
                 VALUE   DATE(S)  VALUE   FROM    VALUE
                                          NORMAL
.............................................................
TEMPERATURE (F)
RECORD
 HIGH             105   07/10/1990
                        07/14/1954
 LOW               50   07/22/1974
                        07/11/1963
                        07/27/1962
HIGHEST            93   07/20                         97
                        07/19
                        07/18
LOWEST             65   07/12                         54
                        07/01
AVG. MAXIMUM     87.7              88.0    -0.3     87.5
AVG. MINIMUM     69.4              68.6     0.8     66.7
MEAN             78.5              78.3     0.2     77.1
DAYS MAX >= 90      7              11.5    -4.5       11
DAYS MAX <= 32      0               0.0     0.0        0
DAYS MIN <= 32      0               0.0     0.0        0
DAYS MIN <= 0       0               0.0     0.0        0

PRECIPITATION (INCHES)
RECORD
 MAXIMUM        11.50   2013
 MINIMUM         0.70   1957
TOTALS           7.24              4.59    2.65     3.73
DAILY AVG.       0.23              0.15    0.08     0.12
DAYS >= .01        13              10.8     2.2       10
DAYS >= .10        10               7.4     2.6        6
DAYS >= .50         5               3.4     1.6        3
DAYS >= 1.00        2               1.2     0.8        1
GREATEST
 24 HR. TOTAL    2.19                               1.28

SNOWFALL (INCHES)
TOTALS            0.0                                0.0
DAYS >= TRACE       0                                  0
DAYS >= 1.0         0                                  0
GREATEST
 24 HR TOTAL      0.0                                0.0

DEGREE_DAYS
HEATING TOTAL       0                 0       0        0
COOLING TOTAL     425               412      13      383
..............................................................

WIND (MPH)
AVERAGE WIND SPEED              4.1
HIGHEST WIND SPEED/DIRECTION    31/340    DATE  07/04
HIGHEST GUST SPEED/DIRECTION    42/100    DATE  07/13

SKY COVER
AVERAGE SKY COVER           0.30

AVERAGE RH (PERCENT)     74

WEATHER CONDITIONS. NUMBER OF DAYS WITH
THUNDERSTORM              8     MIXED PRECIP               0
HEAVY RAIN                9     RAIN                      11
LIGHT RAIN               14     FREEZING RAIN              0
LT FREEZING RAIN          0     HAIL                       0
HEAVY SNOW                0     SNOW                       0
LIGHT SNOW                0     SLEET                      0
FOG                      20     FOG W/VIS <= 1/4 MILE      1
HAZE                      1

-  INDICATES NEGATIVE NUMBERS.
R  INDICATES RECORD WAS SET OR TIED.
MM INDICATES DATA IS MISSING.
T  INDICATES TRACE AMOUNT.

$$

PW
