000
CXUS51 KRNK 012226
CLMDAN


CLIMATE REPORT
NATIONAL WEATHER SERVICE BLACKSBURG VA
618 PM EDT THU SEP 1 2016

...................................

...THE DANVILLE VA CLIMATE SUMMARY FOR THE MONTH OF AUGUST 2016...

CLIMATE NORMAL PERIOD 1981 TO 2010
CLIMATE RECORD PERIOD 1948 TO 2016

WEATHER         OBSERVED          NORMAL  DEPART  LAST YEAR`S
                 VALUE   DATE(S)  VALUE   FROM    VALUE
                                          NORMAL
.............................................................
TEMPERATURE (F)
RECORD
 HIGH             105   08/23/1983
 LOW               46   08/09/1989
HIGHEST            94   08/26                         95
LOWEST             59   08/23                         59
AVG. MAXIMUM     88.3              86.2     2.1     87.0
AVG. MINIMUM     69.5              67.9     1.6     66.0
MEAN             78.9              77.0     1.9     76.5
DAYS MAX >= 90     14               8.2     5.8        8
DAYS MAX <= 32      0               0.0     0.0        0
DAYS MIN <= 32      0               0.0     0.0        0
DAYS MIN <= 0       0               0.0     0.0        0

PRECIPITATION (INCHES)
RECORD
 MAXIMUM         9.63   1996
 MINIMUM         0.60   2007
TOTALS           4.94              3.97    0.97     3.06
DAILY AVG.       0.16              0.13    0.03     0.10
DAYS >= .01        11               9.0     2.0        9
DAYS >= .10         6               6.0     0.0        4
DAYS >= .50         5               2.4     2.6        2
DAYS >= 1.00        1               1.1    -0.1        1
GREATEST
 24 HR. TOTAL    1.89                               1.64

SNOWFALL (INCHES)
TOTALS            0.0                                0.0
DAYS >= TRACE       0                                  0
DAYS >= 1.0         0                                  0
GREATEST
 24 HR TOTAL      0.0                                0.0

DEGREE_DAYS
HEATING TOTAL       0                 0       0        0
COOLING TOTAL     438               374      64      364
..............................................................

WIND (MPH)
AVERAGE WIND SPEED              3.6
HIGHEST WIND SPEED/DIRECTION    28/330    DATE  08/17
HIGHEST GUST SPEED/DIRECTION    37/110    DATE  08/27

SKY COVER
AVERAGE SKY COVER           0.30

AVERAGE RH (PERCENT)     79

WEATHER CONDITIONS. NUMBER OF DAYS WITH
THUNDERSTORM              8     MIXED PRECIP               0
HEAVY RAIN                6     RAIN                       6
LIGHT RAIN               14     FREEZING RAIN              0
LT FREEZING RAIN          0     HAIL                       0
HEAVY SNOW                0     SNOW                       0
LIGHT SNOW                0     SLEET                      0
FOG                      17     FOG W/VIS <= 1/4 MILE      3
HAZE                      0

-  INDICATES NEGATIVE NUMBERS.
R  INDICATES RECORD WAS SET OR TIED.
MM INDICATES DATA IS MISSING.
T  INDICATES TRACE AMOUNT.

$$

PW
