000
CXUS51 KRNK 011049
CLMDAN


CLIMATE REPORT
NATIONAL WEATHER SERVICE BLACKSBURG VA
541 AM EST WED MAR 1 2017

...................................

...THE DANVILLE VA CLIMATE SUMMARY FOR THE MONTH OF FEBRUARY 2017...

CLIMATE NORMAL PERIOD 1981 TO 2010
CLIMATE RECORD PERIOD 1948 TO 2017

WEATHER         OBSERVED          NORMAL  DEPART  LAST YEAR`S
                 VALUE   DATE(S)  VALUE   FROM    VALUE
                                          NORMAL
.............................................................
TEMPERATURE (F)
RECORD
 HIGH              85   02/27/1977
 LOW                3   02/20/2015
                        02/18/1958
                        02/08/1936
HIGHEST            83   02/12                         73
LOWEST             18   02/04                         13
AVG. MAXIMUM     62.8              50.1    12.7     52.1
AVG. MINIMUM     35.2              31.8     3.4     31.2
MEAN             49.0              40.9     8.1     41.7
DAYS MAX >= 90      0               0.0     0.0        0
DAYS MAX <= 32      0               0.7    -0.7        2
DAYS MIN <= 32     12              16.1    -4.1       18
DAYS MIN <= 0       0               0.0     0.0        0

PRECIPITATION (INCHES)
RECORD
 MAXIMUM         6.62   1998
 MINIMUM         0.41   1968
TOTALS           0.89              3.01   -2.12     4.31
DAILY AVG.       0.03              0.11   -0.08     0.15
DAYS >= .01         5               9.2    -4.2       12
DAYS >= .10         3               6.2    -3.2        5
DAYS >= .50         0               2.2    -2.2        3
DAYS >= 1.00        0               0.6    -0.6        1
GREATEST
 24 HR. TOTAL    0.35                               1.65

SNOWFALL (INCHES)
TOTALS              T                                1.9
DAYS >= TRACE       1                                  4
DAYS >= 1.0         0                                  1
GREATEST
 24 HR TOTAL        T                                1.1

DEGREE_DAYS
HEATING TOTAL     446               673    -227      646
COOLING TOTAL       5                 0       5        0
..............................................................

WIND (MPH)
AVERAGE WIND SPEED              5.9
HIGHEST WIND SPEED/DIRECTION    29/280    DATE  02/09
HIGHEST GUST SPEED/DIRECTION    46/300    DATE  02/09

SKY COVER
AVERAGE SKY COVER           0.30

AVERAGE RH (PERCENT)     58

WEATHER CONDITIONS. NUMBER OF DAYS WITH
THUNDERSTORM              2     MIXED PRECIP               0
HEAVY RAIN                1     RAIN                       3
LIGHT RAIN                7     FREEZING RAIN              0
LT FREEZING RAIN          0     HAIL                       0
HEAVY SNOW                0     SNOW                       0
LIGHT SNOW                0     SLEET                      1
FOG                       8     FOG W/VIS <= 1/4 MILE      3
HAZE                      0

-  INDICATES NEGATIVE NUMBERS.
R  INDICATES RECORD WAS SET OR TIED.
MM INDICATES DATA IS MISSING.
T  INDICATES TRACE AMOUNT.

$$
