000
CXUS51 KRNK 012329
CLMDAN

CLIMATE REPORT...CORRECTED
NATIONAL WEATHER SERVICE BLACKSBURG VA
729 PM EDT FRI MAY 1 2015

...................................

...THE DANVILLE VA CLIMATE SUMMARY FOR THE MONTH OF APRIL 2015...

CLIMATE NORMAL PERIOD 1981 TO 2010
CLIMATE RECORD PERIOD 1948 TO 2015

WEATHER         OBSERVED          NORMAL  DEPART  LAST YEAR`S
                 VALUE   DATE(S)  VALUE   FROM    VALUE
                                          NORMAL
.............................................................
TEMPERATURE (F)
RECORD
 HIGH              95   04/28/1990
                        04/27/1990
                        04/23/1985
 LOW               22   04/08/2007
HIGHEST            84   04/10                 6
                        04/08
LOWEST             29   04/05               -10
AVG. MAXIMUM     71.8              69.8     2.0     71.5
AVG. MINIMUM     47.6              46.8     0.8     45.0
MEAN             59.7              58.3     1.4     58.2
DAYS MAX >= 90      0               0.1    -0.1
DAYS MAX <= 32      0               0.0     0.0
DAYS MIN <= 32      1               1.3    -0.3
DAYS MIN <= 0       0               0.0     0.0

PRECIPITATION (INCHES)
RECORD
 MAXIMUM         8.25   1987
 MINIMUM         0.32   1985
TOTALS           2.85              3.46   -0.61     5.76
DAILY AVG.       0.09              0.12   -0.03     0.19
DAYS >= .01        12              10.4     1.6
DAYS >= .10         7               6.9     0.1
DAYS >= .50         2               2.7    -0.7
DAYS >= 1.00        0               0.9    -0.9
GREATEST
 24 HR. TOTAL    0.77   04/14 TO 04/15

SNOWFALL (INCHES)
TOTALS            0.0                                0.0
SINCE 7/1         9.8
SNOWDEPTH AVG.      0
DAYS >= 1.0         0
GREATEST
 SNOW DEPTH         0

DEGREE_DAYS
HEATING TOTAL     184               232     -48
 SINCE 7/1       3750              3743       7
COOLING TOTAL      34                31       3
 SINCE 1/1         34                34       0
..............................................................

WIND (MPH)
AVERAGE WIND SPEED              6.4
HIGHEST WIND SPEED/DIRECTION    30/250    DATE  04/04
HIGHEST GUST SPEED/DIRECTION    39/030    DATE  04/08

SKY COVER
POSSIBLE SUNSHINE (PERCENT)   MM
AVERAGE SKY COVER           0.40
NUMBER OF DAYS FAIR           15
NUMBER OF DAYS PC              8
NUMBER OF DAYS CLOUDY          7

AVERAGE RH (PERCENT)     63

WEATHER CONDITIONS. NUMBER OF DAYS WITH
THUNDERSTORM              5     MIXED PRECIP               0
HEAVY RAIN                3     RAIN                       4
LIGHT RAIN               16     FREEZING RAIN              0
LT FREEZING RAIN          0     HAIL                       0
HEAVY SNOW                0     SNOW                       0
LIGHT SNOW                0     SLEET                      0
FOG                      14     FOG W/VIS <= 1/4 MILE      1
HAZE                      0

-  INDICATES NEGATIVE NUMBERS.
R  INDICATES RECORD WAS SET OR TIED.
MM INDICATES DATA IS MISSING.
T  INDICATES TRACE AMOUNT.

REMARKS:
DUE TO EQUIPMENT FAILURE RESULTING IN MISSING TEMPERATURE DATA ON
FEBRUARY 15...THE SEASONAL TOTAL AND DEPARTURE FROM NORMAL FOR HDD
WILL BE CALCULATED WITHOUT DATA FROM THIS DATE.

$$

PW
