000
CXUS51 KRNK 011536
CLMDAN

CLIMATE REPORT
NATIONAL WEATHER SERVICE BLACKSBURG VA
1011 AM EST SUN MAR 1 2015

...................................

...THE DANVILLE VA CLIMATE SUMMARY FOR THE MONTH OF FEBRUARY 2015...

CLIMATE NORMAL PERIOD 1981 TO 2010
CLIMATE RECORD PERIOD 1948 TO 2015

WEATHER         OBSERVED          NORMAL  DEPART  LAST YEAR`S
                 VALUE   DATE(S)  VALUE   FROM    VALUE
                                          NORMAL
.............................................................
TEMPERATURE (F)
RECORD
 HIGH              85   02/27/1977
 LOW                3   02/20/2015
                        02/18/1958
                        02/08/1936
HIGHEST            73   02/08                12
LOWEST              3R  02/20               -18
AVG. MAXIMUM     44.9              50.1    -5.2     51.9
AVG. MINIMUM     22.3              31.8    -9.5     29.9
MEAN             33.6              40.9    -7.3     40.9
DAYS MAX >= 90      0               0.0     0.0
DAYS MAX <= 32      4               0.7     3.3
DAYS MIN <= 32     25              16.1     8.9
DAYS MIN <= 0       0               0.0     0.0

PRECIPITATION (INCHES)
RECORD
 MAXIMUM         6.62   1998
 MINIMUM         0.41   1968
TOTALS           2.28              3.01   -0.73     1.83
DAILY AVG.       0.08              0.11   -0.03     0.07
DAYS >= .01         9               9.2    -0.2
DAYS >= .10         7               6.2     0.8
DAYS >= .50         0               2.2    -2.2
DAYS >= 1.00        0               0.6    -0.6
GREATEST
 24 HR. TOTAL    0.66   02/09 TO 02/10

SNOWFALL (INCHES)
TOTALS            9.8                                6.3
SINCE 7/1         9.8
SNOWDEPTH AVG.      0
DAYS >= 1.0         2
GREATEST
 SNOW DEPTH         4

DEGREE_DAYS
HEATING TOTAL     840               673     167
 SINCE 7/1       3094              3001      93
COOLING TOTAL       0                 0       0
 SINCE 1/1          0                 0       0
..............................................................

WIND (MPH)
AVERAGE WIND SPEED              6.7
HIGHEST WIND SPEED/DIRECTION    39/270    DATE  02/14
HIGHEST GUST SPEED/DIRECTION    55/270    DATE  02/14

SKY COVER
POSSIBLE SUNSHINE (PERCENT)   MM
AVERAGE SKY COVER           0.40
NUMBER OF DAYS FAIR           16
NUMBER OF DAYS PC              5
NUMBER OF DAYS CLOUDY          6

AVERAGE RH (PERCENT)     56

WEATHER CONDITIONS. NUMBER OF DAYS WITH
THUNDERSTORM              0     MIXED PRECIP               0
HEAVY RAIN                1     RAIN                       2
LIGHT RAIN                7     FREEZING RAIN              0
LT FREEZING RAIN          0     HAIL                       0
HEAVY SNOW                0     SNOW                       0
LIGHT SNOW                7     SLEET                      3
FOG                       9     FOG W/VIS <= 1/4 MILE      1
HAZE                      2

-  INDICATES NEGATIVE NUMBERS.
R  INDICATES RECORD WAS SET OR TIED.
MM INDICATES DATA IS MISSING.
T  INDICATES TRACE AMOUNT.

REMARKS:
DUE TO AN EQUIPMENT FAILURE CAUSING MISSING TEMPERATURE DATA ON
FEBRUARY 15...ALL TEMPERATURE DATA AND HDD WILL BE CALCULATED
WITHOUT DATA FROM THIS DATE.

$$

PW
