000
CXUS51 KRNK 020922
CLMDAN

CLIMATE REPORT
NATIONAL WEATHER SERVICE BLACKSBURG VA
536 AM EDT WED OCT 1 2014

...................................

...THE DANVILLE VA CLIMATE SUMMARY FOR THE MONTH OF SEPTEMBER 2014...

CLIMATE NORMAL PERIOD 1981 TO 2010
CLIMATE RECORD PERIOD 1948 TO 2014

WEATHER         OBSERVED          NORMAL  DEPART  LAST YEAR`S
                 VALUE   DATE(S)  VALUE   FROM    VALUE
                                          NORMAL
.............................................................
TEMPERATURE (F)
RECORD
 HIGH             104   09/06/1954
 LOW               34   09/30/1951
HIGHEST            94   09/02                 6
LOWEST             52   09/27                -1
AVG. MAXIMUM     79.4              79.8    -0.4     80.1
AVG. MINIMUM     62.3              60.1     2.2     58.2
MEAN             70.8              69.9     0.9     69.1
DAYS MAX >= 90      3               2.4     0.6
DAYS MAX <= 32      0               0.0     0.0
DAYS MIN <= 32      0               0.0     0.0
DAYS MIN <= 0       0               0.0     0.0

PRECIPITATION (INCHES)
RECORD
 MAXIMUM        14.64   1996
 MINIMUM         0.21   1985
TOTALS           3.88              3.96   -0.08     1.15
DAILY AVG.       0.13              0.13    0.00     0.04
DAYS >= .01         8               8.2    -0.2
DAYS >= .10         6               5.2     0.8
DAYS >= .50         3               2.4     0.6
DAYS >= 1.00        1               1.3    -0.3
GREATEST
 24 HR. TOTAL    2.00   09/08 TO 09/08

SNOWFALL (INCHES)
TOTALS            0.0                                0.0
SINCE 7/1         0.0
SNOWDEPTH AVG.      0
DAYS >= 1.0         0
GREATEST
 SNOW DEPTH         0

DEGREE_DAYS
HEATING TOTAL      12                28     -16
 SINCE 7/1         12                28     -16
COOLING TOTAL     196               176      20
 SINCE 1/1       1385              1403     -18
..............................................................

WIND (MPH)
AVERAGE WIND SPEED              4.8
HIGHEST WIND SPEED/DIRECTION    26/310    DATE  09/11
HIGHEST GUST SPEED/DIRECTION    35/320    DATE  09/11

SKY COVER
POSSIBLE SUNSHINE (PERCENT)   MM
AVERAGE SKY COVER           0.50
NUMBER OF DAYS FAIR           12
NUMBER OF DAYS PC              8
NUMBER OF DAYS CLOUDY         10

AVERAGE RH (PERCENT)     75

WEATHER CONDITIONS. NUMBER OF DAYS WITH
THUNDERSTORM              4     MIXED PRECIP               0
HEAVY RAIN                3     RAIN                       5
LIGHT RAIN               13     FREEZING RAIN              0
LT FREEZING RAIN          0     HAIL                       0
HEAVY SNOW                0     SNOW                       0
LIGHT SNOW                0     SLEET                      0
FOG                      22     FOG W/VIS <= 1/4 MILE      3
HAZE                      0

-  INDICATES NEGATIVE NUMBERS.
R  INDICATES RECORD WAS SET OR TIED.
MM INDICATES DATA IS MISSING.
T  INDICATES TRACE AMOUNT.

$$
