000
CXUS51 KRNK 011432
CLMDAN


CLIMATE REPORT
NATIONAL WEATHER SERVICE BLACKSBURG VA
1026 AM EDT WED JUN 1 2016

...................................

...THE DANVILLE VA CLIMATE SUMMARY FOR THE MONTH OF MAY 2016...

CLIMATE NORMAL PERIOD 1981 TO 2010
CLIMATE RECORD PERIOD 1948 TO 2016

WEATHER         OBSERVED          NORMAL  DEPART  LAST YEAR`S
                 VALUE   DATE(S)  VALUE   FROM    VALUE
                                          NORMAL
.............................................................
TEMPERATURE (F)
RECORD
 HIGH              98   05/27/1965
 LOW               29   05/09/1976
HIGHEST            86   05/27                         89
                        05/26
                        05/25
LOWEST             38   05/16                         45
AVG. MAXIMUM     75.5              77.3    -1.8     82.4
AVG. MINIMUM     54.9              55.4    -0.5     57.9
MEAN             65.2              66.4    -1.2     70.2
DAYS MAX >= 90      0               0.9    -0.9        0
DAYS MAX <= 32      0               0.0     0.0        0
DAYS MIN <= 32      0               0.0     0.0        0
DAYS MIN <= 0       0               0.0     0.0        0

PRECIPITATION (INCHES)
RECORD
 MAXIMUM         8.20   2003
 MINIMUM         1.12   2015
TOTALS           7.57              3.88    3.69     1.12
DAILY AVG.       0.24              0.13    0.11     0.04
DAYS >= .01        17              11.0     6.0        6
DAYS >= .10        11               7.1     3.9        3
DAYS >= .50         7               2.8     4.2        1
DAYS >= 1.00        3               1.1     1.9        0
GREATEST
 24 HR. TOTAL    1.34                               0.58

SNOWFALL (INCHES)
TOTALS            0.0                                0.0
DAYS >= TRACE       0                                  0
DAYS >= 1.0         0                                  0
GREATEST
 24 HR TOTAL      0.0                                0.0

DEGREE_DAYS
HEATING TOTAL      79                68      11       24
COOLING TOTAL      92               110     -18      193
..............................................................

WIND (MPH)
AVERAGE WIND SPEED              4.9
HIGHEST WIND SPEED/DIRECTION    28/310    DATE  05/14
HIGHEST GUST SPEED/DIRECTION    43/310    DATE  05/14

SKY COVER
AVERAGE SKY COVER           0.50

AVERAGE RH (PERCENT)     75

WEATHER CONDITIONS. NUMBER OF DAYS WITH
THUNDERSTORM              4     MIXED PRECIP               0
HEAVY RAIN                8     RAIN                       9
LIGHT RAIN               20     FREEZING RAIN              0
LT FREEZING RAIN          0     HAIL                       0
HEAVY SNOW                0     SNOW                       0
LIGHT SNOW                0     SLEET                      0
FOG                      18     FOG W/VIS <= 1/4 MILE      2
HAZE                      0

-  INDICATES NEGATIVE NUMBERS.
R  INDICATES RECORD WAS SET OR TIED.
MM INDICATES DATA IS MISSING.
T  INDICATES TRACE AMOUNT.

$$
