000
CDUS41 KRNK 302122
CLILYH


CLIMATE REPORT
NATIONAL WEATHER SERVICE BLACKSBURG VA
521 PM EDT MON MAY 30 2016


...................................

...THE LYNCHBURG VA CLIMATE SUMMARY FOR MAY 30 2016...
VALID TODAY AS OF 0500 PM LOCAL TIME.

CLIMATE NORMAL PERIOD 1981 TO 2010
CLIMATE RECORD PERIOD 1893 TO 2016


WEATHER ITEM   OBSERVED TIME   RECORD YEAR NORMAL DEPARTURE LAST
                VALUE   (LST)  VALUE       VALUE  FROM      YEAR
                                                  NORMAL
..................................................................
TEMPERATURE (F)
 TODAY
  MAXIMUM         83    245 PM  95    1895  79      4       86
  MINIMUM         62    600 AM  44    2000  55      7       61
                                      1902
  AVERAGE         73                        67      6       74

PRECIPITATION (IN)
  TODAY            0.01          1.84 1975   0.13  -0.12     0.00
  MONTH TO DATE    6.89                      3.60   3.29     1.66
  SINCE MAR 1     12.37                     10.49   1.88     9.00
  SINCE JAN 1     19.66                     16.56   3.10    13.38

SNOWFALL (IN)
  TODAY           MM                                         0.0
  MONTH TO DATE    0.0                                       0.0
  SINCE MAR 1      T                                         2.5
  SINCE JUL 1     15.6                                      22.9
  SNOW DEPTH       0

DEGREE DAYS
 HEATING
  TODAY            0                         2     -2        0
  MONTH TO DATE  117                       120     -3       59
  SINCE MAR 1    799                      1019   -220      938
  SINCE JUL 1   3765                      4443   -678     4627

 COOLING
  TODAY            8                         4      4        9
  MONTH TO DATE   44                        60    -16      130
  SINCE MAR 1     61                        78    -17      138
  SINCE JAN 1     61                        78    -17      138
..................................................................


WIND (MPH)
  HIGHEST WIND SPEED     8   HIGHEST WIND DIRECTION    NE (50)
  HIGHEST GUST SPEED    10   HIGHEST GUST DIRECTION     S (190)
  AVERAGE WIND SPEED     2.0


SKY COVER
  AVERAGE SKY COVER 0.7


WEATHER CONDITIONS
 THE FOLLOWING WEATHER WAS RECORDED TODAY.
  LIGHT RAIN


RELATIVE HUMIDITY (PERCENT)
 HIGHEST    93          1200 AM
 LOWEST     55           300 PM
 AVERAGE    74

..........................................................


THE LYNCHBURG VA CLIMATE NORMALS FOR TOMORROW
                         NORMAL    RECORD    YEAR
 MAXIMUM TEMPERATURE (F)   79        97      1895
 MINIMUM TEMPERATURE (F)   56        41      2000


SUNRISE AND SUNSET
MAY 30 2016...........SUNRISE   558 AM EDT   SUNSET   831 PM EDT
MAY 31 2016...........SUNRISE   558 AM EDT   SUNSET   831 PM EDT


-  INDICATES NEGATIVE NUMBERS.
R  INDICATES RECORD WAS SET OR TIED.
MM INDICATES DATA IS MISSING.
T  INDICATES TRACE AMOUNT.

REMARKS:
DUE TO A SENSOR FAILURE CAUSING MISSING TEMPERATURES ON OCTOBER 22
AND 23...THE SEASONAL HEATING DEGREE DAY TOTAL AND DEPARTURE FROM
NORMAL WILL BE CALCULATED WITHOUT DATA FROM THESE DATES.


$$
RCS

$$
