000
CDUS41 KRNK 202207
CLILYH


CLIMATE REPORT
NATIONAL WEATHER SERVICE BLACKSBURG VA
506 PM EST MON FEB 20 2017


...................................

...THE LYNCHBURG VA CLIMATE SUMMARY FOR FEBRUARY 20 2017...
VALID TODAY AS OF 0500 PM LOCAL TIME.

CLIMATE NORMAL PERIOD 1981 TO 2010
CLIMATE RECORD PERIOD 1893 TO 2017


WEATHER ITEM   OBSERVED TIME   RECORD YEAR NORMAL DEPARTURE LAST
                VALUE   (LST)  VALUE       VALUE  FROM      YEAR
                                                  NORMAL
..................................................................
TEMPERATURE (F)
 TODAY
  MAXIMUM         71    340 PM  76    1930  50     21       66
  MINIMUM         35    651 AM -11    2015  28      7       38
  AVERAGE         53                        39     14       52

PRECIPITATION (IN)
  TODAY            0.00          0.78 1921   0.10  -0.10     0.00
  MONTH TO DATE    0.33                      2.09  -1.76     3.25
  SINCE DEC 1      7.21                      8.47  -1.26    10.99
  SINCE JAN 1      4.11                      5.23  -1.12     6.02

SNOWFALL (IN)
  TODAY            0.0                                       0.0
  MONTH TO DATE    0.0                                       5.4
  SINCE DEC 1      5.9                                      15.6
  SINCE JUL 1      5.9                                      15.6
  SNOW DEPTH       0

DEGREE DAYS
 HEATING
  TODAY           12                        26    -14       13
  MONTH TO DATE  391                       553   -162      604
  SINCE DEC 1   1969                      2331   -362     2071
  SINCE JUL 1   2599                      3225   -626     2781

 COOLING
  TODAY            0                         0      0        0
  MONTH TO DATE    1                         0      1        0
  SINCE DEC 1      1                         0      1        0
  SINCE JAN 1      1                         0      1        0
..................................................................


WIND (MPH)
  HIGHEST WIND SPEED     8   HIGHEST WIND DIRECTION    SE (150)
  HIGHEST GUST SPEED    12   HIGHEST GUST DIRECTION     S (160)
  AVERAGE WIND SPEED     1.8


SKY COVER
  AVERAGE SKY COVER 0.0


WEATHER CONDITIONS
 THE FOLLOWING WEATHER WAS RECORDED TODAY.
  NO SIGNIFICANT WEATHER WAS OBSERVED.


RELATIVE HUMIDITY (PERCENT)
 HIGHEST    92           600 AM
 LOWEST     22           100 PM
 AVERAGE    57

..........................................................


THE LYNCHBURG VA CLIMATE NORMALS FOR TOMORROW
                         NORMAL    RECORD    YEAR
 MAXIMUM TEMPERATURE (F)   51        75      1930
 MINIMUM TEMPERATURE (F)   28         3      2015


SUNRISE AND SUNSET
FEBRUARY 20 2017......SUNRISE   659 AM EST   SUNSET   602 PM EST
FEBRUARY 21 2017......SUNRISE   658 AM EST   SUNSET   603 PM EST


-  INDICATES NEGATIVE NUMBERS.
R  INDICATES RECORD WAS SET OR TIED.
MM INDICATES DATA IS MISSING.
T  INDICATES TRACE AMOUNT.


$$

PW
