000
CDUS41 KRNK 270645
CLILYH


CLIMATE REPORT
NATIONAL WEATHER SERVICE BLACKSBURG VA
235 AM EDT THU APR 27 2017


...................................

...THE LYNCHBURG VA CLIMATE SUMMARY FOR APRIL 26 2017...

CLIMATE NORMAL PERIOD 1981 TO 2010
CLIMATE RECORD PERIOD 1893 TO 2017


WEATHER ITEM   OBSERVED TIME   RECORD YEAR NORMAL DEPARTURE LAST
                VALUE   (LST)  VALUE       VALUE  FROM      YEAR
                                                  NORMAL
..................................................................
TEMPERATURE (F)
 YESTERDAY
  MAXIMUM         80    332 PM  93    1915  71      9       85
  MINIMUM         47    123 AM  30    1934  45      2       56
  AVERAGE         64                        58      6       71

PRECIPITATION (IN)
  YESTERDAY        0.00          3.67 1978   0.11  -0.11     0.19
  MONTH TO DATE    4.18                      2.88   1.30     1.84
  SINCE MAR 1      6.84                      6.46   0.38     5.20
  SINCE JAN 1     11.22                     12.53  -1.31    12.49

SNOWFALL (IN)
  YESTERDAY        0.0                                       0.0
  MONTH TO DATE    0.0                                       0.0
  SINCE MAR 1      T                                          T
  SINCE JUL 1      5.9                                      15.6
  SNOW DEPTH      MM

DEGREE DAYS
 HEATING
  YESTERDAY        1                         8     -7        0
  MONTH TO DATE  160                       276   -116      270
  SINCE MAR 1    699                       871   -172      660
  SINCE JUL 1   3408                      4295   -887     3626

 COOLING
  YESTERDAY        0                         1     -1        6
  MONTH TO DATE   26                        14     12       11
  SINCE MAR 1     26                        16     10       14
  SINCE JAN 1     27                        16     11       14
..................................................................


WIND (MPH)
  HIGHEST WIND SPEED    12   HIGHEST WIND DIRECTION     S (170)
  HIGHEST GUST SPEED    15   HIGHEST GUST DIRECTION     S (180)
  AVERAGE WIND SPEED     3.8


SKY COVER
  AVERAGE SKY COVER 0.3


WEATHER CONDITIONS
 THE FOLLOWING WEATHER WAS RECORDED YESTERDAY.
  FOG


RELATIVE HUMIDITY (PERCENT)
 HIGHEST   100          1200 AM
 LOWEST     48           400 PM
 AVERAGE    74

..........................................................


THE LYNCHBURG VA CLIMATE NORMALS FOR TODAY
                         NORMAL    RECORD    YEAR
 MAXIMUM TEMPERATURE (F)   71        93      1915
 MINIMUM TEMPERATURE (F)   46        31      1976


SUNRISE AND SUNSET
APRIL 27 2017.........SUNRISE   626 AM EDT   SUNSET   803 PM EDT
APRIL 28 2017.........SUNRISE   625 AM EDT   SUNSET   804 PM EDT


-  INDICATES NEGATIVE NUMBERS.
R  INDICATES RECORD WAS SET OR TIED.
MM INDICATES DATA IS MISSING.
T  INDICATES TRACE AMOUNT.

REMARKS:
DUE TO A POWER OUTAGE CAUSING A MISSING LOW TEMPERATURE ON FEBRUARY
23...THE SEASONAL HEATING DEGREE DAY TOTAL AND DEPARTURE FROM
NORMAL WILL BE CALCULATED WITHOUT DATA FROM THIS DATE.

$$
