396
CDUS41 KRNK 300622
CLILYH


CLIMATE REPORT
NATIONAL WEATHER SERVICE BLACKSBURG VA
220 AM EDT SAT JUL 30 2016


...................................

...THE LYNCHBURG VA CLIMATE SUMMARY FOR JULY 29 2016...

CLIMATE NORMAL PERIOD 1981 TO 2010
CLIMATE RECORD PERIOD 1893 TO 2016


WEATHER ITEM   OBSERVED TIME   RECORD YEAR NORMAL DEPARTURE LAST
                VALUE   (LST)  VALUE       VALUE  FROM      YEAR
                                                  NORMAL
..................................................................
TEMPERATURE (F)
 YESTERDAY
  MAXIMUM         86    314 PM 101    1930  86      0       86
  MINIMUM         70    609 AM  53    1920  64      6       71
  AVERAGE         78                        75      3       79

PRECIPITATION (IN)
  YESTERDAY        0.00          2.10 1972   0.14  -0.14      T
  MONTH TO DATE    5.86                      4.06   1.80     3.79
  SINCE JUN 1     12.13                      7.68   4.45     9.38
  SINCE JAN 1     31.79                     24.37   7.42    22.76

SNOWFALL (IN)
  YESTERDAY        0.0                                       0.0
  MONTH TO DATE    0.0                                       0.0
  SINCE JUN 1      0.0                                       0.0
  SINCE JUL 1      0.0                                       0.0
  SNOW DEPTH       0

DEGREE DAYS
 HEATING
  YESTERDAY        0                         0      0        0
  MONTH TO DATE    0                         0      0        0
  SINCE JUN 1      1                        14    -13       13
  SINCE JUL 1      0                         0      0        0

 COOLING
  YESTERDAY       13                        10      3       14
  MONTH TO DATE  364                       290     74      304
  SINCE JUN 1    593                       504     89      582
  SINCE JAN 1    664                       586     78      730
..................................................................


WIND (MPH)
  HIGHEST WIND SPEED     9   HIGHEST WIND DIRECTION     W (290)
  HIGHEST GUST SPEED    15   HIGHEST GUST DIRECTION     W (290)
  AVERAGE WIND SPEED     2.5


SKY COVER
  AVERAGE SKY COVER 0.4


WEATHER CONDITIONS
 THE FOLLOWING WEATHER WAS RECORDED YESTERDAY.
  FOG
  FOG W/VISIBILITY <= 1/4 MILE


RELATIVE HUMIDITY (PERCENT)
 HIGHEST   100           200 AM
 LOWEST     55           300 PM
 AVERAGE    78

..........................................................


THE LYNCHBURG VA CLIMATE NORMALS FOR TODAY
                         NORMAL    RECORD    YEAR
 MAXIMUM TEMPERATURE (F)   86       100      1953
 MINIMUM TEMPERATURE (F)   64        52      1997


SUNRISE AND SUNSET
JULY 30 2016..........SUNRISE   620 AM EDT   SUNSET   826 PM EDT
JULY 31 2016..........SUNRISE   621 AM EDT   SUNSET   825 PM EDT


-  INDICATES NEGATIVE NUMBERS.
R  INDICATES RECORD WAS SET OR TIED.
MM INDICATES DATA IS MISSING.
T  INDICATES TRACE AMOUNT.

$$
RCS
