000
CDUS41 KRNK 172220
CLILYH


CLIMATE REPORT
NATIONAL WEATHER SERVICE BLACKSBURG VA
518 PM EST SUN DEC 17 2017


...................................

...THE LYNCHBURG VA CLIMATE SUMMARY FOR DECEMBER 17 2017...
VALID TODAY AS OF 0500 PM LOCAL TIME.

CLIMATE NORMAL PERIOD 1981 TO 2010
CLIMATE RECORD PERIOD 1893 TO 2017


WEATHER ITEM   OBSERVED TIME   RECORD YEAR NORMAL DEPARTURE LAST
                VALUE   (LST)  VALUE       VALUE  FROM      YEAR
                                                  NORMAL
..................................................................
TEMPERATURE (F)
 TODAY
  MAXIMUM         46    249 PM  76    1924  47     -1       57
  MINIMUM         26    536 AM   3    1989  27     -1       27
  AVERAGE         36                        37     -1       42

PRECIPITATION (IN)
  TODAY            0.01          0.85 2015   0.10  -0.09     0.02
  MONTH TO DATE    0.46                      1.89  -1.43     2.10
  SINCE DEC 1      0.46                      1.89  -1.43     2.10
  SINCE JAN 1     32.69                     40.22  -7.53    41.50

SNOWFALL (IN)
  TODAY            0.0                                       0.0
  MONTH TO DATE    1.5                                       0.0
  SINCE DEC 1      1.5                                       0.0
  SINCE JUL 1      1.5                                       0.0
  SNOW DEPTH       0

DEGREE DAYS
 HEATING
  TODAY           29                        28      1       23
  MONTH TO DATE  450                       443      7      468
  SINCE DEC 1    450                       443      7      468
  SINCE JUL 1   1265                      1337    -72     1098

 COOLING
  TODAY            0                         0      0        0
  MONTH TO DATE    0                         0      0        0
  SINCE DEC 1      0                         0      0        0
  SINCE JAN 1   1174                      1032    142     1358
..................................................................


WIND (MPH)
  HIGHEST WIND SPEED     7   HIGHEST WIND DIRECTION     S (180)
  HIGHEST GUST SPEED     8   HIGHEST GUST DIRECTION     W (250)
  AVERAGE WIND SPEED     1.2


SKY COVER
  AVERAGE SKY COVER 0.2


WEATHER CONDITIONS
 THE FOLLOWING WEATHER WAS RECORDED TODAY.
  LIGHT RAIN


RELATIVE HUMIDITY (PERCENT)
 HIGHEST    85           700 AM
 LOWEST     53           100 PM
 AVERAGE    69

..........................................................


THE LYNCHBURG VA CLIMATE NORMALS FOR TOMORROW
                         NORMAL    RECORD    YEAR
 MAXIMUM TEMPERATURE (F)   47        79      1924
 MINIMUM TEMPERATURE (F)   27         8      1973


SUNRISE AND SUNSET
DECEMBER 17 2017......SUNRISE   725 AM EST   SUNSET   501 PM EST
DECEMBER 18 2017......SUNRISE   726 AM EST   SUNSET   501 PM EST


-  INDICATES NEGATIVE NUMBERS.
R  INDICATES RECORD WAS SET OR TIED.
MM INDICATES DATA IS MISSING.
T  INDICATES TRACE AMOUNT.

REMARKS:
DUE TO MISSING TEMPERATURES ON FEBRUARY 23 AND JULY 24-25...ALL
TEMPERATURE AND DEGREE DAY INFORMATION WILL BE CALCULATED WITHOUT
DATA FROM THESE DATES.

$$
