000
CDUS41 KRNK 030736
CLILYH


CLIMATE REPORT
NATIONAL WEATHER SERVICE BLACKSBURG VA
231 AM EST SAT DEC 3 2016


...................................

...THE LYNCHBURG VA CLIMATE SUMMARY FOR DECEMBER 2 2016...

CLIMATE NORMAL PERIOD 1981 TO 2010
CLIMATE RECORD PERIOD 1893 TO 2016


WEATHER ITEM   OBSERVED TIME   RECORD YEAR NORMAL DEPARTURE LAST
                VALUE   (LST)  VALUE       VALUE  FROM      YEAR
                                                  NORMAL
..................................................................
TEMPERATURE (F)
 YESTERDAY
  MAXIMUM         51    333 PM  70    1970  52     -1       57
  MINIMUM         28    737 AM  18    1999  30     -2       46
  AVERAGE         40                        41     -1       52

PRECIPITATION (IN)
  YESTERDAY        0.00          1.39 1927   0.11  -0.11     0.55
  MONTH TO DATE    0.00                      0.23  -0.23     1.53
  SINCE DEC 1      0.00                      0.23  -0.23     1.53
  SINCE JAN 1     39.40                     38.56   0.84    41.86

SNOWFALL (IN)
  YESTERDAY        0.0                                       0.0
  MONTH TO DATE    0.0                                       0.0
  SINCE DEC 1      0.0                                       0.0
  SINCE JUL 1      0.0                                       0.0
  SNOW DEPTH       0

DEGREE DAYS
 HEATING
  YESTERDAY       25                        24      1       13
  MONTH TO DATE   44                        48     -4       34
  SINCE DEC 1     44                        48     -4       34
  SINCE JUL 1    674                       942   -268      744

 COOLING
  YESTERDAY        0                         0      0        0
  MONTH TO DATE    0                         0      0        0
  SINCE DEC 1      0                         0      0        0
  SINCE JAN 1   1358                      1032    326     1194
..................................................................


WIND (MPH)
  HIGHEST WIND SPEED    14   HIGHEST WIND DIRECTION     W (270)
  HIGHEST GUST SPEED    21   HIGHEST GUST DIRECTION     W (270)
  AVERAGE WIND SPEED     4.6


SKY COVER
  AVERAGE SKY COVER 0.0


WEATHER CONDITIONS
 THE FOLLOWING WEATHER WAS RECORDED YESTERDAY.
  NO SIGNIFICANT WEATHER WAS OBSERVED.


RELATIVE HUMIDITY (PERCENT)
 HIGHEST    92           400 AM
 LOWEST     41           100 PM
 AVERAGE    67

..........................................................


THE LYNCHBURG VA CLIMATE NORMALS FOR TODAY
                         NORMAL    RECORD    YEAR
 MAXIMUM TEMPERATURE (F)   51        72      1941
 MINIMUM TEMPERATURE (F)   30        11      1946


SUNRISE AND SUNSET
DECEMBER  3 2016......SUNRISE   715 AM EST   SUNSET   459 PM EST
DECEMBER  4 2016......SUNRISE   715 AM EST   SUNSET   459 PM EST


-  INDICATES NEGATIVE NUMBERS.
R  INDICATES RECORD WAS SET OR TIED.
MM INDICATES DATA IS MISSING.
T  INDICATES TRACE AMOUNT.




$$
