000
CDUS41 KRNK 300921
CLILYH


CLIMATE REPORT
NATIONAL WEATHER SERVICE BLACKSBURG VA
517 AM EDT TUE SEP 30 2014


...................................

...THE LYNCHBURG VA CLIMATE SUMMARY FOR SEPTEMBER 29 2014...

CLIMATE NORMAL PERIOD 1981 TO 2010
CLIMATE RECORD PERIOD 1893 TO 2014


WEATHER ITEM   OBSERVED TIME   RECORD YEAR NORMAL DEPARTURE LAST
                VALUE   (LST)  VALUE       VALUE  FROM      YEAR
                                                  NORMAL
..................................................................
TEMPERATURE (F)
 YESTERDAY
  MAXIMUM         70    106 PM  90    1953  73     -3       73
  MINIMUM         57    219 AM  35    1942  50      7       49
  AVERAGE         64                        62      2       61

PRECIPITATION (IN)
  YESTERDAY        0.13          3.84 1999   0.13   0.00     0.00
  MONTH TO DATE    1.62                      3.76  -2.14     0.48
  SINCE SEP 1      1.62                      3.76  -2.14     0.48
  SINCE JAN 1     35.61                     31.69   3.92    34.20

SNOWFALL (IN)
  YESTERDAY        0.0
  MONTH TO DATE    0.0
  SINCE SEP 1      0.0
  SINCE JUL 1      0.0
  SNOW DEPTH       0

DEGREE DAYS
 HEATING
  YESTERDAY        1                         5     -4        4
  MONTH TO DATE   31                        50    -19       40
  SINCE SEP 1     31                        50    -19       40
  SINCE JUL 1     31                        53    -22       45

 COOLING
  YESTERDAY        0                         1     -1        0
  MONTH TO DATE  117                       116      1      120
  SINCE SEP 1    117                       116      1      120
  SINCE JAN 1    947                      1014    -67     1149
..................................................................


WIND (MPH)
  HIGHEST WIND SPEED     7   HIGHEST WIND DIRECTION     S (190)
  HIGHEST GUST SPEED    13   HIGHEST GUST DIRECTION    SW (210)
  AVERAGE WIND SPEED     3.0


SKY COVER
  POSSIBLE SUNSHINE  MM
  AVERAGE SKY COVER 0.6


WEATHER CONDITIONS
 THE FOLLOWING WEATHER WAS RECORDED YESTERDAY.
  RAIN
  LIGHT RAIN
  FOG
  FOG W/VISIBILITY <= 1/4 MILE


RELATIVE HUMIDITY (PERCENT)
 HIGHEST   100          1200 AM
 LOWEST     78           200 PM
 AVERAGE    89

..........................................................


THE LYNCHBURG VA CLIMATE NORMALS FOR TODAY
                         NORMAL    RECORD    YEAR
 MAXIMUM TEMPERATURE (F)   73        89      1919
 MINIMUM TEMPERATURE (F)   50        36      2003
                                             1967
                                             1942


SUNRISE AND SUNSET
SEPTEMBER 30 2014.....SUNRISE   711 AM EDT   SUNSET   702 PM EDT
OCTOBER  1 2014.......SUNRISE   712 AM EDT   SUNSET   700 PM EDT


-  INDICATES NEGATIVE NUMBERS.
R  INDICATES RECORD WAS SET OR TIED.
MM INDICATES DATA IS MISSING.
T  INDICATES TRACE AMOUNT.


REMARKS:
DUE TO A SYSTEM FAILURE CAUSING MISSING TEMPERATURES ON
AUGUST 21-24...THE SEASONAL TOTAL AND DEPARTURE FROM NORMAL
FOR CDD WILL BE CALCULATED WITHOUT DATA FROM THOSE DATES.


$$
