000
CDUS41 KRNK 292117
CLILYH


CLIMATE REPORT
NATIONAL WEATHER SERVICE BLACKSBURG VA
517 PM EDT FRI MAY 29 2015


...................................

...THE LYNCHBURG VA CLIMATE SUMMARY FOR MAY 29 2015...
VALID TODAY AS OF 0500 PM LOCAL TIME.

CLIMATE NORMAL PERIOD 1981 TO 2010
CLIMATE RECORD PERIOD 1893 TO 2015


WEATHER ITEM   OBSERVED TIME   RECORD YEAR NORMAL DEPARTURE LAST
                VALUE   (LST)  VALUE       VALUE  FROM      YEAR
                                                  NORMAL
..................................................................
TEMPERATURE (F)
 TODAY
  MAXIMUM         86    326 PM  95    1941  79      7       69
  MINIMUM         59    442 AM  40    2008  55      4       62
  AVERAGE         73                        67      6       66

PRECIPITATION (IN)
  TODAY            0.09          1.90 1971   0.13  -0.04     0.12
  MONTH TO DATE    1.66                      3.47  -1.81     5.39
  SINCE MAR 1      9.00                     10.36  -1.36    13.94
  SINCE JAN 1     13.38                     16.43  -3.05    21.02

SNOWFALL (IN)
  TODAY            0.0                                       0.0
  MONTH TO DATE    0.0                                       0.0
  SINCE MAR 1      2.5                                       9.4
  SINCE JUL 1     22.9                                      21.4
  SNOW DEPTH       0

DEGREE DAYS
 HEATING
  TODAY            0                         2     -2        0
  MONTH TO DATE   59                       118    -59       65
  SINCE MAR 1    938                      1017    -79      926
  SINCE JUL 1   4627                      4441    186     4440

 COOLING
  TODAY            8                         4      4        1
  MONTH TO DATE  121                        56     65       90
  SINCE MAR 1    129                        74     55      109
  SINCE JAN 1    129                        74     55      109
..................................................................


WIND (MPH)
  HIGHEST WIND SPEED    16   HIGHEST WIND DIRECTION     S (180)
  HIGHEST GUST SPEED    20   HIGHEST GUST DIRECTION     S (180)
  AVERAGE WIND SPEED     1.4


SKY COVER
  AVERAGE SKY COVER 0.2


WEATHER CONDITIONS
 THE FOLLOWING WEATHER WAS RECORDED TODAY.
  HEAVY RAIN
  FOG


RELATIVE HUMIDITY (PERCENT)
 HIGHEST   100           100 AM
 LOWEST     48           300 PM
 AVERAGE    74

..........................................................


THE LYNCHBURG VA CLIMATE NORMALS FOR TOMORROW
                         NORMAL    RECORD    YEAR
 MAXIMUM TEMPERATURE (F)   79        95      1895
 MINIMUM TEMPERATURE (F)   55        44      2000
                                             1902


SUNRISE AND SUNSET
MAY 29 2015...........SUNRISE   559 AM EDT   SUNSET   830 PM EDT
MAY 30 2015...........SUNRISE   559 AM EDT   SUNSET   830 PM EDT


-  INDICATES NEGATIVE NUMBERS.
R  INDICATES RECORD WAS SET OR TIED.
MM INDICATES DATA IS MISSING.
T  INDICATES TRACE AMOUNT.




$$
