000
CDUS41 KRNK 202215
CLILYH


CLIMATE REPORT
NATIONAL WEATHER SERVICE BLACKSBURG VA
513 PM EST THU NOV 20 2014


...................................

...THE LYNCHBURG VA CLIMATE SUMMARY FOR NOVEMBER 20 2014...
VALID TODAY AS OF 0500 PM LOCAL TIME.

CLIMATE NORMAL PERIOD 1981 TO 2010
CLIMATE RECORD PERIOD 1893 TO 2014


WEATHER ITEM   OBSERVED TIME   RECORD YEAR NORMAL DEPARTURE LAST
                VALUE   (LST)  VALUE       VALUE  FROM      YEAR
                                                  NORMAL
..................................................................
TEMPERATURE (F)
 TODAY
  MAXIMUM         54    200 PM  80    1913  57     -3       47
  MINIMUM         23    320 AM  18    1951  34    -11       33
  AVERAGE         39                        45     -6       40

PRECIPITATION (IN)
  TODAY            0.00          2.17 1952   0.11  -0.11     0.00
  MONTH TO DATE    0.62                      2.27  -1.65     0.48
  SINCE SEP 1      5.81                      9.26  -3.45     3.30
  SINCE JAN 1     39.80                     37.19   2.61    37.02

SNOWFALL (IN)
  TODAY            0.0
  MONTH TO DATE    T
  SINCE SEP 1      T
  SINCE JUL 1      T
  SNOW DEPTH       0

DEGREE DAYS
 HEATING
  TODAY           26                        20      6       25
  MONTH TO DATE  440                       331    109      357
  SINCE SEP 1    733                       675     58      631
  SINCE JUL 1    733                       678     55      636

 COOLING
  TODAY            0                         0      0        0
  MONTH TO DATE    0                         0      0        0
  SINCE SEP 1    137                       133      4      155
  SINCE JAN 1    967                      1031    -64     1184
..................................................................


WIND (MPH)
  HIGHEST WIND SPEED    18   HIGHEST WIND DIRECTION    SW (210)
  HIGHEST GUST SPEED    26   HIGHEST GUST DIRECTION     W (250)
  AVERAGE WIND SPEED     7.9


SKY COVER
  POSSIBLE SUNSHINE  MM
  AVERAGE SKY COVER 0.0


WEATHER CONDITIONS
 THE FOLLOWING WEATHER WAS RECORDED TODAY.
  NO SIGNIFICANT WEATHER WAS OBSERVED.


RELATIVE HUMIDITY (PERCENT)
 HIGHEST    69           800 AM
 LOWEST     26           200 PM
 AVERAGE    48

..........................................................


THE LYNCHBURG VA CLIMATE NORMALS FOR TOMORROW
                         NORMAL    RECORD    YEAR
 MAXIMUM TEMPERATURE (F)   56        77      1900
 MINIMUM TEMPERATURE (F)   34        15      1968


SUNRISE AND SUNSET
NOVEMBER 20 2014......SUNRISE   701 AM EST   SUNSET   503 PM EST
NOVEMBER 21 2014......SUNRISE   702 AM EST   SUNSET   503 PM EST


-  INDICATES NEGATIVE NUMBERS.
R  INDICATES RECORD WAS SET OR TIED.
MM INDICATES DATA IS MISSING.
T  INDICATES TRACE AMOUNT.


REMARKS:
DUE TO A SYSTEM FAILURE CAUSING MISSING TEMPERATURES ON
AUGUST 21-24...THE SEASONAL TOTAL AND DEPARTURE FROM NORMAL
FOR CDD WILL BE CALCULATED WITHOUT DATA FROM THOSE DATES.


$$
