594
CDUS41 KRNK 262111
CLILYH


CLIMATE REPORT
NATIONAL WEATHER SERVICE BLACKSBURG VA
508 PM EDT SUN JUN 26 2016


...................................

...THE LYNCHBURG VA CLIMATE SUMMARY FOR JUNE 26 2016...
VALID TODAY AS OF 0500 PM LOCAL TIME.

CLIMATE NORMAL PERIOD 1981 TO 2010
CLIMATE RECORD PERIOD 1893 TO 2016


WEATHER ITEM   OBSERVED TIME   RECORD YEAR NORMAL DEPARTURE LAST
                VALUE   (LST)  VALUE       VALUE  FROM      YEAR
                                                  NORMAL
..................................................................
TEMPERATURE (F)
 TODAY
  MAXIMUM         83    253 PM  98    1952  86     -3       81
  MINIMUM         64    542 AM  48    1979  63      1       69
  AVERAGE         74                        74      0       75

PRECIPITATION (IN)
  TODAY            0.00          1.94 1933   0.12  -0.12     0.31
  MONTH TO DATE    5.36                      3.18   2.18     4.70
  SINCE JUN 1      5.36                      3.18   2.18     4.70
  SINCE JAN 1     25.02                     19.87   5.15    18.08

SNOWFALL (IN)
  TODAY            0.0                                       0.0
  MONTH TO DATE    0.0                                       0.0
  SINCE JUN 1      0.0                                       0.0
  SINCE JUL 1     15.6                                      22.9
  SNOW DEPTH       0

DEGREE DAYS
 HEATING
  TODAY            0                         0      0        0
  MONTH TO DATE    1                        13    -12       13
  SINCE JUN 1      1                        13    -12       13
  SINCE JUL 1   3766                      4458   -692     4640

 COOLING
  TODAY            9                         9      0       10
  MONTH TO DATE  195                       176     19      255
  SINCE JUN 1    195                       176     19      255
  SINCE JAN 1    266                       258      8      403
..................................................................


WIND (MPH)
  HIGHEST WIND SPEED     9   HIGHEST WIND DIRECTION     E (90)
  HIGHEST GUST SPEED    12   HIGHEST GUST DIRECTION     E (110)
  AVERAGE WIND SPEED     1.5


SKY COVER
  AVERAGE SKY COVER 0.4


WEATHER CONDITIONS
 THE FOLLOWING WEATHER WAS RECORDED TODAY.
  NO SIGNIFICANT WEATHER WAS OBSERVED.


RELATIVE HUMIDITY (PERCENT)
 HIGHEST   100           100 AM
 LOWEST     47           300 PM
 AVERAGE    74

..........................................................


THE LYNCHBURG VA CLIMATE NORMALS FOR TOMORROW
                         NORMAL    RECORD    YEAR
 MAXIMUM TEMPERATURE (F)   86        99      1952
 MINIMUM TEMPERATURE (F)   63        50      2012


SUNRISE AND SUNSET
JUNE 26 2016..........SUNRISE   558 AM EDT   SUNSET   841 PM EDT
JUNE 27 2016..........SUNRISE   558 AM EDT   SUNSET   841 PM EDT


-  INDICATES NEGATIVE NUMBERS.
R  INDICATES RECORD WAS SET OR TIED.
MM INDICATES DATA IS MISSING.
T  INDICATES TRACE AMOUNT.


REMARKS:
DUE TO A SENSOR FAILURE CAUSING MISSING TEMPERATURES ON OCTOBER 22
AND 23...THE SEASONAL HEATING DEGREE DAY TOTAL AND DEPARTURE FROM
NORMAL WILL BE CALCULATED WITHOUT DATA FROM THESE DATES.


$$

PW
