000
CDUS41 KRNK 292116
CLILYH


CLIMATE REPORT
NATIONAL WEATHER SERVICE BLACKSBURG VA
512 PM EDT MON JUN 29 2015


...................................

...THE LYNCHBURG VA CLIMATE SUMMARY FOR JUNE 29 2015...
VALID TODAY AS OF 0500 PM LOCAL TIME.

CLIMATE NORMAL PERIOD 1981 TO 2010
CLIMATE RECORD PERIOD 1893 TO 2015


WEATHER ITEM   OBSERVED TIME   RECORD YEAR NORMAL DEPARTURE LAST
                VALUE   (LST)  VALUE       VALUE  FROM      YEAR
                                                  NORMAL
..................................................................
TEMPERATURE (F)
 TODAY
  MAXIMUM         80    400 PM 104    1934  86     -6       80
  MINIMUM         53    500 AM  51    1970  63    -10       60
                                      1968
  AVERAGE         67                        75     -8       70

PRECIPITATION (IN)
  TODAY            0.00          1.69 1916   0.12  -0.12     0.00
  MONTH TO DATE    5.31                      3.51   1.80     2.40
  SINCE JUN 1      5.31                      3.51   1.80     2.40
  SINCE JAN 1     18.69                     20.20  -1.51    23.42

SNOWFALL (IN)
  TODAY            0.0                                       0.0
  MONTH TO DATE    0.0                                       0.0
  SINCE JUN 1      0.0                                       0.0
  SINCE JUL 1     22.9                                      21.4
  SNOW DEPTH       0

DEGREE DAYS
 HEATING
  TODAY            0                         0      0        0
  MONTH TO DATE   13                        13      0        1
  SINCE JUN 1     13                        13      0        1
  SINCE JUL 1   4640                      4458    182     4441

 COOLING
  TODAY            2                        10     -8        5
  MONTH TO DATE  271                       204     67      246
  SINCE JUN 1    271                       204     67      246
  SINCE JAN 1    419                       286    133      360
..................................................................


WIND (MPH)
  HIGHEST WIND SPEED    16   HIGHEST WIND DIRECTION     S (190)
  HIGHEST GUST SPEED    20   HIGHEST GUST DIRECTION     S (190)
  AVERAGE WIND SPEED     2.2


SKY COVER
  AVERAGE SKY COVER 0.2


WEATHER CONDITIONS
 THE FOLLOWING WEATHER WAS RECORDED TODAY.
  NO SIGNIFICANT WEATHER WAS OBSERVED.


RELATIVE HUMIDITY (PERCENT)
 HIGHEST   100           500 AM
 LOWEST     43          1100 AM
 AVERAGE    72

..........................................................


THE LYNCHBURG VA CLIMATE NORMALS FOR TOMORROW
                         NORMAL    RECORD    YEAR
 MAXIMUM TEMPERATURE (F)   86       103      1936
 MINIMUM TEMPERATURE (F)   63        50      1919


SUNRISE AND SUNSET
JUNE 29 2015..........SUNRISE   559 AM EDT   SUNSET   841 PM EDT
JUNE 30 2015..........SUNRISE   559 AM EDT   SUNSET   841 PM EDT


-  INDICATES NEGATIVE NUMBERS.
R  INDICATES RECORD WAS SET OR TIED.
MM INDICATES DATA IS MISSING.
T  INDICATES TRACE AMOUNT.


$$

PW
