000
CDUS41 KRNK 310909
CLILYH


CLIMATE REPORT
NATIONAL WEATHER SERVICE BLACKSBURG VA
508 AM EDT THU JUL 31 2014


...................................

...THE LYNCHBURG VA CLIMATE SUMMARY FOR JULY 30 2014...

CLIMATE NORMAL PERIOD 1981 TO 2010
CLIMATE RECORD PERIOD 1893 TO 2014


WEATHER ITEM   OBSERVED TIME   RECORD YEAR NORMAL DEPARTURE LAST
                VALUE   (LST)  VALUE       VALUE  FROM      YEAR
                                                  NORMAL
..................................................................
TEMPERATURE (F)
 YESTERDAY
  MAXIMUM         79    347 PM 100    1953  86     -7       84
  MINIMUM         54    546 AM  52    1997  64    -10       55
  AVERAGE         67                        75     -8       70

PRECIPITATION (IN)
  YESTERDAY        0.00          1.63 1966   0.15  -0.15     0.00
  MONTH TO DATE    5.74                      4.21   1.53     3.37
  SINCE JUN 1      8.14                      7.83   0.31     9.69
  SINCE JAN 1     29.16                     24.52   4.64    30.13

SNOWFALL (IN)
  YESTERDAY        0.0
  MONTH TO DATE    0.0
  SINCE JUN 1      0.0
  SINCE JUL 1      0.0
  SNOW DEPTH       0

DEGREE DAYS
 HEATING
  YESTERDAY        0                         0      0        0
  MONTH TO DATE    0                         0      0        0
  SINCE JUN 1      1                        14    -13        1
  SINCE JUL 1      0                         0      0        0

 COOLING
  YESTERDAY        2                        10     -8        5
  MONTH TO DATE  286                       300    -14      372
  SINCE JUN 1    541                       514     27      627
  SINCE JAN 1    655                       596     59      762
..................................................................


WIND (MPH)
  HIGHEST WIND SPEED     9   HIGHEST WIND DIRECTION     S (200)
  HIGHEST GUST SPEED    15   HIGHEST GUST DIRECTION     S (200)
  AVERAGE WIND SPEED     1.6


SKY COVER
  POSSIBLE SUNSHINE  MM
  AVERAGE SKY COVER 0.1


WEATHER CONDITIONS
 THE FOLLOWING WEATHER WAS RECORDED YESTERDAY.
  NO SIGNIFICANT WEATHER WAS OBSERVED.


RELATIVE HUMIDITY (PERCENT)
 HIGHEST   100           500 AM
 LOWEST     40           300 PM
 AVERAGE    70

..........................................................


THE LYNCHBURG VA CLIMATE NORMALS FOR TODAY
                         NORMAL    RECORD    YEAR
 MAXIMUM TEMPERATURE (F)   86        99      1931
 MINIMUM TEMPERATURE (F)   64        49      1997


SUNRISE AND SUNSET
JULY 31 2014..........SUNRISE   620 AM EDT   SUNSET   825 PM EDT
AUGUST  1 2014........SUNRISE   621 AM EDT   SUNSET   824 PM EDT


-  INDICATES NEGATIVE NUMBERS.
R  INDICATES RECORD WAS SET OR TIED.
MM INDICATES DATA IS MISSING.
T  INDICATES TRACE AMOUNT.




$$
