000
CDUS41 KRNK 022126
CLILYH


CLIMATE REPORT
NATIONAL WEATHER SERVICE BLACKSBURG VA
522 PM EDT TUE SEP 2 2014


...................................

...THE LYNCHBURG VA CLIMATE SUMMARY FOR SEPTEMBER 2 2014...
VALID TODAY AS OF 0500 PM LOCAL TIME.

CLIMATE NORMAL PERIOD 1981 TO 2010
CLIMATE RECORD PERIOD 1893 TO 2014


WEATHER ITEM   OBSERVED TIME   RECORD YEAR NORMAL DEPARTURE LAST
                VALUE   (LST)  VALUE       VALUE  FROM      YEAR
                                                  NORMAL
..................................................................
TEMPERATURE (F)
 TODAY
  MAXIMUM         90    321 PM 100    1932  83      7       89
  MINIMUM         66    423 AM  48    1934  61      5       67
  AVERAGE         78                        72      6       78

PRECIPITATION (IN)
  TODAY            0.00          1.86 1910   0.13  -0.13     0.00
  MONTH TO DATE    0.00                      0.26  -0.26     0.02
  SINCE SEP 1      0.00                      0.26  -0.26     0.02
  SINCE JAN 1     33.99                     28.19   5.80    33.74

SNOWFALL (IN)
  TODAY            0.0
  MONTH TO DATE    0.0
  SINCE SEP 1      0.0
  SINCE JUL 1      0.0
  SNOW DEPTH       0

DEGREE DAYS
 HEATING
  TODAY            0                         0      0        0
  MONTH TO DATE    0                         0      0        0
  SINCE SEP 1      0                         0      0        0
  SINCE JUL 1      0                         3     -3        5

 COOLING
  TODAY           13                         7      6       13
  MONTH TO DATE   26                        14     12       24
  SINCE SEP 1     26                        14     12       24
  SINCE JAN 1    856                       912    -56     1053
..................................................................


WIND (MPH)
  HIGHEST WIND SPEED    13   HIGHEST WIND DIRECTION     S (190)
  HIGHEST GUST SPEED    17   HIGHEST GUST DIRECTION     S (170)
  AVERAGE WIND SPEED     4.8


SKY COVER
  POSSIBLE SUNSHINE  MM
  AVERAGE SKY COVER 0.0


WEATHER CONDITIONS
 THE FOLLOWING WEATHER WAS RECORDED TODAY.
  NO SIGNIFICANT WEATHER WAS OBSERVED.


RELATIVE HUMIDITY (PERCENT)
 HIGHEST   100           400 AM
 LOWEST     52           100 PM
 AVERAGE    76

..........................................................


THE LYNCHBURG VA CLIMATE NORMALS FOR TOMORROW
                         NORMAL    RECORD    YEAR
 MAXIMUM TEMPERATURE (F)   83        96      1953
                                             1930
                                             1912
 MINIMUM TEMPERATURE (F)   60        46      1967


SUNRISE AND SUNSET
SEPTEMBER  2 2014.....SUNRISE   648 AM EDT   SUNSET   744 PM EDT
SEPTEMBER  3 2014.....SUNRISE   649 AM EDT   SUNSET   743 PM EDT


-  INDICATES NEGATIVE NUMBERS.
R  INDICATES RECORD WAS SET OR TIED.
MM INDICATES DATA IS MISSING.
T  INDICATES TRACE AMOUNT.

REMARKS

DUE TO A SYSTEM FAILURE CAUSING MISSING TEMPERATURES ON
AUGUST 21-24...THE SEASONAL TOTAL AND DEPARTURE FROM NORMAL
FOR CDD WILL BE CALCULATED WITHOUT DATA FROM THOSE DATES.

$$

MBS
