376
CXUS51 KRNK 051508 CCA
CLMLYH

CLIMATE REPORT
NATIONAL WEATHER SERVICE BLACKSBURG VA
1005 AM EST SUN NOV 5 2017

...................................

...THE LYNCHBURG VA CLIMATE SUMMARY FOR THE MONTH OF OCTOBER 2017...

CLIMATE NORMAL PERIOD 1981 TO 2010
CLIMATE RECORD PERIOD 1893 TO 2017

WEATHER         OBSERVED          NORMAL  DEPART  LAST YEAR`S
                 VALUE   DATE(S)  VALUE   FROM    VALUE
                                          NORMAL
.............................................................
TEMPERATURE (F)
RECORD
 HIGH              98   10/06/1941
 LOW               21   10/24/1969
                        10/30/1965
                        10/27/1962
HIGHEST            86   10/09                         87
LOWEST             33   10/27                         38
AVG. MAXIMUM     72.5              68.5     4.0     71.6
AVG. MINIMUM     47.8              44.0     3.8     49.8
MEAN             60.1              56.2     3.9     60.7
DAYS MAX >= 90      0               0.1    -0.1        0
DAYS MAX <= 32      0               0.0     0.0        0
DAYS MIN <= 32      0               2.7    -2.7        0
DAYS MIN <= 0       0               0.0     0.0        0

PRECIPITATION (INCHES)
RECORD
 MAXIMUM        11.40   1976
 MINIMUM         0.01   2000
TOTALS           2.57              3.11   -0.54     1.73
DAILY AVG.       0.08              0.10   -0.02     0.06
DAYS >= .01        10               7.1     2.9        2
DAYS >= .10         7               4.3     2.7        2
DAYS >= .50         2               2.1    -0.1        1
DAYS >= 1.00        0               1.0    -1.0        1
GREATEST
 24 HR. TOTAL    0.72                               1.30

SNOWFALL (INCHES)
TOTALS            0.0                                0.0
DAYS >= TRACE       0                                  0
DAYS >= 1.0         0                                  0
GREATEST
 24 HR TOTAL      0.0                                0.0

DEGREE_DAYS
HEATING TOTAL     199               286     -87      161
COOLING TOTAL      55                15      40       34
..............................................................

WIND (MPH)
AVERAGE WIND SPEED              4.0
HIGHEST WIND SPEED/DIRECTION    24/150    DATE  10/23
HIGHEST GUST SPEED/DIRECTION    33/120    DATE  10/23

SKY COVER
AVERAGE SKY COVER           0.30

AVERAGE RH (PERCENT)     72

WEATHER CONDITIONS. NUMBER OF DAYS WITH
THUNDERSTORM              1     MIXED PRECIP               0
HEAVY RAIN                4     RAIN                       7
LIGHT RAIN               12     FREEZING RAIN              0
LT FREEZING RAIN          0     HAIL                       0
HEAVY SNOW                0     SNOW                       0
LIGHT SNOW                0     SLEET                      0
FOG                      18     FOG W/VIS <= 1/4 MILE      4
HAZE                      0

-  INDICATES NEGATIVE NUMBERS.
R  INDICATES RECORD WAS SET OR TIED.
MM INDICATES DATA IS MISSING.
T  INDICATES TRACE AMOUNT.

$$
