585
CDUS41 KRNK 172219
CLIROA


CLIMATE REPORT
NATIONAL WEATHER SERVICE BLACKSBURG VA
518 PM EST TUE JAN 17 2017


...................................

...THE ROANOKE VA CLIMATE SUMMARY FOR JANUARY 17 2017...
VALID TODAY AS OF 0500 PM LOCAL TIME.

CLIMATE NORMAL PERIOD 1981 TO 2010
CLIMATE RECORD PERIOD 1912 TO 2017


WEATHER ITEM   OBSERVED TIME   RECORD YEAR NORMAL DEPARTURE LAST
                VALUE   (LST)  VALUE       VALUE  FROM      YEAR
                                                  NORMAL
..................................................................
TEMPERATURE (F)
 TODAY
  MAXIMUM         53    442 PM  76    1943  45      8       41
  MINIMUM         40    542 AM  -4    1977  27     13       30
  AVERAGE         47                        36     11       36

PRECIPITATION (IN)
  TODAY            0.13          1.38 2013   0.10   0.03     0.03
  MONTH TO DATE    1.35                      1.59  -0.24     1.40
  SINCE DEC 1      4.14                      4.53  -0.39     5.95
  SINCE JAN 1      1.35                      1.59  -0.24     1.40

SNOWFALL (IN)
  TODAY            0.0                                       0.3
  MONTH TO DATE    4.5                                       0.3
  SINCE DEC 1      4.5                                       0.3
  SINCE JUL 1      4.5                                       0.3
  SNOW DEPTH       0

DEGREE DAYS
 HEATING
  TODAY           18                        29    -11       29
  MONTH TO DATE  441                       490    -49      490
  SINCE DEC 1   1200                      1296    -96      951
  SINCE JUL 1   1728                      2100   -372     1593

 COOLING
  TODAY            0                         0      0        0
  MONTH TO DATE    0                         0      0        0
  SINCE DEC 1      0                         0      0        0
  SINCE JAN 1      0                         0      0        0
..................................................................


WIND (MPH)
  HIGHEST WIND SPEED     6   HIGHEST WIND DIRECTION    SE (150)
  HIGHEST GUST SPEED     8   HIGHEST GUST DIRECTION    SE (150)
  AVERAGE WIND SPEED     1.6


SKY COVER
  AVERAGE SKY COVER 0.9


WEATHER CONDITIONS
 THE FOLLOWING WEATHER WAS RECORDED TODAY.
  RAIN
  LIGHT RAIN
  FOG
  FOG W/VISIBILITY <= 1/4 MILE


RELATIVE HUMIDITY (PERCENT)
 HIGHEST   100           200 AM
 LOWEST     92          1000 AM
 AVERAGE    96

..........................................................


THE ROANOKE VA CLIMATE NORMALS FOR TOMORROW
                         NORMAL    RECORD    YEAR
 MAXIMUM TEMPERATURE (F)   46        71      1990
                                             1943
 MINIMUM TEMPERATURE (F)   27        -1      1994


SUNRISE AND SUNSET
JANUARY 17 2017.......SUNRISE   732 AM EST   SUNSET   528 PM EST
JANUARY 18 2017.......SUNRISE   732 AM EST   SUNSET   529 PM EST


-  INDICATES NEGATIVE NUMBERS.
R  INDICATES RECORD WAS SET OR TIED.
MM INDICATES DATA IS MISSING.
T  INDICATES TRACE AMOUNT.




$$
