000
CDUS41 KRNK 280651
CLIROA


CLIMATE REPORT
NATIONAL WEATHER SERVICE BLACKSBURG VA
240 AM EDT TUE APR 28 2015


...................................

...THE ROANOKE VA CLIMATE SUMMARY FOR APRIL 27 2015...

CLIMATE NORMAL PERIOD 1981 TO 2010
CLIMATE RECORD PERIOD 1912 TO 2015


WEATHER ITEM   OBSERVED TIME   RECORD YEAR NORMAL DEPARTURE LAST
                VALUE   (LST)  VALUE       VALUE  FROM      YEAR
                                                  NORMAL
..................................................................
TEMPERATURE (F)
 YESTERDAY
  MAXIMUM         60   1229 PM  95    1957  71    -11       86
  MINIMUM         39    603 AM  28    1926  48     -9       49
  AVERAGE         50                        60    -10       68

PRECIPITATION (IN)
  YESTERDAY        0.00          1.28 1973   0.11  -0.11     0.00
                                      1928
  MONTH TO DATE    4.68                      3.04   1.64     2.42
  SINCE MAR 1      9.00                      6.50   2.50     5.18
  SINCE JAN 1     12.92                     12.31   0.61    11.46

SNOWFALL (IN)
  YESTERDAY        0.0
  MONTH TO DATE    0.0
  SINCE MAR 1      1.9
  SINCE JUL 1     21.7
  SNOW DEPTH       0

DEGREE DAYS
 HEATING
  YESTERDAY       15                         6      9        0
  MONTH TO DATE  212                       257    -45      228
  SINCE MAR 1    756                       809    -53      878
  SINCE JUL 1   4185                      4014    171     4280

 COOLING
  YESTERDAY        0                         1     -1        3
  MONTH TO DATE    6                        19    -13       12
  SINCE MAR 1      6                        24    -18       12
  SINCE JAN 1      6                        24    -18       12
..................................................................


WIND (MPH)
  HIGHEST WIND SPEED    23   HIGHEST WIND DIRECTION    NW (310)
  HIGHEST GUST SPEED    31   HIGHEST GUST DIRECTION    NW (320)
  AVERAGE WIND SPEED     9.0


SKY COVER
  POSSIBLE SUNSHINE  MM
  AVERAGE SKY COVER 0.3


WEATHER CONDITIONS
 THE FOLLOWING WEATHER WAS RECORDED YESTERDAY.
  NO SIGNIFICANT WEATHER WAS OBSERVED.


RELATIVE HUMIDITY (PERCENT)
 HIGHEST    85           600 AM
 LOWEST     36           200 PM
 AVERAGE    61

..........................................................


THE ROANOKE VA CLIMATE NORMALS FOR TODAY
                         NORMAL    RECORD    YEAR
 MAXIMUM TEMPERATURE (F)   72        92      1957
 MINIMUM TEMPERATURE (F)   49        30      1934


SUNRISE AND SUNSET
APRIL 28 2015.........SUNRISE   629 AM EDT   SUNSET   807 PM EDT
APRIL 29 2015.........SUNRISE   628 AM EDT   SUNSET   807 PM EDT


-  INDICATES NEGATIVE NUMBERS.
R  INDICATES RECORD WAS SET OR TIED.
MM INDICATES DATA IS MISSING.
T  INDICATES TRACE AMOUNT.




$$
