000
CDUS41 KRNK 312125
CLIROA


CLIMATE REPORT
NATIONAL WEATHER SERVICE BLACKSBURG VA
523 PM EDT FRI OCT 31 2014


...................................

...THE ROANOKE VA CLIMATE SUMMARY FOR OCTOBER 31 2014...
VALID TODAY AS OF 0500 PM LOCAL TIME.

CLIMATE NORMAL PERIOD 1981 TO 2010
CLIMATE RECORD PERIOD 1912 TO 2014


WEATHER ITEM   OBSERVED TIME   RECORD YEAR NORMAL DEPARTURE LAST
                VALUE   (LST)  VALUE       VALUE  FROM      YEAR
                                                  NORMAL
..................................................................
TEMPERATURE (F)
 TODAY
  MAXIMUM         54    327 PM  83    1950  65    -11       70
                                      1946
                                      1919
  MINIMUM         34    534 AM  27    1917  42     -8       56
  AVERAGE         44                        53     -9       63

PRECIPITATION (IN)
  TODAY            0.00          2.76 1921   0.10  -0.10     0.01
  MONTH TO DATE    3.42                      2.89   0.53     2.54
  SINCE SEP 1      4.65                      6.78  -2.13     3.67
  SINCE JAN 1     33.23                     34.91  -1.68    45.98

SNOWFALL (IN)
  TODAY            0.0
  MONTH TO DATE    0.0
  SINCE SEP 1      0.0
  SINCE JUL 1      0.0
  SNOW DEPTH       0

DEGREE DAYS
 HEATING
  TODAY           21                        12      9        2
  MONTH TO DATE  205                       248    -43      214
  SINCE SEP 1    224                       296    -72      247
  SINCE JUL 1    224                       297    -73      248

 COOLING
  TODAY            0                         0      0        0
  MONTH TO DATE   18                        21     -3       38
  SINCE SEP 1    158                       160     -2      165
  SINCE JAN 1   1128                      1207    -79     1225
..................................................................


WIND (MPH)
  HIGHEST WIND SPEED    10   HIGHEST WIND DIRECTION    SE (120)
  HIGHEST GUST SPEED    13   HIGHEST GUST DIRECTION    SE (130)
  AVERAGE WIND SPEED     1.0


SKY COVER
  POSSIBLE SUNSHINE  MM
  AVERAGE SKY COVER 0.6


WEATHER CONDITIONS
 THE FOLLOWING WEATHER WAS RECORDED TODAY.
  NO SIGNIFICANT WEATHER WAS OBSERVED.


RELATIVE HUMIDITY (PERCENT)
 HIGHEST    92           500 AM
 LOWEST     46           100 PM
 AVERAGE    69

..........................................................


THE ROANOKE VA CLIMATE NORMALS FOR TOMORROW
                         NORMAL    RECORD    YEAR
 MAXIMUM TEMPERATURE (F)   65        83      1950
 MINIMUM TEMPERATURE (F)   42        24      1925


SUNRISE AND SUNSET
OCTOBER 31 2014.......SUNRISE   743 AM EDT   SUNSET   623 PM EDT
NOVEMBER  1 2014......SUNRISE   744 AM EDT   SUNSET   622 PM EDT


-  INDICATES NEGATIVE NUMBERS.
R  INDICATES RECORD WAS SET OR TIED.
MM INDICATES DATA IS MISSING.
T  INDICATES TRACE AMOUNT.



$$
