000
CDUS41 KRNK 062219
CLIROA


CLIMATE REPORT
NATIONAL WEATHER SERVICE BLACKSBURG VA
517 PM EST SAT FEB 6 2016


...................................

...THE ROANOKE VA CLIMATE SUMMARY FOR FEBRUARY 6 2016...
VALID TODAY AS OF 0500 PM LOCAL TIME.

CLIMATE NORMAL PERIOD 1981 TO 2010
CLIMATE RECORD PERIOD 1912 TO 2016


WEATHER ITEM   OBSERVED TIME   RECORD YEAR NORMAL DEPARTURE LAST
                VALUE   (LST)  VALUE       VALUE  FROM      YEAR
                                                  NORMAL
..................................................................
TEMPERATURE (F)
 TODAY
  MAXIMUM         43    411 PM  69    1925  47     -4       46
  MINIMUM         23    708 AM   8    1977  29     -6       17
                                      1917
  AVERAGE         33                        38     -5       32

PRECIPITATION (IN)
  TODAY            0.00          1.72 1964   0.10  -0.10     0.00
  MONTH TO DATE    1.23                      0.62   0.61     0.16
  SINCE DEC 1      8.77                      6.48   2.29     4.01
  SINCE JAN 1      4.22                      3.54   0.68     1.47

SNOWFALL (IN)
  TODAY            0.0                                       0.0
  MONTH TO DATE    T                                          T
  SINCE DEC 1     13.5                                       0.2
  SINCE JUL 1     13.5                                       0.7
  SNOW DEPTH       0

DEGREE DAYS
 HEATING
  TODAY           32                        27      5       33
  MONTH TO DATE  134                       164    -30      174
  SINCE DEC 1   1565                      1852   -287     1768
  SINCE JUL 1   2207                      2656   -449     2646

 COOLING
  TODAY            0                         0      0        0
  MONTH TO DATE    0                         0      0        0
  SINCE DEC 1      0                         0      0        0
  SINCE JAN 1      0                         0      0        0
..................................................................


WIND (MPH)
  HIGHEST WIND SPEED    10   HIGHEST WIND DIRECTION    SE (120)
  HIGHEST GUST SPEED    13   HIGHEST GUST DIRECTION    SE (120)
  AVERAGE WIND SPEED     3.5


SKY COVER
  AVERAGE SKY COVER 0.4


WEATHER CONDITIONS
 THE FOLLOWING WEATHER WAS RECORDED TODAY.
  NO SIGNIFICANT WEATHER WAS OBSERVED.


RELATIVE HUMIDITY (PERCENT)
 HIGHEST    74           400 AM
 LOWEST     33           300 PM
 AVERAGE    54

..........................................................


THE ROANOKE VA CLIMATE NORMALS FOR TOMORROW
                         NORMAL    RECORD    YEAR
 MAXIMUM TEMPERATURE (F)   48        68      2009
                                             1927
 MINIMUM TEMPERATURE (F)   29         8      1977


SUNRISE AND SUNSET
FEBRUARY  6 2016......SUNRISE   719 AM EST   SUNSET   549 PM EST
FEBRUARY  7 2016......SUNRISE   718 AM EST   SUNSET   550 PM EST


-  INDICATES NEGATIVE NUMBERS.
R  INDICATES RECORD WAS SET OR TIED.
MM INDICATES DATA IS MISSING.
T  INDICATES TRACE AMOUNT.




$$
