000
CDUS41 KRNK 192211
CLIROA


CLIMATE REPORT
NATIONAL WEATHER SERVICE BLACKSBURG VA
508 PM EST FRI DEC 19 2014


...................................

...THE ROANOKE VA CLIMATE SUMMARY FOR DECEMBER 19 2014...
VALID TODAY AS OF 0500 PM LOCAL TIME.

CLIMATE NORMAL PERIOD 1981 TO 2010
CLIMATE RECORD PERIOD 1912 TO 2014


WEATHER ITEM   OBSERVED TIME   RECORD YEAR NORMAL DEPARTURE LAST
                VALUE   (LST)  VALUE       VALUE  FROM      YEAR
                                                  NORMAL
..................................................................
TEMPERATURE (F)
 TODAY
  MAXIMUM         47    216 PM  78    1924  47      0       66
  MINIMUM         31    748 AM   3    1932  29      2       35
  AVERAGE         39                        38      1       51

PRECIPITATION (IN)
  TODAY            0.00          1.60 1933   0.09  -0.09     0.00
  MONTH TO DATE    1.10                      1.89  -0.79     2.26
  SINCE DEC 1      1.10                      1.89  -0.79     2.26
  SINCE JAN 1     37.99                     40.20  -2.21    50.98

SNOWFALL (IN)
  TODAY            0.0
  MONTH TO DATE    T
  SINCE DEC 1      T
  SINCE JUL 1      0.5
  SNOW DEPTH       0

DEGREE DAYS
 HEATING
  TODAY           26                        27     -1       14
  MONTH TO DATE  414                       473    -59      427
  SINCE DEC 1    414                       473    -59      427
  SINCE JUL 1   1292                      1277     15     1299

 COOLING
  TODAY            0                         0      0        0
  MONTH TO DATE    0                         0      0        0
  SINCE DEC 1      0                         0      0        0
  SINCE JAN 1   1128                      1208    -80     1227
..................................................................


WIND (MPH)
  HIGHEST WIND SPEED    20   HIGHEST WIND DIRECTION     W (290)
  HIGHEST GUST SPEED    24   HIGHEST GUST DIRECTION     W (290)
  AVERAGE WIND SPEED     9.6


SKY COVER
  POSSIBLE SUNSHINE  MM
  AVERAGE SKY COVER 0.3


WEATHER CONDITIONS
 THE FOLLOWING WEATHER WAS RECORDED TODAY.
  NO SIGNIFICANT WEATHER WAS OBSERVED.


RELATIVE HUMIDITY (PERCENT)
 HIGHEST    59           800 AM
 LOWEST     38           200 PM
 AVERAGE    49

..........................................................


THE ROANOKE VA CLIMATE NORMALS FOR TOMORROW
                         NORMAL    RECORD    YEAR
 MAXIMUM TEMPERATURE (F)   47        71      1987
 MINIMUM TEMPERATURE (F)   29         5      1916


SUNRISE AND SUNSET
DECEMBER 19 2014......SUNRISE   729 AM EST   SUNSET   505 PM EST
DECEMBER 20 2014......SUNRISE   730 AM EST   SUNSET   505 PM EST


-  INDICATES NEGATIVE NUMBERS.
R  INDICATES RECORD WAS SET OR TIED.
MM INDICATES DATA IS MISSING.
T  INDICATES TRACE AMOUNT.

$$
