000
CDUS41 KRNK 242115
CLIROA


CLIMATE REPORT
NATIONAL WEATHER SERVICE BLACKSBURG VA
513 PM EDT FRI JUN 24 2016


...................................

...THE ROANOKE VA CLIMATE SUMMARY FOR JUNE 24 2016...
VALID TODAY AS OF 0500 PM LOCAL TIME.

CLIMATE NORMAL PERIOD 1981 TO 2010
CLIMATE RECORD PERIOD 1912 TO 2016


WEATHER ITEM   OBSERVED TIME   RECORD YEAR NORMAL DEPARTURE LAST
                VALUE   (LST)  VALUE       VALUE  FROM      YEAR
                                                  NORMAL
..................................................................
TEMPERATURE (F)
 TODAY
  MAXIMUM         85    400 PM 103    1930  86     -1       89
  MINIMUM         66    421 AM  49    1915  65      1       68
  AVERAGE         76                        75      1       79

PRECIPITATION (IN)
  TODAY            0.08          1.41 1919   0.12  -0.04     0.00
  MONTH TO DATE    5.26                      3.12   2.14     7.49
  SINCE JUN 1      5.26                      3.12   2.14     7.49
  SINCE JAN 1     22.99                     19.82   3.17    22.47

SNOWFALL (IN)
  TODAY            0.0                                       0.0
  MONTH TO DATE    0.0                                        T
  SINCE JUN 1      0.0                                        T
  SINCE JUL 1     23.0                                      21.7
  SNOW DEPTH       0

DEGREE DAYS
 HEATING
  TODAY            0                         0      0        0
  MONTH TO DATE    0                         9     -9        7
  SINCE JUN 1      0                         9     -9        7
  SINCE JUL 1   3505                      4142   -637     4251

 COOLING
  TODAY           11                        10      1       14
  MONTH TO DATE  220                       183     37      272
  SINCE JUN 1    220                       183     37      272
  SINCE JAN 1    345                       299     46      440
..................................................................


WIND (MPH)
  HIGHEST WIND SPEED    10   HIGHEST WIND DIRECTION     W (290)
  HIGHEST GUST SPEED    13   HIGHEST GUST DIRECTION    NW (300)
  AVERAGE WIND SPEED     1.5


SKY COVER
  AVERAGE SKY COVER 0.7


WEATHER CONDITIONS
 THE FOLLOWING WEATHER WAS RECORDED TODAY.
  LIGHT RAIN
  FOG


RELATIVE HUMIDITY (PERCENT)
 HIGHEST   100           200 AM
 LOWEST     69           300 PM
 AVERAGE    85

..........................................................


THE ROANOKE VA CLIMATE NORMALS FOR TOMORROW
                         NORMAL    RECORD    YEAR
 MAXIMUM TEMPERATURE (F)   86        99      1952
 MINIMUM TEMPERATURE (F)   65        49      1979
                                             1936


SUNRISE AND SUNSET
JUNE 24 2016..........SUNRISE   601 AM EDT   SUNSET   844 PM EDT
JUNE 25 2016..........SUNRISE   601 AM EDT   SUNSET   844 PM EDT


-  INDICATES NEGATIVE NUMBERS.
R  INDICATES RECORD WAS SET OR TIED.
MM INDICATES DATA IS MISSING.
T  INDICATES TRACE AMOUNT.


$$

PW
