298
CDUS41 KRNK 250618
CLIROA


CLIMATE REPORT
NATIONAL WEATHER SERVICE BLACKSBURG VA
215 AM EDT TUE APR 25 2017


...................................

...THE ROANOKE VA CLIMATE SUMMARY FOR APRIL 24 2017...

CLIMATE NORMAL PERIOD 1981 TO 2010
CLIMATE RECORD PERIOD 1912 TO 2017


WEATHER ITEM   OBSERVED TIME   RECORD YEAR NORMAL DEPARTURE LAST
                VALUE   (LST)  VALUE       VALUE  FROM      YEAR
                                                  NORMAL
..................................................................
TEMPERATURE (F)
 YESTERDAY
  MAXIMUM         53    717 PM  95    1925  71    -18       75
  MINIMUM         47    230 AM  28    1927  48     -1       42
  AVERAGE         50                        59     -9       59

PRECIPITATION (IN)
  YESTERDAY        1.75          2.76 1987   0.12   1.63     0.00
  MONTH TO DATE    5.30                      2.70   2.60     0.44
  SINCE MAR 1      7.62                      6.16   1.46     2.69
  SINCE JAN 1     12.26                     11.97   0.29    10.92

SNOWFALL (IN)
  YESTERDAY        0.0                                       0.0
  MONTH TO DATE    0.0                                        T
  SINCE MAR 1      0.1                                       1.0
  SINCE JUL 1      4.6                                      23.0
  SNOW DEPTH       0

DEGREE DAYS
 HEATING
  YESTERDAY       15                         7      8        6
  MONTH TO DATE  145                       237    -92      232
  SINCE MAR 1    649                       789   -140      571
  SINCE JUL 1   3113                      3994   -881     3405

 COOLING
  YESTERDAY        0                         1     -1        0
  MONTH TO DATE   37                        16     21       14
  SINCE MAR 1     39                        21     18       24
  SINCE JAN 1     39                        21     18       24
..................................................................


WIND (MPH)
  HIGHEST WIND SPEED    17   HIGHEST WIND DIRECTION    NE (40)
  HIGHEST GUST SPEED    22   HIGHEST GUST DIRECTION    NE (40)
  AVERAGE WIND SPEED     9.2


SKY COVER
  AVERAGE SKY COVER 1.0


WEATHER CONDITIONS
 THE FOLLOWING WEATHER WAS RECORDED YESTERDAY.
  HEAVY RAIN
  RAIN
  LIGHT RAIN
  FOG


RELATIVE HUMIDITY (PERCENT)
 HIGHEST   100           800 AM
 LOWEST     89          1100 AM
 AVERAGE    95

..........................................................


THE ROANOKE VA CLIMATE NORMALS FOR TODAY
                         NORMAL    RECORD    YEAR
 MAXIMUM TEMPERATURE (F)   71        95      1925
 MINIMUM TEMPERATURE (F)   48        30      1956


SUNRISE AND SUNSET
APRIL 25 2017.........SUNRISE   632 AM EDT   SUNSET   804 PM EDT
APRIL 26 2017.........SUNRISE   631 AM EDT   SUNSET   805 PM EDT


-  INDICATES NEGATIVE NUMBERS.
R  INDICATES RECORD WAS SET OR TIED.
MM INDICATES DATA IS MISSING.
T  INDICATES TRACE AMOUNT.

$$

RAB
