000
CDUS41 KRNK 290618
CLIROA


CLIMATE REPORT
NATIONAL WEATHER SERVICE BLACKSBURG VA
215 AM EDT FRI JUL 29 2016


...................................

...THE ROANOKE VA CLIMATE SUMMARY FOR JULY 28 2016...

CLIMATE NORMAL PERIOD 1981 TO 2010
CLIMATE RECORD PERIOD 1912 TO 2016


WEATHER ITEM   OBSERVED TIME   RECORD YEAR NORMAL DEPARTURE LAST
                VALUE   (LST)  VALUE       VALUE  FROM      YEAR
                                                  NORMAL
..................................................................
TEMPERATURE (F)
 YESTERDAY
  MAXIMUM         91    219 PM 104    1930  87      4       90
  MINIMUM         71    918 PM  50    1962  66      5       72
  AVERAGE         81                        77      4       81

PRECIPITATION (IN)
  YESTERDAY        1.21R         1.09 1980   0.13   1.08      T
  MONTH TO DATE    4.21                      3.64   0.57     4.27
  SINCE JUN 1     10.24                      7.47   2.77    13.34
  SINCE JAN 1     27.97                     24.17   3.80    28.32

SNOWFALL (IN)
  YESTERDAY        0.0                                       0.0
  MONTH TO DATE    0.0                                       0.0
  SINCE JUN 1      0.0                                        T
  SINCE JUL 1      0.0                                       0.0
  SNOW DEPTH       0

DEGREE DAYS
 HEATING
  YESTERDAY        0                         0      0        0
  MONTH TO DATE    0                         0      0        0
  SINCE JUN 1      0                        11    -11        7
  SINCE JUL 1      0                         0      0        0

 COOLING
  YESTERDAY       16                        12      4       16
  MONTH TO DATE  399                       331     68      346
  SINCE JUN 1    679                       577    102      672
  SINCE JAN 1    804                       693    111      840
..................................................................


WIND (MPH)
  HIGHEST WIND SPEED    31   HIGHEST WIND DIRECTION     W (290)
  HIGHEST GUST SPEED    39   HIGHEST GUST DIRECTION     W (280)
  AVERAGE WIND SPEED     4.0


SKY COVER
  AVERAGE SKY COVER 0.6


WEATHER CONDITIONS
 THE FOLLOWING WEATHER WAS RECORDED YESTERDAY.
  THUNDERSTORM
  HEAVY RAIN
  RAIN
  LIGHT RAIN
  FOG


RELATIVE HUMIDITY (PERCENT)
 HIGHEST   100           100 AM
 LOWEST     44           100 PM
 AVERAGE    72

..........................................................


THE ROANOKE VA CLIMATE NORMALS FOR TODAY
                         NORMAL    RECORD    YEAR
 MAXIMUM TEMPERATURE (F)   87       102      1952
                                             1930
 MINIMUM TEMPERATURE (F)   66        52      1925


SUNRISE AND SUNSET
JULY 29 2016..........SUNRISE   622 AM EDT   SUNSET   830 PM EDT
JULY 30 2016..........SUNRISE   623 AM EDT   SUNSET   829 PM EDT


-  INDICATES NEGATIVE NUMBERS.
R  INDICATES RECORD WAS SET OR TIED.
MM INDICATES DATA IS MISSING.
T  INDICATES TRACE AMOUNT.

$$
RCS
