000
CDUS41 KRNK 250845
CLIROA


CLIMATE REPORT
NATIONAL WEATHER SERVICE BLACKSBURG VA
443 AM EDT SAT MAR 25 2017


...................................

...THE ROANOKE VA CLIMATE SUMMARY FOR MARCH 24 2017...

CLIMATE NORMAL PERIOD 1981 TO 2010
CLIMATE RECORD PERIOD 1912 TO 2017


WEATHER ITEM   OBSERVED TIME   RECORD YEAR NORMAL DEPARTURE LAST
                VALUE   (LST)  VALUE       VALUE  FROM      YEAR
                                                  NORMAL
..................................................................
TEMPERATURE (F)
 YESTERDAY
  MAXIMUM         71    434 PM  89    1929  61     10       76
  MINIMUM         37    231 AM  21    1940  39     -2       51
  AVERAGE         54                        50      4       64

PRECIPITATION (IN)
  YESTERDAY        0.00          1.42 2012   0.12  -0.12     0.00
  MONTH TO DATE    0.97                      2.61  -1.64     1.86
  SINCE MAR 1      0.97                      2.61  -1.64     1.86
  SINCE JAN 1      5.61                      8.42  -2.81    10.09

SNOWFALL (IN)
  YESTERDAY        0.0                                       0.0
  MONTH TO DATE    0.1                                       1.0
  SINCE MAR 1      0.1                                       1.0
  SINCE JUL 1      4.6                                      23.0
  SNOW DEPTH       0

DEGREE DAYS
 HEATING
  YESTERDAY       11                        15     -4        1
  MONTH TO DATE  482                       453     29      272
  SINCE MAR 1    482                       453     29      272
  SINCE JUL 1   2946                      3658   -712     3106

 COOLING
  YESTERDAY        0                         0      0        0
  MONTH TO DATE    0                         0      0       10
  SINCE MAR 1      0                         0      0       10
  SINCE JAN 1      0                         0      0       10
..................................................................


WIND (MPH)
  HIGHEST WIND SPEED    15   HIGHEST WIND DIRECTION     S (160)
  HIGHEST GUST SPEED    19   HIGHEST GUST DIRECTION     S (160)
  AVERAGE WIND SPEED     5.4


SKY COVER
  AVERAGE SKY COVER 0.5


WEATHER CONDITIONS
 THE FOLLOWING WEATHER WAS RECORDED YESTERDAY.
  NO SIGNIFICANT WEATHER WAS OBSERVED.


RELATIVE HUMIDITY (PERCENT)
 HIGHEST    60          1100 PM
 LOWEST     34           100 PM
 AVERAGE    47

..........................................................


THE ROANOKE VA CLIMATE NORMALS FOR TODAY
                         NORMAL    RECORD    YEAR
 MAXIMUM TEMPERATURE (F)   61        86      1929
 MINIMUM TEMPERATURE (F)   39        17      1971


SUNRISE AND SUNSET
MARCH 25 2017.........SUNRISE   716 AM EDT   SUNSET   736 PM EDT
MARCH 26 2017.........SUNRISE   714 AM EDT   SUNSET   737 PM EDT


-  INDICATES NEGATIVE NUMBERS.
R  INDICATES RECORD WAS SET OR TIED.
MM INDICATES DATA IS MISSING.
T  INDICATES TRACE AMOUNT.

$$

RAB
