191
CDUS41 KRNK 232218
CLIROA


CLIMATE REPORT
NATIONAL WEATHER SERVICE BLACKSBURG VA
513 PM EST FRI FEB 23 2018


...................................

...THE ROANOKE VA CLIMATE SUMMARY FOR FEBRUARY 23 2018...
VALID TODAY AS OF 0500 PM LOCAL TIME.

CLIMATE NORMAL PERIOD 1981 TO 2010
CLIMATE RECORD PERIOD 1912 TO 2018


WEATHER ITEM   OBSERVED TIME   RECORD YEAR NORMAL DEPARTURE LAST
                VALUE   (LST)  VALUE       VALUE  FROM      YEAR
                                                  NORMAL
..................................................................
TEMPERATURE (F)
 TODAY
  MAXIMUM         55    339 PM  76    1943  51      4       74
  MINIMUM         45    921 AM  12    1963  31     14       47
  AVERAGE         50                        41      9       61

PRECIPITATION (IN)
  TODAY            T             1.47 1984   0.10  -0.10     0.00
  MONTH TO DATE    3.90                      2.39   1.51     0.40
  SINCE DEC 1      6.40                      8.25  -1.85     7.29
  SINCE JAN 1      6.04                      5.31   0.73     4.50

SNOWFALL (IN)
  TODAY            0.0                                       0.0
  MONTH TO DATE    1.5                                        T
  SINCE DEC 1      5.1                                       4.5
  SINCE JUL 1      5.1                                       4.5
  SNOW DEPTH       0

DEGREE DAYS
 HEATING
  TODAY           15                        24     -9        4
  MONTH TO DATE  451                       597   -146      384
  SINCE DEC 1   2198                      2285    -87     1860
  SINCE JUL 1   2933                      3089   -156     2388

 COOLING
  TODAY            0                         0      0        0
  MONTH TO DATE    4                         0      4        0
  SINCE DEC 1      4                         0      4        0
  SINCE JAN 1      4                         0      4        0
..................................................................


WIND (MPH)
  HIGHEST WIND SPEED    15   HIGHEST WIND DIRECTION    SE (140)
  HIGHEST GUST SPEED    15   HIGHEST GUST DIRECTION    SE (150)
  AVERAGE WIND SPEED     8.3


SKY COVER
  AVERAGE SKY COVER 1.0


WEATHER CONDITIONS
 THE FOLLOWING WEATHER WAS RECORDED TODAY.
  LIGHT RAIN
  FOG


RELATIVE HUMIDITY (PERCENT)
 HIGHEST   100           500 AM
 LOWEST     77          1200 AM
 AVERAGE    89

..........................................................


THE ROANOKE VA CLIMATE NORMALS FOR TOMORROW
                         NORMAL    RECORD    YEAR
 MAXIMUM TEMPERATURE (F)   52        80      1985
 MINIMUM TEMPERATURE (F)   31         7      1967


SUNRISE AND SUNSET
FEBRUARY 23 2018......SUNRISE   659 AM EST   SUNSET   608 PM EST
FEBRUARY 24 2018......SUNRISE   658 AM EST   SUNSET   609 PM EST


-  INDICATES NEGATIVE NUMBERS.
R  INDICATES RECORD WAS SET OR TIED.
MM INDICATES DATA IS MISSING.
T  INDICATES TRACE AMOUNT.




$$
