000
CDUS41 KRNK 010614
CLIROA


CLIMATE REPORT
NATIONAL WEATHER SERVICE BLACKSBURG VA
212 AM EDT SAT OCT 1 2016


...................................

...THE ROANOKE VA CLIMATE SUMMARY FOR SEPTEMBER 30 2016...

CLIMATE NORMAL PERIOD 1981 TO 2010
CLIMATE RECORD PERIOD 1912 TO 2016


WEATHER ITEM   OBSERVED TIME   RECORD YEAR NORMAL DEPARTURE LAST
                VALUE   (LST)  VALUE       VALUE  FROM      YEAR
                                                  NORMAL
..................................................................
TEMPERATURE (F)
 YESTERDAY
  MAXIMUM         72    317 PM  91    1953  73     -1       83
  MINIMUM         63   1159 PM  32    1942  52     11       65
  AVERAGE         68                        63      5       74

PRECIPITATION (IN)
  YESTERDAY        0.92          2.72 1936   0.12   0.80     0.00
  MONTH TO DATE    4.75                      3.89   0.86     8.48
  SINCE SEP 1      4.75                      3.89   0.86     8.48
  SINCE JAN 1     38.52                     32.02   6.50    39.91

SNOWFALL (IN)
  YESTERDAY        0.0                                       0.0
  MONTH TO DATE    0.0                                       0.0
  SINCE SEP 1      0.0                                       0.0
  SINCE JUL 1      0.0                                       0.0
  SNOW DEPTH       0

DEGREE DAYS
 HEATING
  YESTERDAY        0                         4     -4        0
  MONTH TO DATE    0                        46    -46       21
  SINCE SEP 1      0                        48    -48       21
  SINCE JUL 1      0                        49    -49       21

 COOLING
  YESTERDAY        3                         2      1        9
  MONTH TO DATE  264                       139    125      182
  SINCE SEP 1    264                       139    125      182
  SINCE JAN 1   1513                      1186    327     1398
..................................................................


WIND (MPH)
  HIGHEST WIND SPEED    16   HIGHEST WIND DIRECTION     E (100)
  HIGHEST GUST SPEED    19   HIGHEST GUST DIRECTION     E (100)
  AVERAGE WIND SPEED     6.5


SKY COVER
  AVERAGE SKY COVER 1.0


WEATHER CONDITIONS
 THE FOLLOWING WEATHER WAS RECORDED YESTERDAY.
  THUNDERSTORM
  HEAVY RAIN
  RAIN
  LIGHT RAIN
  FOG


RELATIVE HUMIDITY (PERCENT)
 HIGHEST   100           200 AM
 LOWEST     84           300 PM
 AVERAGE    92

..........................................................


THE ROANOKE VA CLIMATE NORMALS FOR TODAY
                         NORMAL    RECORD    YEAR
 MAXIMUM TEMPERATURE (F)   73        95      1941
                                             1933
 MINIMUM TEMPERATURE (F)   52        32      1993


SUNRISE AND SUNSET
OCTOBER  1 2016.......SUNRISE   716 AM EDT   SUNSET   702 PM EDT
OCTOBER  2 2016.......SUNRISE   717 AM EDT   SUNSET   701 PM EDT


-  INDICATES NEGATIVE NUMBERS.
R  INDICATES RECORD WAS SET OR TIED.
MM INDICATES DATA IS MISSING.
T  INDICATES TRACE AMOUNT.

$$
RCS
