000
CDUS41 KRNK 282147
CLIROA


CLIMATE REPORT
NATIONAL WEATHER SERVICE BLACKSBURG VA
445 PM EST WED JAN 28 2015


...................................

...THE ROANOKE VA CLIMATE SUMMARY FOR JANUARY 28 2015...
VALID TODAY AS OF 0400 PM LOCAL TIME.

CLIMATE NORMAL PERIOD 1981 TO 2010
CLIMATE RECORD PERIOD 1912 TO 2015


WEATHER ITEM   OBSERVED TIME   RECORD YEAR NORMAL DEPARTURE LAST
                VALUE   (LST)  VALUE       VALUE  FROM      YEAR
                                                  NORMAL
..................................................................
TEMPERATURE (F)
 TODAY
  MAXIMUM         44    347 PM  75    1944  46     -2       19
  MINIMUM         21    639 AM   4    1963  28     -7       13
                                      1940
  AVERAGE         33                        37     -4       16

PRECIPITATION (IN)
  TODAY            0.00          1.28 1943   0.10  -0.10     0.05
  MONTH TO DATE    1.30                      2.63  -1.33     1.81
  SINCE DEC 1      3.84                      5.57  -1.73     6.19
  SINCE JAN 1      1.30                      2.63  -1.33     1.81

SNOWFALL (IN)
  TODAY            0.0
  MONTH TO DATE    0.2
  SINCE DEC 1      0.2
  SINCE JUL 1      0.7
  SNOW DEPTH       0

DEGREE DAYS
 HEATING
  TODAY           32                        28      4       49
  MONTH TO DATE  802                       801      1      949
  SINCE DEC 1   1499                      1607   -108     1644
  SINCE JUL 1   2377                      2411    -34     2516

 COOLING
  TODAY            0                         0      0        0
  MONTH TO DATE    0                         0      0        0
  SINCE DEC 1      0                         0      0        0
  SINCE JAN 1      0                         0      0        0
..................................................................


WIND (MPH)
  HIGHEST WIND SPEED    20   HIGHEST WIND DIRECTION    NW (310)
  HIGHEST GUST SPEED    27   HIGHEST GUST DIRECTION    NW (310)
  AVERAGE WIND SPEED     9.3


SKY COVER
  POSSIBLE SUNSHINE  MM
  AVERAGE SKY COVER 0.1


WEATHER CONDITIONS
 THE FOLLOWING WEATHER WAS RECORDED TODAY.
  NO SIGNIFICANT WEATHER WAS OBSERVED.


RELATIVE HUMIDITY (PERCENT)
 HIGHEST    65           700 AM
 LOWEST     22           300 PM
 AVERAGE    44

..........................................................


THE ROANOKE VA CLIMATE NORMALS FOR TOMORROW
                         NORMAL    RECORD    YEAR
 MAXIMUM TEMPERATURE (F)   46        75      1975
 MINIMUM TEMPERATURE (F)   28         4      1977
                                             1940


SUNRISE AND SUNSET
JANUARY 28 2015.......SUNRISE   726 AM EST   SUNSET   540 PM EST
JANUARY 29 2015.......SUNRISE   726 AM EST   SUNSET   541 PM EST


-  INDICATES NEGATIVE NUMBERS.
R  INDICATES RECORD WAS SET OR TIED.
MM INDICATES DATA IS MISSING.
T  INDICATES TRACE AMOUNT.




$$
