000
CXUS51 KRNK 011229
CLMROA


CLIMATE REPORT
NATIONAL WEATHER SERVICE BLACKSBURG VA
725 AM EST THU DEC 1 2016

...................................

...THE ROANOKE VA CLIMATE SUMMARY FOR THE MONTH OF NOVEMBER 2016...

CLIMATE NORMAL PERIOD 1981 TO 2010
CLIMATE RECORD PERIOD 1912 TO 2016

WEATHER         OBSERVED          NORMAL  DEPART  LAST YEAR`S
                 VALUE   DATE(S)  VALUE   FROM    VALUE
                                          NORMAL
.............................................................
TEMPERATURE (F)
RECORD
 HIGH              83   11/02/2016
                        11/01/1950
                        02/05/2000
 LOW                8   11/30/1929
HIGHEST            83R  11/02                         82
LOWEST             28   11/13                         28
AVG. MAXIMUM     63.8              58.6     5.2     61.7
AVG. MINIMUM     39.4              37.7     1.7     42.8
MEAN             51.6              48.1     3.5     52.2
DAYS MAX >= 90      0               0.0     0.0        0
DAYS MAX <= 32      0               0.0     0.0        0
DAYS MIN <= 32      8               8.3    -0.3        4
DAYS MIN <= 0       0               0.0     0.0        0

PRECIPITATION (INCHES)
RECORD
 MAXIMUM        12.36   1985
 MINIMUM         0.18   2007
TOTALS           1.08              3.40   -2.32     4.00
DAILY AVG.       0.04              0.11   -0.07     0.13
DAYS >= .01         3               8.0    -5.0        8
DAYS >= .10         2               5.2    -3.2        5
DAYS >= .50         1               2.4    -1.4        4
DAYS >= 1.00        0               1.0    -1.0        2
GREATEST
 24 HR. TOTAL    0.58                               1.96

SNOWFALL (INCHES)
TOTALS            0.0                                0.0
DAYS >= TRACE       0                                  0
DAYS >= 1.0         0                                  0
GREATEST
 24 HR TOTAL      0.0                                0.0

DEGREE_DAYS
HEATING TOTAL     405               507    -102      382
COOLING TOTAL      10                 1       9        7
..............................................................

WIND (MPH)
AVERAGE WIND SPEED              6.3
HIGHEST WIND SPEED/DIRECTION    36/300    DATE  11/20
HIGHEST GUST SPEED/DIRECTION    49/300    DATE  11/20

SKY COVER
AVERAGE SKY COVER           0.30

AVERAGE RH (PERCENT)     56

WEATHER CONDITIONS. NUMBER OF DAYS WITH
THUNDERSTORM              0     MIXED PRECIP               0
HEAVY RAIN                2     RAIN                       2
LIGHT RAIN                6     FREEZING RAIN              0
LT FREEZING RAIN          0     HAIL                       0
HEAVY SNOW                0     SNOW                       0
LIGHT SNOW                0     SLEET                      0
FOG                       3     FOG W/VIS <= 1/4 MILE      2
HAZE                      0

-  INDICATES NEGATIVE NUMBERS.
R  INDICATES RECORD WAS SET OR TIED.
MM INDICATES DATA IS MISSING.
T  INDICATES TRACE AMOUNT.

$$

RAB
