000
CXUS51 KRNK 011746
CLMROA

CLIMATE REPORT
NATIONAL WEATHER SERVICE BLACKSBURG VA
1153 AM EDT WED JUL 1 2015

...................................

...THE ROANOKE VA CLIMATE SUMMARY FOR THE MONTH OF JUNE 2015...

CLIMATE NORMAL PERIOD 1981 TO 2010
CLIMATE RECORD PERIOD 1912 TO 2015

WEATHER         OBSERVED          NORMAL  DEPART  LAST YEAR`S
                 VALUE   DATE(S)  VALUE   FROM    VALUE
                                          NORMAL
.............................................................
TEMPERATURE (F)
RECORD
 HIGH             104   06/29/2012
                        06/30/1936
                        22/12/2298
 LOW               36   06/11/1913
HIGHEST            93   06/23                         94
                        06/16
LOWEST             54   06/29                         53
AVG. MAXIMUM     85.0              83.4     1.6     84.8
AVG. MINIMUM     65.7              62.3     3.4     64.5
MEAN             75.3              72.9     2.4     74.7
DAYS MAX >= 90      8               4.9     3.1        5
DAYS MAX <= 32      0               0.0     0.0        0
DAYS MIN <= 32      0               0.0     0.0        0
DAYS MIN <= 0       0               0.0     0.0        0

PRECIPITATION (INCHES)
RECORD
 MAXIMUM        10.32   1995
 MINIMUM         0.62   1986
TOTALS           9.07              3.83    5.24     3.05
DAILY AVG.       0.30              0.13    0.17     0.10
DAYS >= .01        16              10.8     5.2       10
DAYS >= .10        10               6.5     3.5        6
DAYS >= .50         5               2.5     2.5        3
DAYS >= 1.00        4               0.9     3.1        0
GREATEST
 24 HR. TOTAL    3.45                               0.95

SNOWFALL (INCHES)
TOTALS              T                                0.0
DAYS >= TRACE       1                                  0
DAYS >= 1.0         0                                  0
GREATEST
 24 HR TOTAL        T                                0.0

DEGREE_DAYS
HEATING TOTAL       7                11      -4        0
COOLING TOTAL     326               246      80      297
..............................................................

WIND (MPH)
AVERAGE WIND SPEED              6.3
HIGHEST WIND SPEED/DIRECTION    37/280    DATE  06/18
HIGHEST GUST SPEED/DIRECTION    66/270    DATE  06/18

SKY COVER
AVERAGE SKY COVER           0.50

AVERAGE RH (PERCENT)     72

WEATHER CONDITIONS. NUMBER OF DAYS WITH
THUNDERSTORM             11     MIXED PRECIP               0
HEAVY RAIN                8     RAIN                       8
LIGHT RAIN               18     FREEZING RAIN              0
LT FREEZING RAIN          0     HAIL                       1
HEAVY SNOW                0     SNOW                       0
LIGHT SNOW                0     SLEET                      0
FOG                       9     FOG W/VIS <= 1/4 MILE      1
HAZE                      1

-  INDICATES NEGATIVE NUMBERS.
R  INDICATES RECORD WAS SET OR TIED.
MM INDICATES DATA IS MISSING.
T  INDICATES TRACE AMOUNT.

$$

JDR
