000
CXUS51 KRNK 011340 CCA
CLMROA

CLIMATE REPORT
NATIONAL WEATHER SERVICE BLACKSBURG VA
537 AM EDT TUE JUL 1 2014

...................................

...THE ROANOKE VA CLIMATE SUMMARY FOR THE MONTH OF JUNE 2014...

CLIMATE NORMAL PERIOD 1981 TO 2010
CLIMATE RECORD PERIOD 1912 TO 2014

WEATHER         OBSERVED          NORMAL  DEPART  LAST YEAR`S
                 VALUE   DATE(S)  VALUE   FROM    VALUE
                                          NORMAL
.............................................................
TEMPERATURE (F)
RECORD
 HIGH             104   06/29/2012
                        06/30/1936
                        22/12/2298
 LOW               36   06/11/1913
HIGHEST            94   06/18                         91
LOWEST             53   06/02                         57
AVG. MAXIMUM     84.8              83.4     1.4     82.9
AVG. MINIMUM     64.5              62.3     2.2     64.3
MEAN             74.7              72.9     1.8     73.6
DAYS MAX >= 90      5               4.9     0.1
DAYS MAX <= 32      0               0.0     0.0
DAYS MIN <= 32      0               0.0     0.0
DAYS MIN <= 0       0               0.0     0.0

PRECIPITATION (INCHES)
RECORD
 MAXIMUM        10.32   1995
 MINIMUM         0.62   1986
TOTALS           3.05              3.83   -0.78     6.49
DAILY AVG.       0.10              0.13   -0.03     0.22
DAYS >= .01        10              10.8    -0.8
DAYS >= .10         6               6.5    -0.5
DAYS >= .50         3               2.5     0.5
DAYS >= 1.00        0               0.9    -0.9
GREATEST
 24 HR. TOTAL    0.95   06/11 TO 06/12

SNOWFALL (INCHES)
TOTALS            0.0                                0.0
SINCE 7/1        28.0
SNOWDEPTH AVG.      0
DAYS >= 1.0         0
GREATEST
 SNOW DEPTH         0

DEGREE_DAYS
HEATING TOTAL       0                11     -11
 SINCE 7/1       4366              4144     222
COOLING TOTAL     297               246      51
 SINCE 1/1        446               362      84
..............................................................

WIND (MPH)
AVERAGE WIND SPEED              5.4
HIGHEST WIND SPEED/DIRECTION    25/310    DATE  06/13
HIGHEST GUST SPEED/DIRECTION    32/240    DATE  06/20

SKY COVER
POSSIBLE SUNSHINE (PERCENT)   MM
AVERAGE SKY COVER           0.60
NUMBER OF DAYS FAIR            5
NUMBER OF DAYS PC             21
NUMBER OF DAYS CLOUDY          4

AVERAGE RH (PERCENT)     67

WEATHER CONDITIONS. NUMBER OF DAYS WITH
THUNDERSTORM              9     MIXED PRECIP               0
HEAVY RAIN                6     RAIN                       8
LIGHT RAIN               15     FREEZING RAIN              0
LT FREEZING RAIN          0     HAIL                       0
HEAVY SNOW                0     SNOW                       0
LIGHT SNOW                0     SLEET                      0
FOG                      10     FOG W/VIS <= 1/4 MILE      1
HAZE                      6

-  INDICATES NEGATIVE NUMBERS.
R  INDICATES RECORD WAS SET OR TIED.
MM INDICATES DATA IS MISSING.
T  INDICATES TRACE AMOUNT.

DUE TO A PROBLEM WITH THE ASOS TEMPERATURE SENSOR ON AUGUST 26-28
AND SEPTEMBER 23...THE SEASONAL TOTAL AND DEPARTURE FROM NORMAL FOR
HDD WILL BE CALCULATED WITHOUT DATA FROM THOSE DATES.
$$
