000
CDUS46 KOTX 240836
CLIPUW


CLIMATE REPORT
NATIONAL WEATHER SERVICE SPOKANE, WA
123 AM PDT MON MAR 24 2014


...................................

...THE PULLMAN-MOSCOW  AIRPORT CLIMATE SUMMARY FOR MARCH 23 2014...

CLIMATE NORMAL PERIOD 1981 TO 2010
CLIMATE RECORD PERIOD 9999 TO 9999


WEATHER ITEM   OBSERVED TIME   RECORD YEAR NORMAL DEPARTURE LAST
                VALUE   (LST)  VALUE       VALUE  FROM      YEAR
                                                  NORMAL
..................................................................
TEMPERATURE (F)
 YESTERDAY
  MAXIMUM         50    304 PM  67    1960  51     -1       40
  MINIMUM         27   1154 PM  12    1965  33     -6       22
  AVERAGE         39                        42     -3       31

PRECIPITATION (IN)
  YESTERDAY        0.00        0.58   2000  0.07  -0.07     0.00
  MONTH TO DATE    2.08                     1.53   0.55     0.89
  SINCE OCT 1      9.86                    10.07  -0.21    10.77
  SINCE JAN 1      6.52                     4.87   1.65     3.23

SNOWFALL (IN)
  YESTERDAY       MM            MM     MM    MM     MM       MM
  MONTH TO DATE   MM                         MM     MM       MM
  SINCE MAR 1     MM                         MM     MM       MM
  SINCE JUL 1     MM                         MM     MM       MM
  SNOW DEPTH      MM

DEGREE DAYS
 HEATING
  YESTERDAY       26                        23      3       34
  MONTH TO DATE  545                       577    -32      576
  SINCE MAR 1    545                       577    -32      576
  SINCE JUL 1   5396                      5280    116     5002

 COOLING
  YESTERDAY        0                         0      0        0
  MONTH TO DATE    0                         0      0        0
  SINCE MAR 1      0                         0      0        0
  SINCE JAN 1      0                         0      0        0
..................................................................


WIND (MPH)
  HIGHEST WIND SPEED    16   HIGHEST WIND DIRECTION     W (270)
  HIGHEST GUST SPEED    22   HIGHEST GUST DIRECTION     W (260)
  AVERAGE WIND SPEED     4.7


SKY COVER
  POSSIBLE SUNSHINE  MM
  AVERAGE SKY COVER 0.4


WEATHER CONDITIONS
 THE FOLLOWING WEATHER WAS RECORDED YESTERDAY.
  NO SIGNIFICANT WEATHER WAS OBSERVED.


RELATIVE HUMIDITY (PERCENT)
 HIGHEST    75          1200 AM
 LOWEST     34           400 PM
 AVERAGE    55

..........................................................


THE PULLMAN-MOSCOW  AIRPORT CLIMATE NORMALS FOR TODAY
                         NORMAL    RECORD    YEAR
 MAXIMUM TEMPERATURE (F)   51        66      2001
                                             1960
 MINIMUM TEMPERATURE (F)   33        10      1965


SUNRISE AND SUNSET
MARCH 24 2014.........SUNRISE   643 AM PDT   SUNSET   707 PM PDT
MARCH 25 2014.........SUNRISE   641 AM PDT   SUNSET   708 PM PDT


-  INDICATES NEGATIVE NUMBERS.
R  INDICATES RECORD WAS SET OR TIED.
MM INDICATES DATA IS MISSING.
T  INDICATES TRACE AMOUNT.

$$
