000
CDUS46 KOTX 171054
CLIPUW


CLIMATE REPORT
NATIONAL WEATHER SERVICE SPOKANE, WA
254 AM PST THU NOV 17 2016


...................................

...THE PULLMAN-MOSCOW  AIRPORT CLIMATE SUMMARY FOR NOVEMBER 16 2016...

CLIMATE NORMAL PERIOD 1981 TO 2010
CLIMATE RECORD PERIOD 9999 TO 9999


WEATHER ITEM   OBSERVED TIME   RECORD YEAR NORMAL DEPARTURE LAST
                VALUE   (LST)  VALUE       VALUE  FROM      YEAR
                                                  NORMAL
..................................................................
TEMPERATURE (F)
 YESTERDAY
  MAXIMUM         42    350 PM  58    1949  43     -1       39
  MINIMUM         29   1157 PM -14    1959  31     -2       30
  AVERAGE         36                        37     -1       35

PRECIPITATION (IN)
  YESTERDAY        T                         0.08  -0.08      T
  MONTH TO DATE    0.73                      1.21  -0.48     1.39
  SINCE OCT 1      5.74                      2.55   3.19     2.90
  SINCE JAN 1     18.06                     14.24   3.82    13.52

SNOWFALL (IN)
  YESTERDAY       MM

DEGREE DAYS
 HEATING
  YESTERDAY       29                        28      1       30
  MONTH TO DATE  219                       408   -189      381
  SINCE SEP 1    887                      1181   -294      919
  SINCE JUL 1    989                      1314   -325      976

 COOLING
  YESTERDAY        0                         0      0        0
  MONTH TO DATE    0                         0      0        0
  SINCE SEP 1      6                        23    -17        8
  SINCE JAN 1    203                       213    -10      416
..................................................................


WIND (MPH)
  HIGHEST WIND SPEED    31   HIGHEST WIND DIRECTION    SW (240)
  HIGHEST GUST SPEED    38   HIGHEST GUST DIRECTION    SW (240)
  AVERAGE WIND SPEED    10.6


SKY COVER
  POSSIBLE SUNSHINE  MM
  AVERAGE SKY COVER 0.5


WEATHER CONDITIONS
 THE FOLLOWING WEATHER WAS RECORDED YESTERDAY.
  LIGHT RAIN


RELATIVE HUMIDITY (PERCENT)
 HIGHEST    92          1100 PM
 LOWEST     67           300 PM
 AVERAGE    80

..........................................................


THE PULLMAN-MOSCOW  AIRPORT CLIMATE NORMALS FOR TODAY
                         NORMAL    RECORD    YEAR
 MAXIMUM TEMPERATURE (F)   42        62      2008
 MINIMUM TEMPERATURE (F)   31         9      1959


SUNRISE AND SUNSET
NOVEMBER 17 2016......SUNRISE   655 AM PST   SUNSET   412 PM PST
NOVEMBER 18 2016......SUNRISE   656 AM PST   SUNSET   411 PM PST


-  INDICATES NEGATIVE NUMBERS.
R  INDICATES RECORD WAS SET OR TIED.
MM INDICATES DATA IS MISSING.
T  INDICATES TRACE AMOUNT.




$$
