000
CDUS46 KOTX 060822
CLIPUW


CLIMATE REPORT
NATIONAL WEATHER SERVICE SPOKANE, WA
1221 AM PST THU NOV 6 2014


...................................

...THE PULLMAN-MOSCOW  AIRPORT CLIMATE SUMMARY FOR NOVEMBER 5 2014...

CLIMATE NORMAL PERIOD 1981 TO 2010
CLIMATE RECORD PERIOD 9999 TO 9999


WEATHER ITEM   OBSERVED TIME   RECORD YEAR NORMAL DEPARTURE LAST
                VALUE   (LST)  VALUE       VALUE  FROM      YEAR
                                                  NORMAL
..................................................................
TEMPERATURE (F)
 YESTERDAY
  MAXIMUM         58    324 PM  68    1949  48     10       35
  MINIMUM         47    649 AM  16    2003  33     14       27
  AVERAGE         53                        41     12       31

PRECIPITATION (IN)
  YESTERDAY        T             0.56 1994   0.08  -0.08     0.06
  MONTH TO DATE    0.24                      0.36  -0.12     0.42
  SINCE OCT 1      1.26                      1.70  -0.44     0.57
  SINCE JAN 1     13.14                     13.39  -0.25    12.11

SNOWFALL (IN)
  YESTERDAY       MM

DEGREE DAYS
 HEATING
  YESTERDAY       12                        24    -12       34
  MONTH TO DATE   93                       118    -25      140
  SINCE SEP 1    557                       891   -334      937
  SINCE JUL 1    582                      1024   -442      977

 COOLING
  YESTERDAY        0                         0      0        0
  MONTH TO DATE    0                         0      0        0
  SINCE SEP 1     19                        23     -4       72
  SINCE JAN 1    346                       213    133      334
..................................................................


WIND (MPH)
  HIGHEST WIND SPEED    16   HIGHEST WIND DIRECTION     E (90)
  HIGHEST GUST SPEED    20   HIGHEST GUST DIRECTION     E (90)
  AVERAGE WIND SPEED     9.2


SKY COVER
  POSSIBLE SUNSHINE  MM
  AVERAGE SKY COVER 0.5


WEATHER CONDITIONS
 THE FOLLOWING WEATHER WAS RECORDED YESTERDAY.
  LIGHT RAIN


RELATIVE HUMIDITY (PERCENT)
 HIGHEST    86           200 AM
 LOWEST     67           200 PM
 AVERAGE    77

..........................................................


THE PULLMAN-MOSCOW  AIRPORT CLIMATE NORMALS FOR TODAY
                         NORMAL    RECORD    YEAR
 MAXIMUM TEMPERATURE (F)   48        66      2010
 MINIMUM TEMPERATURE (F)   33        20      2003
                                             1945


SUNRISE AND SUNSET
NOVEMBER  6 2014......SUNRISE   638 AM PST   SUNSET   426 PM PST
NOVEMBER  7 2014......SUNRISE   639 AM PST   SUNSET   424 PM PST


-  INDICATES NEGATIVE NUMBERS.
R  INDICATES RECORD WAS SET OR TIED.
MM INDICATES DATA IS MISSING.
T  INDICATES TRACE AMOUNT.




$$
