000
CDUS46 KOTX 150821
CLIPUW


CLIMATE REPORT
NATIONAL WEATHER SERVICE SPOKANE, WA
121 AM PDT FRI MAY 15 2015


...................................

...THE PULLMAN-MOSCOW  AIRPORT CLIMATE SUMMARY FOR MAY 14 2015...

CLIMATE NORMAL PERIOD 1981 TO 2010
CLIMATE RECORD PERIOD 9999 TO 9999


WEATHER ITEM   OBSERVED TIME   RECORD YEAR NORMAL DEPARTURE LAST
                VALUE   (LST)  VALUE       VALUE  FROM      YEAR
                                                  NORMAL
..................................................................
TEMPERATURE (F)
 YESTERDAY
  MAXIMUM         65    405 PM  85    2012  65      0       75
  MINIMUM         34    405 AM  29    1964  41     -7       40
  AVERAGE         50                        53     -3       58

PRECIPITATION (IN)
  YESTERDAY        T             1.01 1959   0.05  -0.05     0.00
  MONTH TO DATE    0.98                      0.76   0.22     0.64
  SINCE OCT 1     14.66                     12.91   1.75    12.69
  SINCE JAN 1      7.81                      7.71   0.10     9.35

SNOWFALL (IN)
  YESTERDAY       MM

DEGREE DAYS
 HEATING
  YESTERDAY       15                        12      3        7
  MONTH TO DATE  187                       192     -5      175
  SINCE MAR 1   1357                      1516   -159     1448
  SINCE JUL 1   5188                      6219  -1031     6299

 COOLING
  YESTERDAY        0                         0      0        0
  MONTH TO DATE    0                         0      0        0
  SINCE MAR 1      0                         0      0        0
  SINCE JAN 1      0                         0      0        0
..................................................................


WIND (MPH)
  HIGHEST WIND SPEED    15   HIGHEST WIND DIRECTION     N (350)
  HIGHEST GUST SPEED    18   HIGHEST GUST DIRECTION    NW (310)
  AVERAGE WIND SPEED     3.5


SKY COVER
  POSSIBLE SUNSHINE  MM
  AVERAGE SKY COVER 0.1


WEATHER CONDITIONS
 THE FOLLOWING WEATHER WAS RECORDED YESTERDAY.
  LIGHT RAIN


RELATIVE HUMIDITY (PERCENT)
 HIGHEST    92          1200 AM
 LOWEST     40           300 PM
 AVERAGE    66

..........................................................


THE PULLMAN-MOSCOW  AIRPORT CLIMATE NORMALS FOR TODAY
                         NORMAL    RECORD    YEAR
 MAXIMUM TEMPERATURE (F)   65        91      2006
 MINIMUM TEMPERATURE (F)   42        30      1999


SUNRISE AND SUNSET
MAY 15 2015...........SUNRISE   514 AM PDT   SUNSET   816 PM PDT
MAY 16 2015...........SUNRISE   513 AM PDT   SUNSET   817 PM PDT


-  INDICATES NEGATIVE NUMBERS.
R  INDICATES RECORD WAS SET OR TIED.
MM INDICATES DATA IS MISSING.
T  INDICATES TRACE AMOUNT.




$$
