000
CDUS46 KOTX 090837
CLIPUW


CLIMATE REPORT
NATIONAL WEATHER SERVICE SPOKANE, WA
137 AM PDT THU OCT 9 2014


...................................

...THE PULLMAN-MOSCOW  AIRPORT CLIMATE SUMMARY FOR OCTOBER 8 2014...

CLIMATE NORMAL PERIOD 1981 TO 2010
CLIMATE RECORD PERIOD 9999 TO 9999


WEATHER ITEM   OBSERVED TIME   RECORD YEAR NORMAL DEPARTURE LAST
                VALUE   (LST)  VALUE       VALUE  FROM      YEAR
                                                  NORMAL
..................................................................
TEMPERATURE (F)
 YESTERDAY
  MAXIMUM         73   1044 AM  85    1980  63     10       48
  MINIMUM         41   1152 PM  21    2009  37      4       34
  AVERAGE         57                        50      7       41

PRECIPITATION (IN)
  YESTERDAY        0.00          0.60 1958   0.04  -0.04     0.13
  MONTH TO DATE    0.00                      0.27  -0.27     0.13
  SINCE OCT 1      0.00                      0.27  -0.27     0.13
  SINCE JAN 1     11.88                     11.96  -0.08    11.67

SNOWFALL (IN)
  YESTERDAY       MM

DEGREE DAYS
 HEATING
  YESTERDAY        8                        15     -7       24
  MONTH TO DATE   64                       108    -44      147
  SINCE SEP 1    192                       336   -144      326
  SINCE JUL 1    217                       469   -252      366

 COOLING
  YESTERDAY        0                         0      0        0
  MONTH TO DATE    0                         0      0        0
  SINCE SEP 1     19                        22     -3       72
  SINCE JAN 1    346                       212    134      334
..................................................................


WIND (MPH)
  HIGHEST WIND SPEED    15   HIGHEST WIND DIRECTION    SW (240)
  HIGHEST GUST SPEED    20   HIGHEST GUST DIRECTION    SW (230)
  AVERAGE WIND SPEED     2.7


SKY COVER
  POSSIBLE SUNSHINE  MM
  AVERAGE SKY COVER 0.0


WEATHER CONDITIONS
 THE FOLLOWING WEATHER WAS RECORDED YESTERDAY.
  NO SIGNIFICANT WEATHER WAS OBSERVED.


RELATIVE HUMIDITY (PERCENT)
 HIGHEST    77           100 AM
 LOWEST     28           400 PM
 AVERAGE    53

..........................................................


THE PULLMAN-MOSCOW  AIRPORT CLIMATE NORMALS FOR TODAY
                         NORMAL    RECORD    YEAR
 MAXIMUM TEMPERATURE (F)   63        84      1984
 MINIMUM TEMPERATURE (F)   37        18      2009
                                             1985


SUNRISE AND SUNSET
OCTOBER  9 2014.......SUNRISE   658 AM PDT   SUNSET   613 PM PDT
OCTOBER 10 2014.......SUNRISE   659 AM PDT   SUNSET   611 PM PDT


-  INDICATES NEGATIVE NUMBERS.
R  INDICATES RECORD WAS SET OR TIED.
MM INDICATES DATA IS MISSING.
T  INDICATES TRACE AMOUNT.




$$
