000
CDUS46 KOTX 240834
CLIPUW


CLIMATE REPORT
NATIONAL WEATHER SERVICE SPOKANE, WA
133 AM PDT WED JUN 24 2015


...................................

...THE PULLMAN-MOSCOW  AIRPORT CLIMATE SUMMARY FOR JUNE 23 2015...

CLIMATE NORMAL PERIOD 1981 TO 2010
CLIMATE RECORD PERIOD 9999 TO 9999


WEATHER ITEM   OBSERVED TIME   RECORD YEAR NORMAL DEPARTURE LAST
                VALUE   (LST)  VALUE       VALUE  FROM      YEAR
                                                  NORMAL
..................................................................
TEMPERATURE (F)
 YESTERDAY
  MAXIMUM         80    321 PM  96    1973  74      6       82
  MINIMUM         49   1046 PM  36    2003  46      3       45
  AVERAGE         65                        60      5       64

PRECIPITATION (IN)
  YESTERDAY        0.00          0.39 1980   0.04  -0.04     0.00
  MONTH TO DATE    0.45                      0.86  -0.41     0.71
  SINCE OCT 1     16.09                     14.57   1.52    13.73
  SINCE JAN 1      9.24                      9.37  -0.13    10.39

SNOWFALL (IN)
  YESTERDAY       MM

DEGREE DAYS
 HEATING
  YESTERDAY        0                         6     -6        1
  MONTH TO DATE   79                       172    -93      172
  SINCE JUN 1     79                       172    -93      172
  SINCE JUL 1   5351                      6572  -1221     6612

 COOLING
  YESTERDAY        0                         1     -1        0
  MONTH TO DATE   28                         2     26        1
  SINCE JUN 1     28                         2     26        1
  SINCE JAN 1     40                         7     33        2
..................................................................


WIND (MPH)
  HIGHEST WIND SPEED    14   HIGHEST WIND DIRECTION     W (270)
  HIGHEST GUST SPEED    18   HIGHEST GUST DIRECTION     W (280)
  AVERAGE WIND SPEED     4.5


SKY COVER
  POSSIBLE SUNSHINE  MM
  AVERAGE SKY COVER 0.2


WEATHER CONDITIONS
 THE FOLLOWING WEATHER WAS RECORDED YESTERDAY.
  NO SIGNIFICANT WEATHER WAS OBSERVED.


RELATIVE HUMIDITY (PERCENT)
 HIGHEST    83          1200 AM
 LOWEST     27           500 PM
 AVERAGE    55

..........................................................


THE PULLMAN-MOSCOW  AIRPORT CLIMATE NORMALS FOR TODAY
                         NORMAL    RECORD    YEAR
 MAXIMUM TEMPERATURE (F)   74        98      1992
 MINIMUM TEMPERATURE (F)   46        37      2003
                                             1985


SUNRISE AND SUNSET
JUNE 24 2015..........SUNRISE   455 AM PDT   SUNSET   846 PM PDT
JUNE 25 2015..........SUNRISE   456 AM PDT   SUNSET   846 PM PDT


-  INDICATES NEGATIVE NUMBERS.
R  INDICATES RECORD WAS SET OR TIED.
MM INDICATES DATA IS MISSING.
T  INDICATES TRACE AMOUNT.




$$
