989
CDUS46 KOTX 120829
CLIPUW


CLIMATE REPORT
NATIONAL WEATHER SERVICE SPOKANE, WA
129 AM PDT THU MAY 12 2016


...................................

...THE PULLMAN-MOSCOW  AIRPORT CLIMATE SUMMARY FOR MAY 11 2016...

CLIMATE NORMAL PERIOD 1981 TO 2010
CLIMATE RECORD PERIOD 9999 TO 9999


WEATHER ITEM   OBSERVED TIME   RECORD YEAR NORMAL DEPARTURE LAST
                VALUE   (LST)  VALUE       VALUE  FROM      YEAR
                                                  NORMAL
..................................................................
TEMPERATURE (F)
 YESTERDAY
  MAXIMUM         70    510 PM  88    1949  64      6       71
  MINIMUM         44    420 AM  27    2012  41      3       42
  AVERAGE         57                        52      5       57

PRECIPITATION (IN)
  YESTERDAY        0.00          0.65 1967   0.06  -0.06      T
  MONTH TO DATE    0.08                      0.60  -0.52      T
  SINCE OCT 1     17.38                     12.75   4.63    13.68
  SINCE JAN 1      9.39                      7.55   1.84     6.83

SNOWFALL (IN)
  YESTERDAY       MM

DEGREE DAYS
 HEATING
  YESTERDAY        8                        13     -5        8
  MONTH TO DATE   74                       155    -81      145
  SINCE MAR 1   1138                      1479   -341     1315
  SINCE JUL 1   5236                      6182   -946     5146

 COOLING
  YESTERDAY        0                         0      0        0
  MONTH TO DATE    1                         0      1        0
  SINCE MAR 1      1                         0      1        0
  SINCE JAN 1      1                         0      1        0
..................................................................


WIND (MPH)
  HIGHEST WIND SPEED    18   HIGHEST WIND DIRECTION    SE (140)
  HIGHEST GUST SPEED    25   HIGHEST GUST DIRECTION    SE (150)
  AVERAGE WIND SPEED     8.8


SKY COVER
  POSSIBLE SUNSHINE  MM
  AVERAGE SKY COVER 0.0


WEATHER CONDITIONS
 THE FOLLOWING WEATHER WAS RECORDED YESTERDAY.
  NO SIGNIFICANT WEATHER WAS OBSERVED.


RELATIVE HUMIDITY (PERCENT)
 HIGHEST    76           400 AM
 LOWEST     23           200 PM
 AVERAGE    50

..........................................................


THE PULLMAN-MOSCOW  AIRPORT CLIMATE NORMALS FOR TODAY
                         NORMAL    RECORD    YEAR
 MAXIMUM TEMPERATURE (F)   64        87      1993
 MINIMUM TEMPERATURE (F)   41        28      1985


SUNRISE AND SUNSET
MAY 12 2016...........SUNRISE   517 AM PDT   SUNSET   813 PM PDT
MAY 13 2016...........SUNRISE   516 AM PDT   SUNSET   815 PM PDT


-  INDICATES NEGATIVE NUMBERS.
R  INDICATES RECORD WAS SET OR TIED.
MM INDICATES DATA IS MISSING.
T  INDICATES TRACE AMOUNT.




$$
