000
CDUS46 KOTX 290838
CLIPUW


CLIMATE REPORT
NATIONAL WEATHER SERVICE SPOKANE, WA
137 AM PDT FRI SEP 29 2017


...................................

...THE PULLMAN-MOSCOW  AIRPORT CLIMATE SUMMARY FOR SEPTEMBER 28 2017...

CLIMATE NORMAL PERIOD 1981 TO 2010
CLIMATE RECORD PERIOD 9999 TO 9999


WEATHER ITEM   OBSERVED TIME   RECORD YEAR NORMAL DEPARTURE LAST
                VALUE   (LST)  VALUE       VALUE  FROM      YEAR
                                                  NORMAL
..................................................................
TEMPERATURE (F)
 YESTERDAY
  MAXIMUM         80    338 PM  93    1963  68     12       81
  MINIMUM         48   1200 AM  24    1985  40      8       48
                                      1983
  AVERAGE         64                        54     10       65

PRECIPITATION (IN)
  YESTERDAY        T                         0.04  -0.04     0.00
  MONTH TO DATE    0.68                      0.71  -0.03     0.33
  SINCE OCT 1     24.02                     16.82   7.20    20.28
  SINCE JAN 1     15.61                     11.62   3.99    12.29

SNOWFALL (IN)
  YESTERDAY       MM

DEGREE DAYS
 HEATING
  YESTERDAY        1                        11    -10        0
  MONTH TO DATE  176                       204    -28      212
  SINCE SEP 1    176                       204    -28      212
  SINCE JUL 1    199                       337   -138      314

 COOLING
  YESTERDAY        0                         0      0        0
  MONTH TO DATE   81                        21     60        6
  SINCE SEP 1     81                        21     60        6
  SINCE JAN 1    515                       211    304      203
..................................................................


WIND (MPH)
  HIGHEST WIND SPEED    17   HIGHEST WIND DIRECTION     E (100)
  HIGHEST GUST SPEED    22   HIGHEST GUST DIRECTION     E (100)
  AVERAGE WIND SPEED     6.8


SKY COVER
  POSSIBLE SUNSHINE  MM
  AVERAGE SKY COVER 0.0


WEATHER CONDITIONS
 THE FOLLOWING WEATHER WAS RECORDED YESTERDAY.
  HAZE


RELATIVE HUMIDITY (PERCENT)
 HIGHEST    66          1200 AM
 LOWEST     21           400 PM
 AVERAGE    44

..........................................................


THE PULLMAN-MOSCOW  AIRPORT CLIMATE NORMALS FOR TODAY
                         NORMAL    RECORD    YEAR
 MAXIMUM TEMPERATURE (F)   68        83      1994
                                             1993
                                             1970
 MINIMUM TEMPERATURE (F)   40        20      1983


SUNRISE AND SUNSET
SEPTEMBER 29 2017.....SUNRISE   645 AM PDT   SUNSET   631 PM PDT
SEPTEMBER 30 2017.....SUNRISE   646 AM PDT   SUNSET   629 PM PDT


-  INDICATES NEGATIVE NUMBERS.
R  INDICATES RECORD WAS SET OR TIED.
MM INDICATES DATA IS MISSING.
T  INDICATES TRACE AMOUNT.




$$
