000
CDUS46 KOTX 150838
CLIPUW


CLIMATE REPORT
NATIONAL WEATHER SERVICE SPOKANE, WA
133 AM PDT SUN MAR 15 2015


...................................

...THE PULLMAN-MOSCOW  AIRPORT CLIMATE SUMMARY FOR MARCH 14 2015...

CLIMATE NORMAL PERIOD 1981 TO 2010
CLIMATE RECORD PERIOD 9999 TO 9999


WEATHER ITEM   OBSERVED TIME   RECORD YEAR NORMAL DEPARTURE LAST
                VALUE   (LST)  VALUE       VALUE  FROM      YEAR
                                                  NORMAL
..................................................................
TEMPERATURE (F)
 YESTERDAY
  MAXIMUM         58    519 AM  68    1992  49      9       52
  MINIMUM         49   1159 PM  12    1944  32     17       37
  AVERAGE         54                        40     14       45

PRECIPITATION (IN)
  YESTERDAY        0.24          0.59 1955   0.07   0.17     0.17
  MONTH TO DATE    0.24                      0.87  -0.63     1.79
  SINCE OCT 1     10.84                      9.41   1.43     9.57
  SINCE JAN 1      3.99                      4.21  -0.22     6.23

SNOWFALL (IN)
  YESTERDAY       MM

DEGREE DAYS
 HEATING
  YESTERDAY       11                        25    -14       20
  MONTH TO DATE  296                       364    -68      314
  SINCE MAR 1    296                       364    -68      314
  SINCE JUL 1   4127                      5067   -940     5165

 COOLING
  YESTERDAY        0                         0      0        0
  MONTH TO DATE    0                         0      0        0
  SINCE MAR 1      0                         0      0        0
  SINCE JAN 1      0                         0      0        0
..................................................................


WIND (MPH)
  HIGHEST WIND SPEED    18   HIGHEST WIND DIRECTION    SW (230)
  HIGHEST GUST SPEED    25   HIGHEST GUST DIRECTION    SW (240)
  AVERAGE WIND SPEED     9.0


SKY COVER
  POSSIBLE SUNSHINE  MM
  AVERAGE SKY COVER 0.8


WEATHER CONDITIONS
 THE FOLLOWING WEATHER WAS RECORDED YESTERDAY.
  LIGHT RAIN
  FOG


RELATIVE HUMIDITY (PERCENT)
 HIGHEST    89          1200 PM
 LOWEST     40           500 AM
 AVERAGE    65

..........................................................


THE PULLMAN-MOSCOW  AIRPORT CLIMATE NORMALS FOR TODAY
                         NORMAL    RECORD    YEAR
 MAXIMUM TEMPERATURE (F)   49        70      1992
 MINIMUM TEMPERATURE (F)   32        10      1955


SUNRISE AND SUNSET
MARCH 15 2015.........SUNRISE   702 AM PDT   SUNSET   654 PM PDT
MARCH 16 2015.........SUNRISE   700 AM PDT   SUNSET   655 PM PDT


-  INDICATES NEGATIVE NUMBERS.
R  INDICATES RECORD WAS SET OR TIED.
MM INDICATES DATA IS MISSING.
T  INDICATES TRACE AMOUNT.




$$
