000
CDUS46 KOTX 210833
CLIPUW


CLIMATE REPORT
NATIONAL WEATHER SERVICE SPOKANE, WA
132 AM PDT FRI AUG 21 2015


...................................

...THE PULLMAN-MOSCOW  AIRPORT CLIMATE SUMMARY FOR AUGUST 20 2015...

CLIMATE NORMAL PERIOD 1981 TO 2010
CLIMATE RECORD PERIOD 9999 TO 9999


WEATHER ITEM   OBSERVED TIME   RECORD YEAR NORMAL DEPARTURE LAST
                VALUE   (LST)  VALUE       VALUE  FROM      YEAR
                                                  NORMAL
..................................................................
TEMPERATURE (F)
 YESTERDAY
  MAXIMUM         86    212 PM  98    2009  82      4       79
  MINIMUM         55   1243 AM  30    1945  49      6       54
  AVERAGE         71                        65      6       67

PRECIPITATION (IN)
  YESTERDAY        0.00          0.95 1959   0.02  -0.02     0.00
  MONTH TO DATE    T                         0.42  -0.42     0.38
  SINCE OCT 1     16.63                     15.90   0.73    14.66
  SINCE JAN 1      9.78                     10.70  -0.92    11.32

SNOWFALL (IN)
  YESTERDAY       MM

DEGREE DAYS
 HEATING
  YESTERDAY        0                         2     -2        0
  MONTH TO DATE   17                        30    -13        1
  SINCE JUN 1    115                       300   -185      215
  SINCE JUL 1     36                        94    -58       11

 COOLING
  YESTERDAY        6                         3      3        2
  MONTH TO DATE  110                        67     43      126
  SINCE JUN 1    372                       162    210      316
  SINCE JAN 1    384                       167    217      317
..................................................................


WIND (MPH)
  HIGHEST WIND SPEED    26   HIGHEST WIND DIRECTION     W (250)
  HIGHEST GUST SPEED    36   HIGHEST GUST DIRECTION     W (250)
  AVERAGE WIND SPEED     9.5


SKY COVER
  POSSIBLE SUNSHINE  MM
  AVERAGE SKY COVER 0.0


WEATHER CONDITIONS
 THE FOLLOWING WEATHER WAS RECORDED YESTERDAY.
  HAZE


RELATIVE HUMIDITY (PERCENT)
 HIGHEST    55           600 AM
 LOWEST     12           500 PM
 AVERAGE    34

..........................................................


THE PULLMAN-MOSCOW  AIRPORT CLIMATE NORMALS FOR TODAY
                         NORMAL    RECORD    YEAR
 MAXIMUM TEMPERATURE (F)   82        99      2006
                                             2005
 MINIMUM TEMPERATURE (F)   49        30      1945


SUNRISE AND SUNSET
AUGUST 21 2015........SUNRISE   554 AM PDT   SUNSET   749 PM PDT
AUGUST 22 2015........SUNRISE   555 AM PDT   SUNSET   747 PM PDT


-  INDICATES NEGATIVE NUMBERS.
R  INDICATES RECORD WAS SET OR TIED.
MM INDICATES DATA IS MISSING.
T  INDICATES TRACE AMOUNT.




$$
