000
CDUS46 KOTX 090827
CLIPUW


CLIMATE REPORT
NATIONAL WEATHER SERVICE SPOKANE, WA
127 AM PDT WED JUL 9 2014


...................................

...THE PULLMAN-MOSCOW  AIRPORT CLIMATE SUMMARY FOR JULY 8 2014...

CLIMATE NORMAL PERIOD 1981 TO 2010
CLIMATE RECORD PERIOD 9999 TO 9999


WEATHER ITEM   OBSERVED TIME   RECORD YEAR NORMAL DEPARTURE LAST
                VALUE   (LST)  VALUE       VALUE  FROM      YEAR
                                                  NORMAL
..................................................................
TEMPERATURE (F)
 YESTERDAY
  MAXIMUM         92    336 PM  97    2012  80     12       81
  MINIMUM         53    427 AM  35    1981  49      4       52
  AVERAGE         73                        64      9       67

PRECIPITATION (IN)
  YESTERDAY        0.00          0.26 1963   0.03  -0.03     0.01
  MONTH TO DATE    T                         0.25  -0.25     0.01
  SINCE OCT 1     13.95                     15.04  -1.09    15.86
  SINCE JAN 1     10.61                      9.84   0.77     8.32

SNOWFALL (IN)
  YESTERDAY       MM            MM      MM  MM     MM       MM
  MONTH TO DATE   MM                        MM     MM       MM
  SINCE JUN 1     MM                        MM     MM       MM
  SINCE JUL 1     MM                        MM     MM       MM
  SNOW DEPTH      MM

DEGREE DAYS
 HEATING
  YESTERDAY        0                         3     -3        0
  MONTH TO DATE    0                        28    -28        5
  SINCE JUN 1    204                       234    -30      195
  SINCE JUL 1      0                        28    -28        5

 COOLING
  YESTERDAY        8                         2      6        2
  MONTH TO DATE   35                        14     21       38
  SINCE JUN 1     36                        27      9       71
  SINCE JAN 1     37                        32      5       83
..................................................................


WIND (MPH)
  HIGHEST WIND SPEED    10   HIGHEST WIND DIRECTION     N (20)
  HIGHEST GUST SPEED    17   HIGHEST GUST DIRECTION     W (270)
  AVERAGE WIND SPEED     2.7


SKY COVER
  POSSIBLE SUNSHINE  MM
  AVERAGE SKY COVER 0.0


WEATHER CONDITIONS
 THE FOLLOWING WEATHER WAS RECORDED YESTERDAY.
  NO SIGNIFICANT WEATHER WAS OBSERVED.


RELATIVE HUMIDITY (PERCENT)
 HIGHEST    83           200 AM
 LOWEST     21           400 PM
 AVERAGE    52

..........................................................


THE PULLMAN-MOSCOW  AIRPORT CLIMATE NORMALS FOR TODAY
                         NORMAL    RECORD    YEAR
 MAXIMUM TEMPERATURE (F)   80        95      1985
 MINIMUM TEMPERATURE (F)   49        37      1944


SUNRISE AND SUNSET
JULY  9 2014..........SUNRISE   504 AM PDT   SUNSET   843 PM PDT
JULY 10 2014..........SUNRISE   505 AM PDT   SUNSET   842 PM PDT


-  INDICATES NEGATIVE NUMBERS.
R  INDICATES RECORD WAS SET OR TIED.
MM INDICATES DATA IS MISSING.
T  INDICATES TRACE AMOUNT.




$$
