000
CDUS46 KOTX 170828
CLIPUW


CLIMATE REPORT
NATIONAL WEATHER SERVICE SPOKANE, WA
128 AM PDT MON APR 17 2017


...................................

...THE PULLMAN-MOSCOW  AIRPORT CLIMATE SUMMARY FOR APRIL 16 2017...

CLIMATE NORMAL PERIOD 1981 TO 2010
CLIMATE RECORD PERIOD 9999 TO 9999


WEATHER ITEM   OBSERVED TIME   RECORD YEAR NORMAL DEPARTURE LAST
                VALUE   (LST)  VALUE       VALUE  FROM      YEAR
                                                  NORMAL
..................................................................
TEMPERATURE (F)
 YESTERDAY
  MAXIMUM         62    312 PM  80    1984  56      6       62
  MINIMUM         36    416 AM  24    1970  36      0       36
  AVERAGE         49                        46      3       49

PRECIPITATION (IN)
  YESTERDAY        T                         0.05  -0.05     0.00
  MONTH TO DATE    0.79                      0.90  -0.11     0.84
  SINCE OCT 1     19.13                     11.49   7.64    16.31
  SINCE JAN 1     10.72                      6.29   4.43     8.32

SNOWFALL (IN)
  YESTERDAY       MM

DEGREE DAYS
 HEATING
  YESTERDAY       16                        19     -3       16
  MONTH TO DATE  320                       327     -7      226
  SINCE MAR 1   1025                      1083    -58      915
  SINCE JUL 1   5802                      5786     16     5013

 COOLING
  YESTERDAY        0                         0      0        0
  MONTH TO DATE    0                         0      0        0
  SINCE MAR 1      0                         0      0        0
  SINCE JAN 1      0                         0      0        0
..................................................................


WIND (MPH)
  HIGHEST WIND SPEED    23   HIGHEST WIND DIRECTION     E (100)
  HIGHEST GUST SPEED    28   HIGHEST GUST DIRECTION     E (90)
  AVERAGE WIND SPEED    12.2


SKY COVER
  POSSIBLE SUNSHINE  MM
  AVERAGE SKY COVER 0.5


WEATHER CONDITIONS
 THE FOLLOWING WEATHER WAS RECORDED YESTERDAY.
  NO SIGNIFICANT WEATHER WAS OBSERVED.


RELATIVE HUMIDITY (PERCENT)
 HIGHEST    76           200 AM
 LOWEST     35           200 PM
 AVERAGE    56

..........................................................


THE PULLMAN-MOSCOW  AIRPORT CLIMATE NORMALS FOR TODAY
                         NORMAL    RECORD    YEAR
 MAXIMUM TEMPERATURE (F)   57        76      1994
 MINIMUM TEMPERATURE (F)   36        20      1968


SUNRISE AND SUNSET
APRIL 17 2017.........SUNRISE   557 AM PDT   SUNSET   740 PM PDT
APRIL 18 2017.........SUNRISE   555 AM PDT   SUNSET   741 PM PDT


-  INDICATES NEGATIVE NUMBERS.
R  INDICATES RECORD WAS SET OR TIED.
MM INDICATES DATA IS MISSING.
T  INDICATES TRACE AMOUNT.




$$
