000
CDUS46 KOTX 050831
CLIPUW


CLIMATE REPORT
NATIONAL WEATHER SERVICE SPOKANE, WA
130 AM PDT SUN APR 5 2015


...................................

...THE PULLMAN-MOSCOW  AIRPORT CLIMATE SUMMARY FOR APRIL 4 2015...

CLIMATE NORMAL PERIOD 1981 TO 2010
CLIMATE RECORD PERIOD 9999 TO 9999


WEATHER ITEM   OBSERVED TIME   RECORD YEAR NORMAL DEPARTURE LAST
                VALUE   (LST)  VALUE       VALUE  FROM      YEAR
                                                  NORMAL
..................................................................
TEMPERATURE (F)
 YESTERDAY
  MAXIMUM         49    419 PM  72    1960  53     -4       51
  MINIMUM         34   1159 PM  21    1997  34      0       37
  AVERAGE         42                        44     -2       44

PRECIPITATION (IN)
  YESTERDAY        T             0.71 2011   0.06  -0.06     0.12
  MONTH TO DATE    0.05                      0.26  -0.21     0.16
  SINCE OCT 1     13.15                     10.85   2.30    10.76
  SINCE JAN 1      6.30                      5.65   0.65     7.42

SNOWFALL (IN)
  YESTERDAY       MM

DEGREE DAYS
 HEATING
  YESTERDAY       23                        21      2       21
  MONTH TO DATE   94                        86      8       83
  SINCE MAR 1    691                       842   -151      797
  SINCE JUL 1   4522                      5545  -1023     5648

 COOLING
  YESTERDAY        0                         0      0        0
  MONTH TO DATE    0                         0      0        0
  SINCE MAR 1      0                         0      0        0
  SINCE JAN 1      0                         0      0        0
..................................................................


WIND (MPH)
  HIGHEST WIND SPEED    18   HIGHEST WIND DIRECTION    SW (240)
  HIGHEST GUST SPEED    22   HIGHEST GUST DIRECTION    SW (240)
  AVERAGE WIND SPEED     7.0


SKY COVER
  POSSIBLE SUNSHINE  MM
  AVERAGE SKY COVER 0.3


WEATHER CONDITIONS
 THE FOLLOWING WEATHER WAS RECORDED YESTERDAY.
  LIGHT RAIN


RELATIVE HUMIDITY (PERCENT)
 HIGHEST    85           500 AM
 LOWEST     34           400 PM
 AVERAGE    60

..........................................................


THE PULLMAN-MOSCOW  AIRPORT CLIMATE NORMALS FOR TODAY
                         NORMAL    RECORD    YEAR
 MAXIMUM TEMPERATURE (F)   54        75      1952
 MINIMUM TEMPERATURE (F)   34        17      1975


SUNRISE AND SUNSET
APRIL  5 2015.........SUNRISE   620 AM PDT   SUNSET   723 PM PDT
APRIL  6 2015.........SUNRISE   618 AM PDT   SUNSET   724 PM PDT


-  INDICATES NEGATIVE NUMBERS.
R  INDICATES RECORD WAS SET OR TIED.
MM INDICATES DATA IS MISSING.
T  INDICATES TRACE AMOUNT.




$$
