000
CDUS46 KOTX 050828
CLIPUW


CLIMATE REPORT
NATIONAL WEATHER SERVICE SPOKANE, WA
123 AM PDT FRI SEP 5 2014


...................................

...THE PULLMAN-MOSCOW  AIRPORT CLIMATE SUMMARY FOR SEPTEMBER 4 2014...

CLIMATE NORMAL PERIOD 1981 TO 2010
CLIMATE RECORD PERIOD 9999 TO 9999


WEATHER ITEM   OBSERVED TIME   RECORD YEAR NORMAL DEPARTURE LAST
                VALUE   (LST)  VALUE       VALUE  FROM      YEAR
                                                  NORMAL
..................................................................
TEMPERATURE (F)
 YESTERDAY
  MAXIMUM         74    411 PM 100    1998  78     -4       88
  MINIMUM         43   1155 PM  31    1956  46     -3       55
  AVERAGE         59                        62     -3       72

PRECIPITATION (IN)
  YESTERDAY        0.00        0.72   1960  0.02  -0.02      T
  MONTH TO DATE    0.03                     0.08  -0.05     0.05
  SINCE OCT 1     14.81                    16.19  -1.38    16.47
  SINCE JAN 1     11.47                    10.99   0.48     8.93

SNOWFALL (IN)
  YESTERDAY       MM            MM     MM    MM     MM       MM
  MONTH TO DATE   MM                         MM     MM       MM
  SINCE SEP 1     MM                         MM     MM       MM
  SINCE JUL 1     MM                         MM     MM       MM
  SNOW DEPTH      MM

DEGREE DAYS
 HEATING
  YESTERDAY        6                         5      1        0
  MONTH TO DATE   21                        18      3        0
  SINCE SEP 1     21                        18      3        0
  SINCE JUL 1     46                       151   -105       40

 COOLING
  YESTERDAY        0                         2     -2        7
  MONTH TO DATE    0                         8     -8       21
  SINCE SEP 1      0                         8     -8       21
  SINCE JAN 1    327                       198    129      283
..................................................................


WIND (MPH)
  HIGHEST WIND SPEED    14   HIGHEST WIND DIRECTION     N (20)
  HIGHEST GUST SPEED    16   HIGHEST GUST DIRECTION     N (10)
  AVERAGE WIND SPEED     4.3


SKY COVER
  POSSIBLE SUNSHINE  MM
  AVERAGE SKY COVER 0.0


WEATHER CONDITIONS
 THE FOLLOWING WEATHER WAS RECORDED YESTERDAY.
  NO SIGNIFICANT WEATHER WAS OBSERVED.


RELATIVE HUMIDITY (PERCENT)
 HIGHEST    89           300 AM
 LOWEST     25           400 PM
 AVERAGE    57

..........................................................


THE PULLMAN-MOSCOW  AIRPORT CLIMATE NORMALS FOR TODAY
                         NORMAL    RECORD    YEAR
 MAXIMUM TEMPERATURE (F)   77        97      1988
 MINIMUM TEMPERATURE (F)   46        32      1948


SUNRISE AND SUNSET
SEPTEMBER  5 2014.....SUNRISE   613 AM PDT   SUNSET   720 PM PDT
SEPTEMBER  6 2014.....SUNRISE   615 AM PDT   SUNSET   718 PM PDT


-  INDICATES NEGATIVE NUMBERS.
R  INDICATES RECORD WAS SET OR TIED.
MM INDICATES DATA IS MISSING.
T  INDICATES TRACE AMOUNT.

$$
