000
CDUS46 KOTX 190836
CLIPUW


CLIMATE REPORT
NATIONAL WEATHER SERVICE SPOKANE, WA
136 AM PDT TUE AUG 19 2014


...................................

...THE PULLMAN-MOSCOW  AIRPORT CLIMATE SUMMARY FOR AUGUST 18 2014...

CLIMATE NORMAL PERIOD 1981 TO 2010
CLIMATE RECORD PERIOD 9999 TO 9999


WEATHER ITEM   OBSERVED TIME   RECORD YEAR NORMAL DEPARTURE LAST
                VALUE   (LST)  VALUE       VALUE  FROM      YEAR
                                                  NORMAL
..................................................................
TEMPERATURE (F)
 YESTERDAY
  MAXIMUM         90    340 PM  98    1977  82      8       84
  MINIMUM         53    335 AM  39    1998  49      4       53
  AVERAGE         72                        66      6       69

PRECIPITATION (IN)
  YESTERDAY        0.00          0.58 1975   0.02  -0.02     0.00
  MONTH TO DATE    0.38                      0.38   0.00     0.30
  SINCE OCT 1     14.66                     15.86  -1.20    16.27
  SINCE JAN 1     11.32                     10.66   0.66     8.73

SNOWFALL (IN)
  YESTERDAY       MM            MM      MM  MM     MM       MM
  MONTH TO DATE   MM                        MM     MM       MM
  SINCE JUN 1     MM                        MM     MM       MM
  SINCE JUL 1     MM                        MM     MM       MM
  SNOW DEPTH      MM

DEGREE DAYS
 HEATING
  YESTERDAY        0                         2     -2        0
  MONTH TO DATE    1                        26    -25       12
  SINCE JUN 1    215                       296    -81      226
  SINCE JUL 1     11                        90    -79       36

 COOLING
  YESTERDAY        7                         3      4        4
  MONTH TO DATE  120                        61     59       91
  SINCE JUN 1    310                       156    154      229
  SINCE JAN 1    311                       161    150      241
..................................................................


WIND (MPH)
  HIGHEST WIND SPEED    13   HIGHEST WIND DIRECTION    SW (230)
  HIGHEST GUST SPEED    15   HIGHEST GUST DIRECTION    SW (230)
  AVERAGE WIND SPEED     2.8


SKY COVER
  POSSIBLE SUNSHINE  MM
  AVERAGE SKY COVER 0.0


WEATHER CONDITIONS
 THE FOLLOWING WEATHER WAS RECORDED YESTERDAY.
  HAZE


RELATIVE HUMIDITY (PERCENT)
 HIGHEST    83           200 AM
 LOWEST     21           200 PM
 AVERAGE    52

..........................................................


THE PULLMAN-MOSCOW  AIRPORT CLIMATE NORMALS FOR TODAY
                         NORMAL    RECORD    YEAR
 MAXIMUM TEMPERATURE (F)   82       103      1961
 MINIMUM TEMPERATURE (F)   49        35      1973


SUNRISE AND SUNSET
AUGUST 19 2014........SUNRISE   552 AM PDT   SUNSET   752 PM PDT
AUGUST 20 2014........SUNRISE   553 AM PDT   SUNSET   750 PM PDT


-  INDICATES NEGATIVE NUMBERS.
R  INDICATES RECORD WAS SET OR TIED.
MM INDICATES DATA IS MISSING.
T  INDICATES TRACE AMOUNT.




$$
