000
CDUS46 KOTX 060839
CLIPUW


CLIMATE REPORT
NATIONAL WEATHER SERVICE SPOKANE, WA
138 AM PDT WED JUL 6 2016


...................................

...THE PULLMAN-MOSCOW  AIRPORT CLIMATE SUMMARY FOR JULY 5 2016...

CLIMATE NORMAL PERIOD 1981 TO 2010
CLIMATE RECORD PERIOD 9999 TO 9999


WEATHER ITEM   OBSERVED TIME   RECORD YEAR NORMAL DEPARTURE LAST
                VALUE   (LST)  VALUE       VALUE  FROM      YEAR
                                                  NORMAL
..................................................................
TEMPERATURE (F)
 YESTERDAY
  MAXIMUM         72    252 PM 100    2007  79     -7       91
  MINIMUM         45   1220 AM  35    1977  48     -3       55
  AVERAGE         59                        63     -4       73

PRECIPITATION (IN)
  YESTERDAY        0.06                      0.03   0.03     0.00
  MONTH TO DATE    0.06                      0.16  -0.10     0.00
  SINCE OCT 1     19.02                     14.95   4.07    16.09
  SINCE JAN 1     11.03                      9.75   1.28     9.24

SNOWFALL (IN)
  YESTERDAY       MM

DEGREE DAYS
 HEATING
  YESTERDAY        6                         3      3        0
  MONTH TO DATE   11                        19     -8        0
  SINCE JUN 1    179                       225    -46       79
  SINCE JUL 1     11                        19     -8        0

 COOLING
  YESTERDAY        0                         2     -2        8
  MONTH TO DATE    1                         8     -7       45
  SINCE JUN 1     44                        21     23      138
  SINCE JAN 1     45                        26     19      150
..................................................................


WIND (MPH)
  HIGHEST WIND SPEED    16   HIGHEST WIND DIRECTION     W (250)
  HIGHEST GUST SPEED    19   HIGHEST GUST DIRECTION     W (290)
  AVERAGE WIND SPEED     7.6


SKY COVER
  POSSIBLE SUNSHINE  MM
  AVERAGE SKY COVER 0.3


WEATHER CONDITIONS
 THE FOLLOWING WEATHER WAS RECORDED YESTERDAY.
  HEAVY RAIN
  LIGHT RAIN


RELATIVE HUMIDITY (PERCENT)
 HIGHEST    76          1200 AM
 LOWEST     34           300 PM
 AVERAGE    55

..........................................................


THE PULLMAN-MOSCOW  AIRPORT CLIMATE NORMALS FOR TODAY
                         NORMAL    RECORD    YEAR
 MAXIMUM TEMPERATURE (F)   79        97      1968
 MINIMUM TEMPERATURE (F)   48        34      1952


SUNRISE AND SUNSET
JULY  6 2016..........SUNRISE   502 AM PDT   SUNSET   844 PM PDT
JULY  7 2016..........SUNRISE   503 AM PDT   SUNSET   843 PM PDT


-  INDICATES NEGATIVE NUMBERS.
R  INDICATES RECORD WAS SET OR TIED.
MM INDICATES DATA IS MISSING.
T  INDICATES TRACE AMOUNT.




$$
