000
CDUS46 KOTX 110910
CLIPUW


CLIMATE REPORT
NATIONAL WEATHER SERVICE SPOKANE, WA
109 AM PST WED JAN 11 2017


...................................

...THE PULLMAN-MOSCOW  AIRPORT CLIMATE SUMMARY FOR JANUARY 10 2017...

CLIMATE NORMAL PERIOD 1981 TO 2010
CLIMATE RECORD PERIOD 9999 TO 9999


WEATHER ITEM   OBSERVED TIME   RECORD YEAR NORMAL DEPARTURE LAST
                VALUE   (LST)  VALUE       VALUE  FROM      YEAR
                                                  NORMAL
..................................................................
TEMPERATURE (F)
 YESTERDAY
  MAXIMUM         31   1226 PM  52    2006  36     -5       30
                                      1983
  MINIMUM         20    151 AM -11    1949  26     -6       22
  AVERAGE         26                        31     -5       26

PRECIPITATION (IN)
  YESTERDAY        0.09                      0.05   0.04      T
  MONTH TO DATE    0.89                      0.41   0.48      T
  SINCE OCT 1      9.30                      5.61   3.69     7.99
  SINCE JAN 1      0.89                      0.41   0.48      T

SNOWFALL (IN)
  YESTERDAY       MM

DEGREE DAYS
 HEATING
  YESTERDAY       39                        34      5       39
  MONTH TO DATE  472                       345    127      373
  SINCE DEC 1   1702                      1425    277     1362
  SINCE JUL 1   3050                      3169   -119     2819

 COOLING
  YESTERDAY        0                         0      0        0
  MONTH TO DATE    0                         0      0        0
  SINCE DEC 1      0                         0      0        0
  SINCE JAN 1      0                         0      0        0
..................................................................


WIND (MPH)
  HIGHEST WIND SPEED    14   HIGHEST WIND DIRECTION     N (360)
  HIGHEST GUST SPEED    14   HIGHEST GUST DIRECTION     N (360)
  AVERAGE WIND SPEED     4.6


SKY COVER
  POSSIBLE SUNSHINE  MM
  AVERAGE SKY COVER 0.9


WEATHER CONDITIONS
 THE FOLLOWING WEATHER WAS RECORDED YESTERDAY.
  SNOW
  LIGHT SNOW
  FOG


RELATIVE HUMIDITY (PERCENT)
 HIGHEST   100           900 AM
 LOWEST     84           200 AM
 AVERAGE    92

..........................................................


THE PULLMAN-MOSCOW  AIRPORT CLIMATE NORMALS FOR TODAY
                         NORMAL    RECORD    YEAR
 MAXIMUM TEMPERATURE (F)   36        53      1953
 MINIMUM TEMPERATURE (F)   26       -16      1949


SUNRISE AND SUNSET
JANUARY 11 2017.......SUNRISE   731 AM PST   SUNSET   423 PM PST
JANUARY 12 2017.......SUNRISE   730 AM PST   SUNSET   424 PM PST


-  INDICATES NEGATIVE NUMBERS.
R  INDICATES RECORD WAS SET OR TIED.
MM INDICATES DATA IS MISSING.
T  INDICATES TRACE AMOUNT.




$$
