000
CDUS46 KOTX 200829
CLIPUW


CLIMATE REPORT
NATIONAL WEATHER SERVICE SPOKANE, WA
129 AM PDT WED APR 20 2016


...................................

...THE PULLMAN-MOSCOW  AIRPORT CLIMATE SUMMARY FOR APRIL 19 2016...

CLIMATE NORMAL PERIOD 1981 TO 2010
CLIMATE RECORD PERIOD 9999 TO 9999


WEATHER ITEM   OBSERVED TIME   RECORD YEAR NORMAL DEPARTURE LAST
                VALUE   (LST)  VALUE       VALUE  FROM      YEAR
                                                  NORMAL
..................................................................
TEMPERATURE (F)
 YESTERDAY
  MAXIMUM         77    329 PM  79    1994  57     20       67
  MINIMUM         44   1128 PM  13    1966  36      8       32
  AVERAGE         61                        47     14       50

PRECIPITATION (IN)
  YESTERDAY        0.00          1.02 1965   0.05  -0.05     0.00
  MONTH TO DATE    0.84                      1.03  -0.19     0.55
  SINCE OCT 1     16.31                     11.62   4.69    13.65
  SINCE JAN 1      8.32                      6.42   1.90     6.80

SNOWFALL (IN)
  YESTERDAY       MM

DEGREE DAYS
 HEATING
  YESTERDAY        4                        18    -14       15
  MONTH TO DATE  246                       383   -137      387
  SINCE MAR 1    935                      1139   -204      984
  SINCE JUL 1   5033                      5842   -809     4815

 COOLING
  YESTERDAY        0                         0      0        0
  MONTH TO DATE    0                         0      0        0
  SINCE MAR 1      0                         0      0        0
  SINCE JAN 1      0                         0      0        0
..................................................................


WIND (MPH)
  HIGHEST WIND SPEED    16   HIGHEST WIND DIRECTION     E (100)
  HIGHEST GUST SPEED    19   HIGHEST GUST DIRECTION     E (100)
  AVERAGE WIND SPEED     5.6


SKY COVER
  POSSIBLE SUNSHINE  MM
  AVERAGE SKY COVER 0.0


WEATHER CONDITIONS
 THE FOLLOWING WEATHER WAS RECORDED YESTERDAY.
  HAZE


RELATIVE HUMIDITY (PERCENT)
 HIGHEST    71          1100 PM
 LOWEST     21           100 PM
 AVERAGE    46

..........................................................


THE PULLMAN-MOSCOW  AIRPORT CLIMATE NORMALS FOR TODAY
                         NORMAL    RECORD    YEAR
 MAXIMUM TEMPERATURE (F)   58        79      1942
 MINIMUM TEMPERATURE (F)   36        23      2008


SUNRISE AND SUNSET
APRIL 20 2016.........SUNRISE   551 AM PDT   SUNSET   744 PM PDT
APRIL 21 2016.........SUNRISE   549 AM PDT   SUNSET   746 PM PDT


-  INDICATES NEGATIVE NUMBERS.
R  INDICATES RECORD WAS SET OR TIED.
MM INDICATES DATA IS MISSING.
T  INDICATES TRACE AMOUNT.




$$
