000
CDUS46 KOTX 150832
CLIPUW


CLIMATE REPORT
NATIONAL WEATHER SERVICE SPOKANE, WA
132 AM PDT WED JUL 15 2015


...................................

...THE PULLMAN-MOSCOW  AIRPORT CLIMATE SUMMARY FOR JULY 14 2015...

CLIMATE NORMAL PERIOD 1981 TO 2010
CLIMATE RECORD PERIOD 9999 TO 9999


WEATHER ITEM   OBSERVED TIME   RECORD YEAR NORMAL DEPARTURE LAST
                VALUE   (LST)  VALUE       VALUE  FROM      YEAR
                                                  NORMAL
..................................................................
TEMPERATURE (F)
 YESTERDAY
  MAXIMUM         84    418 PM  97    2004  82      2       93
  MINIMUM         56   1144 PM  38    2010  50      6       61
  AVERAGE         70                        66      4       77

PRECIPITATION (IN)
  YESTERDAY        0.00          0.77 1988   0.02  -0.02      T
  MONTH TO DATE    0.54                      0.39   0.15      T
  SINCE OCT 1     16.63                     15.18   1.45    13.95
  SINCE JAN 1      9.78                      9.98  -0.20    10.61

SNOWFALL (IN)
  YESTERDAY       MM

DEGREE DAYS
 HEATING
  YESTERDAY        0                         2     -2        0
  MONTH TO DATE    0                        42    -42        0
  SINCE JUN 1     79                       248   -169      204
  SINCE JUL 1      0                        42    -42        0

 COOLING
  YESTERDAY        5                         2      3       12
  MONTH TO DATE  110                        26     84       80
  SINCE JUN 1    203                        39    164       81
  SINCE JAN 1    215                        44    171       82
..................................................................


WIND (MPH)
  HIGHEST WIND SPEED    14   HIGHEST WIND DIRECTION     E (100)
  HIGHEST GUST SPEED    18   HIGHEST GUST DIRECTION     E (90)
  AVERAGE WIND SPEED     3.9


SKY COVER
  POSSIBLE SUNSHINE  MM
  AVERAGE SKY COVER 0.1


WEATHER CONDITIONS
 THE FOLLOWING WEATHER WAS RECORDED YESTERDAY.
  NO SIGNIFICANT WEATHER WAS OBSERVED.


RELATIVE HUMIDITY (PERCENT)
 HIGHEST    80           200 AM
 LOWEST     24           600 PM
 AVERAGE    52

..........................................................


THE PULLMAN-MOSCOW  AIRPORT CLIMATE NORMALS FOR TODAY
                         NORMAL    RECORD    YEAR
 MAXIMUM TEMPERATURE (F)   82        96      1989
 MINIMUM TEMPERATURE (F)   50        37      1969


SUNRISE AND SUNSET
JULY 15 2015..........SUNRISE   509 AM PDT   SUNSET   839 PM PDT
JULY 16 2015..........SUNRISE   510 AM PDT   SUNSET   838 PM PDT


-  INDICATES NEGATIVE NUMBERS.
R  INDICATES RECORD WAS SET OR TIED.
MM INDICATES DATA IS MISSING.
T  INDICATES TRACE AMOUNT.




$$
