000
CDUS46 KOTX 200839
CLIPUW


CLIMATE REPORT
NATIONAL WEATHER SERVICE SPOKANE, WA
135 AM PDT SUN JUL 20 2014


...................................

...THE PULLMAN-MOSCOW  AIRPORT CLIMATE SUMMARY FOR JULY 19 2014...

CLIMATE NORMAL PERIOD 1981 TO 2010
CLIMATE RECORD PERIOD 9999 TO 9999


WEATHER ITEM   OBSERVED TIME   RECORD YEAR NORMAL DEPARTURE LAST
                VALUE   (LST)  VALUE       VALUE  FROM      YEAR
                                                  NORMAL
..................................................................
TEMPERATURE (F)
 YESTERDAY
  MAXIMUM         88    402 PM  98    1956  83      5       91
  MINIMUM         56   1204 AM  36    1962  50      6       48
  AVERAGE         72                        67      5       70

PRECIPITATION (IN)
  YESTERDAY        0.00        0.39   1987  0.01  -0.01     0.00
  MONTH TO DATE    T                        0.46  -0.46     0.12
  SINCE OCT 1     13.95                    15.25  -1.30    15.97
  SINCE JAN 1     10.61                    10.05   0.56     8.43

SNOWFALL (IN)
  YESTERDAY       MM            MM     MM    MM     MM       MM
  MONTH TO DATE   MM                         MM     MM       MM
  SINCE JUN 1     MM                         MM     MM       MM
  SINCE JUL 1     MM                         MM     MM       MM
  SNOW DEPTH      MM

DEGREE DAYS
 HEATING
  YESTERDAY        0                         1     -1        0
  MONTH TO DATE    0                        50    -50       21
  SINCE JUN 1    204                       256    -52      211
  SINCE JUL 1      0                        50    -50       21

 COOLING
  YESTERDAY        7                         3      4        5
  MONTH TO DATE  122                        40     82       64
  SINCE JUN 1    123                        53     70       97
  SINCE JAN 1    124                        58     66      109
..................................................................


WIND (MPH)
  HIGHEST WIND SPEED    23   HIGHEST WIND DIRECTION     W (250)
  HIGHEST GUST SPEED    31   HIGHEST GUST DIRECTION     W (260)
  AVERAGE WIND SPEED    11.6


SKY COVER
  POSSIBLE SUNSHINE  MM
  AVERAGE SKY COVER 0.1


WEATHER CONDITIONS
 THE FOLLOWING WEATHER WAS RECORDED YESTERDAY.
  HAZE


RELATIVE HUMIDITY (PERCENT)
 HIGHEST    67           400 AM
 LOWEST     22           400 PM
 AVERAGE    45

..........................................................


THE PULLMAN-MOSCOW  AIRPORT CLIMATE NORMALS FOR TODAY
                         NORMAL    RECORD    YEAR
 MAXIMUM TEMPERATURE (F)   83        99      1979
 MINIMUM TEMPERATURE (F)   50        43      2008
                                             1996


SUNRISE AND SUNSET
JULY 20 2014..........SUNRISE   515 AM PDT   SUNSET   834 PM PDT
JULY 21 2014..........SUNRISE   516 AM PDT   SUNSET   833 PM PDT


-  INDICATES NEGATIVE NUMBERS.
R  INDICATES RECORD WAS SET OR TIED.
MM INDICATES DATA IS MISSING.
T  INDICATES TRACE AMOUNT.

$$
