000
CDUS46 KOTX 310853
CLIPUW


CLIMATE REPORT
NATIONAL WEATHER SERVICE SPOKANE, WA
1252 AM PST TUE JAN 31 2017


...................................

...THE PULLMAN-MOSCOW  AIRPORT CLIMATE SUMMARY FOR JANUARY 30 2017...

CLIMATE NORMAL PERIOD 1981 TO 2010
CLIMATE RECORD PERIOD 9999 TO 9999


WEATHER ITEM   OBSERVED TIME   RECORD YEAR NORMAL DEPARTURE LAST
                VALUE   (LST)  VALUE       VALUE  FROM      YEAR
                                                  NORMAL
..................................................................
TEMPERATURE (F)
 YESTERDAY
  MAXIMUM         34    436 PM  54    1971  38     -4       40
  MINIMUM         28    257 AM -19    1950  28      0       32
  AVERAGE         31                        33     -2       36

PRECIPITATION (IN)
  YESTERDAY        T                         0.07  -0.07      T
  MONTH TO DATE    1.39                      1.76  -0.37     2.62
  SINCE OCT 1      9.80                      6.96   2.84    10.61
  SINCE JAN 1      1.39                      1.76  -0.37     2.62

SNOWFALL (IN)
  YESTERDAY       MM

DEGREE DAYS
 HEATING
  YESTERDAY       34                        32      2       29
  MONTH TO DATE 1283                      1004    279      939
  SINCE DEC 1   2513                      2084    429     1928
  SINCE JUL 1   3861                      3828     33     3385

 COOLING
  YESTERDAY        0                         0      0        0
  MONTH TO DATE    0                         0      0        0
  SINCE DEC 1      0                         0      0        0
  SINCE JAN 1      0                         0      0        0
..................................................................


WIND (MPH)
  HIGHEST WIND SPEED    15   HIGHEST WIND DIRECTION    SE (120)
  HIGHEST GUST SPEED    19   HIGHEST GUST DIRECTION    SE (130)
  AVERAGE WIND SPEED     6.0


SKY COVER
  POSSIBLE SUNSHINE  MM
  AVERAGE SKY COVER 0.9


WEATHER CONDITIONS
 THE FOLLOWING WEATHER WAS RECORDED YESTERDAY.
  LIGHT SNOW
  FOG


RELATIVE HUMIDITY (PERCENT)
 HIGHEST    78           800 PM
 LOWEST     63           400 AM
 AVERAGE    71

..........................................................


THE PULLMAN-MOSCOW  AIRPORT CLIMATE NORMALS FOR TODAY
                         NORMAL    RECORD    YEAR
 MAXIMUM TEMPERATURE (F)   38        57      1971
 MINIMUM TEMPERATURE (F)   28       -25      1950


SUNRISE AND SUNSET
JANUARY 31 2017.......SUNRISE   713 AM PST   SUNSET   451 PM PST
FEBRUARY  1 2017......SUNRISE   712 AM PST   SUNSET   453 PM PST


-  INDICATES NEGATIVE NUMBERS.
R  INDICATES RECORD WAS SET OR TIED.
MM INDICATES DATA IS MISSING.
T  INDICATES TRACE AMOUNT.




$$
