000
CDUS46 KOTX 020834
CLIPUW


CLIMATE REPORT
NATIONAL WEATHER SERVICE SPOKANE, WA
1234 AM PST THU MAR 2 2017


...................................

...THE PULLMAN-MOSCOW  AIRPORT CLIMATE SUMMARY FOR MARCH 1 2017...

CLIMATE NORMAL PERIOD 1981 TO 2010
CLIMATE RECORD PERIOD 9999 TO 9999


WEATHER ITEM   OBSERVED TIME   RECORD YEAR NORMAL DEPARTURE LAST
                VALUE   (LST)  VALUE       VALUE  FROM      YEAR
                                                  NORMAL
..................................................................
TEMPERATURE (F)
 YESTERDAY
  MAXIMUM         43    310 PM  66    1968  46     -3       48
  MINIMUM         29   1249 AM  10    1971  29      0       36
  AVERAGE         36                        38     -2       42

PRECIPITATION (IN)
  YESTERDAY        0.00                      0.06  -0.06     0.19
  MONTH TO DATE    0.00                      0.06  -0.06     0.19
  SINCE OCT 1     13.09                      8.60   4.49    12.20
  SINCE JAN 1      4.68                      3.40   1.28     4.21

SNOWFALL (IN)
  YESTERDAY       MM

DEGREE DAYS
 HEATING
  YESTERDAY       29                        27      2       23
  MONTH TO DATE   29                        27      2       23
  SINCE MAR 1     29                        27      2       23
  SINCE JUL 1   4806                      4730     76     4121

 COOLING
  YESTERDAY        0                         0      0        0
  MONTH TO DATE    0                         0      0        0
  SINCE MAR 1      0                         0      0        0
  SINCE JAN 1      0                         0      0        0
..................................................................


WIND (MPH)
  HIGHEST WIND SPEED    32   HIGHEST WIND DIRECTION     W (250)
  HIGHEST GUST SPEED    42   HIGHEST GUST DIRECTION    SW (240)
  AVERAGE WIND SPEED    16.3


SKY COVER
  POSSIBLE SUNSHINE  MM
  AVERAGE SKY COVER 0.5


WEATHER CONDITIONS
 THE FOLLOWING WEATHER WAS RECORDED YESTERDAY.
  NO SIGNIFICANT WEATHER WAS OBSERVED.


RELATIVE HUMIDITY (PERCENT)
 HIGHEST    78          1200 AM
 LOWEST     57           100 PM
 AVERAGE    68

..........................................................


THE PULLMAN-MOSCOW  AIRPORT CLIMATE NORMALS FOR TODAY
                         NORMAL    RECORD    YEAR
 MAXIMUM TEMPERATURE (F)   46        60      1968
 MINIMUM TEMPERATURE (F)   30         6      1971


SUNRISE AND SUNSET
MARCH  2 2017.........SUNRISE   626 AM PST   SUNSET   536 PM PST
MARCH  3 2017.........SUNRISE   624 AM PST   SUNSET   538 PM PST


-  INDICATES NEGATIVE NUMBERS.
R  INDICATES RECORD WAS SET OR TIED.
MM INDICATES DATA IS MISSING.
T  INDICATES TRACE AMOUNT.




$$
