000
CDUS46 KOTX 260828
CLIPUW


CLIMATE REPORT
NATIONAL WEATHER SERVICE SPOKANE, WA
1228 AM PST TUE JAN 26 2016


...................................

...THE PULLMAN-MOSCOW  AIRPORT CLIMATE SUMMARY FOR JANUARY 25 2016...

CLIMATE NORMAL PERIOD 1981 TO 2010
CLIMATE RECORD PERIOD 9999 TO 9999


WEATHER ITEM   OBSERVED TIME   RECORD YEAR NORMAL DEPARTURE LAST
                VALUE   (LST)  VALUE       VALUE  FROM      YEAR
                                                  NORMAL
..................................................................
TEMPERATURE (F)
 YESTERDAY
  MAXIMUM         39    417 PM  54    2015  37      2       54
  MINIMUM         30    743 AM -20    1950  28      2       40
  AVERAGE         35                        32      3       47

PRECIPITATION (IN)
  YESTERDAY        0.00          0.81 1947   0.07  -0.07     0.00
  MONTH TO DATE    1.97                      1.41   0.56     1.61
  SINCE OCT 1      9.96                      6.61   3.35     8.46
  SINCE JAN 1      1.97                      1.41   0.56     1.61

SNOWFALL (IN)
  YESTERDAY       MM

DEGREE DAYS
 HEATING
  YESTERDAY       30                        33     -3       18
  MONTH TO DATE  809                       844    -35      755
  SINCE DEC 1   1798                      1924   -126     1686
  SINCE JUL 1   3255                      3668   -413     3023

 COOLING
  YESTERDAY        0                         0      0        0
  MONTH TO DATE    0                         0      0        0
  SINCE DEC 1      0                         0      0        0
  SINCE JAN 1      0                         0      0        0
..................................................................


WIND (MPH)
  HIGHEST WIND SPEED    10   HIGHEST WIND DIRECTION     E (100)
  HIGHEST GUST SPEED    15   HIGHEST GUST DIRECTION     E (80)
  AVERAGE WIND SPEED     6.4


SKY COVER
  POSSIBLE SUNSHINE  MM
  AVERAGE SKY COVER 0.4


WEATHER CONDITIONS
 THE FOLLOWING WEATHER WAS RECORDED YESTERDAY.
  NO SIGNIFICANT WEATHER WAS OBSERVED.


RELATIVE HUMIDITY (PERCENT)
 HIGHEST    92           100 AM
 LOWEST     70           300 PM
 AVERAGE    81

..........................................................


THE PULLMAN-MOSCOW  AIRPORT CLIMATE NORMALS FOR TODAY
                         NORMAL    RECORD    YEAR
 MAXIMUM TEMPERATURE (F)   38        58      2015
 MINIMUM TEMPERATURE (F)   28       -29      1957


SUNRISE AND SUNSET
JANUARY 26 2016.......SUNRISE   720 AM PST   SUNSET   442 PM PST
JANUARY 27 2016.......SUNRISE   719 AM PST   SUNSET   444 PM PST


-  INDICATES NEGATIVE NUMBERS.
R  INDICATES RECORD WAS SET OR TIED.
MM INDICATES DATA IS MISSING.
T  INDICATES TRACE AMOUNT.




$$
