000
CDUS46 KOTX 010828
CLIPUW


CLIMATE REPORT
NATIONAL WEATHER SERVICE SPOKANE, WA
128 AM PDT THU JUN 1 2017


...................................

...THE PULLMAN-MOSCOW  AIRPORT CLIMATE SUMMARY FOR MAY 31 2017...

CLIMATE NORMAL PERIOD 1981 TO 2010
CLIMATE RECORD PERIOD 9999 TO 9999


WEATHER ITEM   OBSERVED TIME   RECORD YEAR NORMAL DEPARTURE LAST
                VALUE   (LST)  VALUE       VALUE  FROM      YEAR
                                                  NORMAL
..................................................................
TEMPERATURE (F)
 YESTERDAY
  MAXIMUM         70   1232 PM  90    1910  68      2       75
  MINIMUM         55    507 AM  31    1895  44     11       37
  AVERAGE         63                        56      7       56

PRECIPITATION (IN)
  YESTERDAY        0.01                      0.04  -0.03     0.00
  MONTH TO DATE    1.99                      1.56   0.43     0.72
  SINCE OCT 1     22.25                     13.71   8.54    18.02
  SINCE JAN 1     13.84                      8.51   5.33    10.03

SNOWFALL (IN)
  YESTERDAY       MM

DEGREE DAYS
 HEATING
  YESTERDAY        2                         9     -7        9
  MONTH TO DATE  327                       372    -45      282
  SINCE MAR 1   1590                      1697   -107     1346
  SINCE JUL 1   6367                      6400    -33     5444

 COOLING
  YESTERDAY        0                         0      0        0
  MONTH TO DATE   20                         5     15        1
  SINCE MAR 1     20                         5     15        1
  SINCE JAN 1     20                         5     15        1
..................................................................


WIND (MPH)
  HIGHEST WIND SPEED    20   HIGHEST WIND DIRECTION    SW (240)
  HIGHEST GUST SPEED    23   HIGHEST GUST DIRECTION    SW (240)
  AVERAGE WIND SPEED     5.8


SKY COVER
  POSSIBLE SUNSHINE  MM
  AVERAGE SKY COVER 0.4


WEATHER CONDITIONS
 THE FOLLOWING WEATHER WAS RECORDED YESTERDAY.
  LIGHT RAIN


RELATIVE HUMIDITY (PERCENT)
 HIGHEST    83           400 AM
 LOWEST     47          1200 PM
 AVERAGE    65

..........................................................


THE PULLMAN-MOSCOW  AIRPORT CLIMATE NORMALS FOR TODAY
                         NORMAL    RECORD    YEAR
 MAXIMUM TEMPERATURE (F)   68        92      1986
 MINIMUM TEMPERATURE (F)   44        31      1929
                                             1919


SUNRISE AND SUNSET
JUNE  1 2017..........SUNRISE   458 AM PDT   SUNSET   835 PM PDT
JUNE  2 2017..........SUNRISE   458 AM PDT   SUNSET   836 PM PDT


-  INDICATES NEGATIVE NUMBERS.
R  INDICATES RECORD WAS SET OR TIED.
MM INDICATES DATA IS MISSING.
T  INDICATES TRACE AMOUNT.




$$
