000
CDUS46 KOTX 190825
CLIPUW


CLIMATE REPORT
NATIONAL WEATHER SERVICE SPOKANE, WA
1225 AM PST MON JAN 19 2015


...................................

...THE PULLMAN-MOSCOW  AIRPORT CLIMATE SUMMARY FOR JANUARY 18 2015...

CLIMATE NORMAL PERIOD 1981 TO 2010
CLIMATE RECORD PERIOD 9999 TO 9999


WEATHER ITEM   OBSERVED TIME   RECORD YEAR NORMAL DEPARTURE LAST
                VALUE   (LST)  VALUE       VALUE  FROM      YEAR
                                                  NORMAL
..................................................................
TEMPERATURE (F)
 YESTERDAY
  MAXIMUM         47    404 PM  50    2010  37     10       43
  MINIMUM         39   1159 PM  -9    1950  27     12       24
  AVERAGE         43                        32     11       34

PRECIPITATION (IN)
  YESTERDAY        0.35          0.80 1970   0.07   0.28     0.00
  MONTH TO DATE    1.61                      0.91   0.70     0.92
  SINCE OCT 1      8.46                      6.11   2.35     4.26
  SINCE JAN 1      1.61                      0.91   0.70     0.92

SNOWFALL (IN)
  YESTERDAY       MM

DEGREE DAYS
 HEATING
  YESTERDAY       22                        33    -11       31
  MONTH TO DATE  574                       613    -39      519
  SINCE DEC 1   1505                      1693   -188     1684
  SINCE JUL 1   2842                      3437   -595     3373

 COOLING
  YESTERDAY        0                         0      0        0
  MONTH TO DATE    0                         0      0        0
  SINCE DEC 1      0                         0      0        0
  SINCE JAN 1      0                         0      0        0
..................................................................


WIND (MPH)
  HIGHEST WIND SPEED    29   HIGHEST WIND DIRECTION     W (250)
  HIGHEST GUST SPEED    40   HIGHEST GUST DIRECTION    SW (240)
  AVERAGE WIND SPEED    17.5


SKY COVER
  POSSIBLE SUNSHINE  MM
  AVERAGE SKY COVER 0.5


WEATHER CONDITIONS
 THE FOLLOWING WEATHER WAS RECORDED YESTERDAY.
  HEAVY RAIN
  RAIN
  LIGHT RAIN
  FOG


RELATIVE HUMIDITY (PERCENT)
 HIGHEST    93           500 AM
 LOWEST     60          1200 PM
 AVERAGE    77

..........................................................


THE PULLMAN-MOSCOW  AIRPORT CLIMATE NORMALS FOR TODAY
                         NORMAL    RECORD    YEAR
 MAXIMUM TEMPERATURE (F)   37        52      2005
                                             1977
 MINIMUM TEMPERATURE (F)   27       -10      1957


SUNRISE AND SUNSET
JANUARY 19 2015.......SUNRISE   726 AM PST   SUNSET   433 PM PST
JANUARY 20 2015.......SUNRISE   725 AM PST   SUNSET   434 PM PST


-  INDICATES NEGATIVE NUMBERS.
R  INDICATES RECORD WAS SET OR TIED.
MM INDICATES DATA IS MISSING.
T  INDICATES TRACE AMOUNT.




$$
