000
CXUS54 KHGX 011510
CF611R
PRELIMINARY LOCAL CLIMATOLOGICAL DATA (WS FORM: F-6)
STATION: BRENHAM
MONTH: DECEMBER
YEAR: 2022
LATITUDE: 30 13 N
LONGITUDE: 96 22 W
TEMPERATURE IN F: :PCPN: SNOW: WIND :SUNSHINE: SKY :PK WND
================================================================================
1 2 3 4 5 6A 6B 7 8 9 10 11 12 13 14 15 16 17 18
12Z AVG MX 2MIN
DY MAX MIN AVG DEP HDD CDD WTR SNW DPTH SPD SPD DIR MIN PSBL S-S WX SPD DR
================================================================================
1 60 37 49 M 16 0 M M 0 3.5 9 120 M M 6 M M
2 75 56 66 M 0 1 M 0.0 0 4.0 9 200 M M 10 1 20 200
3 72 57 65 M 0 0 0.00 0.0 0 6.1 13 320 M M 10 1 16 320
4 65 55 60 M 5 0 M 0.0 0 2.2 8 350 M M 10 M M
5 82 63 73 M 0 8 0.00 0.0 0 6.7 17 210 M M 7 1 25 210
6 82 72 77 M 0 12 0.00 0.0 0 10.5 17 200 M M 10 21 200
7 83 66 75 M 0 10 0.00 0.0 0 5.8 12 200 M M 6 12 17 170
8 83 69 76 M 0 11 0.00 0.0 0 5.9 12 190 M M 6 16 190
9 81 67 74 M 0 9 0.06 0.0 0 4.5 9 170 M M 8 1 M M
10 79 69 74 M 0 9 0.48 0.0 0 2.4 8 160 M M 9 13 M M
11 71 61 66 M 0 1 1.60 0.0 0 5.3 13 340 M M 9 13 27 360
12 71 61 66 M 0 1 M 0.0 0 6.6 14 120 M M 10 1 21 120
13 80 63 72 M 0 7 0.01 0.0 0 9.4 17 200 M M 9 23 180
14 69 45 57 M 8 0 M 0.0 0 6.2 24 340 M M 5 28 340
15 63 36 50 M 15 0 M 0.0 0 0.5 5 150 M M 0 M M
16 58 41 50 M 15 0 M 0.0 0 4.7 18 10 M M 6 25 10
17 58 35 47 M 18 0 0.00 0.0 0 3.4 10 360 M M 0 M M
18 57 30 44 M 21 0 0.00 0.0 0 2.1 8 80 M M 4 18 80
19 52 43 48 M 17 0 1.88 0.0 0 4.9 12 80 M M 10 13 21 80
20 53 41 47 M 18 0 M 0.0 0 6.5 9 360 M M 9 1 17 360
21 51 41 46 M 19 0 0.00 0.0 0 0.7 6 350 M M 8 12 M M
22 56 19 38 M 27 0 0.00 0.0 0 12.9 30 340 M M 6 1 38 350
23 31 15 23 M 42 0 0.00 0.0 0 15.7 24 350 M M 0 31 350
24 39 19 29 M 36 0 0.00 0.0 0 5.0 14 350 M M 0 16 360
25 51 22 37 M 28 0 0.00 0.0 0 0.3 4 210 M M 0 M M
26 61 27 44 M 21 0 M M 0 2.5 9 290 M M 0 M M
27 55 30 43 M 22 0 M M 0 2.0 8 10 M M 0 M M
28 77 38 58 M 7 0 0.00 0.0 0 7.8 22 190 M M 5 1 30 190
29 76 63 70 M 0 5 0.27 0.0 0 6.9 16 180 M M 9 13 22 180
30 66 56 61 M 4 0 0.00 0.0 0 4.5 12 340 M M 8 1 M M
31 78 46 62 M 3 0 0.00 0.0 0 4.1 13 220 M M 3 12 18 220
================================================================================
SM 2035 1443 342 74 4.30 0.0 163.6 M 183
================================================================================
AV 65.6 46.5 5.3 FASTST M M 6 MAX(MPH)
MISC ----> 30 340 38 350
================================================================================
NOTES:
# LAST OF SEVERAL OCCURRENCES
COLUMN 17 PEAK WIND IN M.P.H.
PRELIMINARY LOCAL CLIMATOLOGICAL DATA (WS FORM: F-6) , PAGE 2
STATION: BRENHAM
MONTH: DECEMBER
YEAR: 2022
LATITUDE: 30 13 N
LONGITUDE: 96 22 W
[TEMPERATURE DATA] [PRECIPITATION DATA] SYMBOLS USED IN COLUMN 16
AVERAGE MONTHLY: 56.1 TOTAL FOR MONTH: 4.30 1 = FOG OR MIST
DPTR FM NORMAL: 3.7 DPTR FM NORMAL: 0.63 2 = FOG REDUCING VISIBILITY
HIGHEST: 83 ON 8, 7 GRTST 24HR 1.88 ON 19-19 TO 1/4 MILE OR LESS
LOWEST: 15 ON 23 3 = THUNDER
SNOW, ICE PELLETS, HAIL 4 = ICE PELLETS
TOTAL MONTH: 0.0 INCH 5 = HAIL
GRTST 24HR 0.0 6 = FREEZING RAIN OR DRIZZLE
GRTST DEPTH: 0 7 = DUSTSTORM OR SANDSTORM:
VSBY 1/2 MILE OR LESS
8 = SMOKE OR HAZE
[NO. OF DAYS WITH] [WEATHER - DAYS WITH] 9 = BLOWING SNOW
X = TORNADO
MAX 32 OR BELOW: 1 0.01 INCH OR MORE: 6
MAX 90 OR ABOVE: 0 0.10 INCH OR MORE: 4
MIN 32 OR BELOW: 7 0.50 INCH OR MORE: 2
MIN 0 OR BELOW: 0 1.00 INCH OR MORE: 2
[HDD (BASE 65) ]
TOTAL THIS MO. 342 CLEAR (SCALE 0-3) 7
DPTR FM NORMAL M PTCLDY (SCALE 4-7) 13
TOTAL FM JUL 1 593 CLOUDY (SCALE 8-10) 11
DPTR FM NORMAL M
[CDD (BASE 65) ]
TOTAL THIS MO. 74
DPTR FM NORMAL M [PRESSURE DATA]
TOTAL FM JAN 1 3796 HIGHEST SLP M ON M
DPTR FM NORMAL M LOWEST SLP M ON M
[REMARKS]
#FINAL-12-22#