000
CXUS54 KHGX 012238
CF611R
PRELIMINARY LOCAL CLIMATOLOGICAL DATA (WS FORM: F-6)
STATION: BRENHAM
MONTH: AUGUST
YEAR: 2023
LATITUDE: 30 13 N
LONGITUDE: 96 22 W
TEMPERATURE IN F: :PCPN: SNOW: WIND :SUNSHINE: SKY :PK WND
================================================================================
1 2 3 4 5 6A 6B 7 8 9 10 11 12 13 14 15 16 17 18
12Z AVG MX 2MIN
DY MAX MIN AVG DEP HDD CDD WTR SNW DPTH SPD SPD DIR MIN PSBL S-S WX SPD DR
================================================================================
1 100 81 91 M 0 26 0.00 0.0 0 2.6 8 180 M M 1 M M
2 103 78 91 M 0 26 0.00 0.0 0 4.3 10 160 M M 0 16 160
3 103 77 90 M 0 25 0.00 0.0 0 6.4 12 180 M M 2 20 180
4 102 78 90 M 0 25 0.00 0.0 0 6.6 13 190 M M 1 22 190
5 103 81 92 M 0 27 0.00 0.0 0 8.2 13 190 M M 2 17 220
6 103 82 93 M 0 28 0.00 0.0 0 8.2 13 190 M M 2 22 M
7 102 82 92 M 0 27 0.00 0.0 0 9.0 15 190 M M 3 21 190
8 103 82 93 M 0 28 0.00 0.0 0 10.9 16 180 M M 3 22 210
9 105 80 93 M 0 28 0.00 0.0 0 11.5 17 200 M M 3 25 200
10 105 82 94 M 0 29 0.00 0.0 0 11.8 18 200 M M 3 24 200
11 104 83 94 M 0 29 M 0.0 M 9.6 15 180 M M 4 23 220
12 103 80 92 M 0 27 M 0.0 M 7.4 14 200 M M 4 1 24 220
13 103 80 92 M 0 27 M 0.0 M 8.0 13 200 M M 3 1 18 220
14 103 79 91 M 0 26 M 0.0 M 5.0 12 190 M M 3 1 18 190
15 101 81 91 M 0 26 M 0.0 0 5.9 12 340 M M 0 18 20
16 101 74 88 M 0 23 M 0.0 0 3.3 12 350 M M 0 18 310
17 106 76 91 M 0 26 M 0.0 0 4.3 12 190 M M 0 17 180
18 104 79 92 M 0 27 0.00 0.0 0 5.1 10 170 M M 0 16 0
19 104 80 92 M 0 27 0.00 0.0 0 5.5 10 120 M M 3 17 250
20 108 82 95 M 0 30 0.00 0.0 0 3.5 8 290 M M 2 17 0
21 104 80 92 M 0 27 0.00 0.0 0 4.8 10 130 M M 1 22 100
22 100 82 91 M 0 26 0.03 0.0 0 7.4 15 130 M M 2 24 130
23 103 78 91 M 0 26 0.00 0.0 0 3.9 12 120 M M 1 21 100
24 107 79 93 M 0 28 0.00 0.0 0 3.6 9 150 M M 3 20 150
25 105 80 93 M 0 28 0.00 0.0 0 4.7 13 140 M M 0 18 110
26 105 77 91 M 0 26 0.00 0.0 0 3.5 8 200 M M 0 M M
27 109 80 95 M 0 30 0.00 0.0 0 5.3 18 320 M M 0 35 300
28 98 76 87 M 0 22 0.00 0.0 0 4.1 10 360 M M 2 17 40
29 98 79 89 M 0 24 0.00 0.0 0 4.9 13 20 M M 3 22 30
30 101 71 86 M 0 21 0.00 0.0 0 2.8 10 330 M M 1 18 340
31 101 73 87 M 0 22 0.00 0.0 0 2.3 10 100 M M 1 M M
================================================================================
SM 3197 2452 0 817 0.03 0.0 184.4 M 53
================================================================================
AV103.1 79.1 5.9 FASTST M M 2 MAX(MPH)
MISC ----> # 18 200 35 300
================================================================================
NOTES:
# LAST OF SEVERAL OCCURRENCES
COLUMN 17 PEAK WIND IN M.P.H.
PRELIMINARY LOCAL CLIMATOLOGICAL DATA (WS FORM: F-6) , PAGE 2
STATION: BRENHAM
MONTH: AUGUST
YEAR: 2023
LATITUDE: 30 13 N
LONGITUDE: 96 22 W
[TEMPERATURE DATA] [PRECIPITATION DATA] SYMBOLS USED IN COLUMN 16
AVERAGE MONTHLY: 91.1 TOTAL FOR MONTH: 0.03 1 = FOG OR MIST
DPTR FM NORMAL: 38.7 DPTR FM NORMAL: -2.66 2 = FOG REDUCING VISIBILITY
HIGHEST: 109 ON 27 GRTST 24HR 0.03 ON 22-22 TO 1/4 MILE OR LESS
LOWEST: 71 ON 30 3 = THUNDER
SNOW, ICE PELLETS, HAIL 4 = ICE PELLETS
TOTAL MONTH: 0.0 INCH 5 = HAIL
GRTST 24HR 0.0 6 = FREEZING RAIN OR DRIZZLE
GRTST DEPTH: 0 7 = DUSTSTORM OR SANDSTORM:
VSBY 1/2 MILE OR LESS
8 = SMOKE OR HAZE
[NO. OF DAYS WITH] [WEATHER - DAYS WITH] 9 = BLOWING SNOW
X = TORNADO
MAX 32 OR BELOW: 0 0.01 INCH OR MORE: 1
MAX 90 OR ABOVE: 31 0.10 INCH OR MORE: 0
MIN 32 OR BELOW: 0 0.50 INCH OR MORE: 0
MIN 0 OR BELOW: 0 1.00 INCH OR MORE: 0
[HDD (BASE 65) ]
TOTAL THIS MO. 0 CLEAR (SCALE 0-3) 27
DPTR FM NORMAL M PTCLDY (SCALE 4-7) 4
TOTAL FM JUL 1 0 CLOUDY (SCALE 8-10) 0
DPTR FM NORMAL M
[CDD (BASE 65) ]
TOTAL THIS MO. 817
DPTR FM NORMAL M [PRESSURE DATA]
TOTAL FM JAN 1 2494 HIGHEST SLP M ON M
DPTR FM NORMAL M LOWEST SLP M ON M
[REMARKS]
#FINAL-08-23#