000
CXUS55 KBOU 011000
CF620V
PRELIMINARY LOCAL CLIMATOLOGICAL DATA (WS FORM: F-6)
STATION: KREMMLING
MONTH: FEBRUARY
YEAR: 2022
LATITUDE: 40 3 N
LONGITUDE: 106 22 W
TEMPERATURE IN F: :PCPN: SNOW: WIND :SUNSHINE: SKY :PK WND
================================================================================
1 2 3 4 5 6A 6B 7 8 9 10 11 12 13 14 15 16 17 18
12Z AVG MX 2MIN
DY MAX MIN AVG DEP HDD CDD WTR SNW DPTH SPD SPD DIR MIN PSBL S-S WX SPD DR
================================================================================
1 18 -8 5 M 60 0 M M M 0.5 5 110 M M 7 M M
2 14 -8 3 M 62 0 M M M 1.2 6 320 M M 7 M M
3 1 -24 -11 M 76 0 M M M 0.0 M M M M 0 M M
4 7 -18 -5 M 70 0 M M M 0.0 M M M M 4 8 M M
5 9 -24 -7 M 72 0 M M M 1.3 7 260 M M 3 8 M M
6 28 -6 11 M 54 0 M M M 0.3 3 110 M M 3 18 M M
7 14 -13 1 M 64 0 M M M 0.4 3 280 M M 0 M M
8 18 -13 3 M 62 0 M M M 1.7 8 130 M M 0 M M
9 27 -6 11 M 54 0 M M M 1.1 7 90 M M 8 M M
10 36 12 24 M 41 0 M M M 3.8 15 250 M M 8 20 240
11 41 9 25 M 40 0 M M M 6.0 15 340 M M 3 28 310
12 16 -11 3 M 62 0 M M M 0.6 7 130 M M 1 8 M M
13 14 -13 1 M 64 0 M M M 0.0 M M M M 0 M M
14 18 -17 1 M 64 0 M M M 0.0 M M M M 0 M M
15 32 -9 12 M 53 0 M M M 1.0 8 100 M M 1 M M
16 32 16 24 M 41 0 M M M 3.9 13 330 M M 10 24 330
17 21 -4 9 M 56 0 M M M 2.6 12 340 M M 6 18 310
18 30 5 18 M 47 0 M M M 0.8 5 140 M M 9 M M
19 28 -2 13 M 52 0 M M M 0.7 7 210 M M 1 M M
20 45 -4 21 M 44 0 M M M 5.9 17 240 M M 0 31 240
21 39 14 27 M 38 0 M M M 9.5 23 240 M M 2 31 250
22 30 12 21 M 44 0 M M M 4.4 22 230 M M 10 29 250
23 23 14 19 M 46 0 M M M 1.0 6 100 M M 9 M M
24 21 3 12 M 53 0 M M M 4.3 13 330 M M 9 17 330
25 19 -4 8 M 57 0 M M M 1.1 5 300 M M 8 8 M M
26 12 -18 -3 M 68 0 M M M 0.1 3 10 M M 2 M M
27 9 -24 -7 M 72 0 M M M 0.1 3 10 M M 0 M M
28 18 -11 4 M 61 0 M M M 0.3 3 110 M M 0 M M
================================================================================
SM 620 -152 1577 0 M M 52.7 M 111
================================================================================
AV 22.1 -5.4 1.9 FASTST M M 4 MAX(MPH)
MISC ----> 23 240 # 31 240
================================================================================
NOTES:
# LAST OF SEVERAL OCCURRENCES
COLUMN 17 PEAK WIND IN M.P.H.
PRELIMINARY LOCAL CLIMATOLOGICAL DATA (WS FORM: F-6) , PAGE 2
STATION: KREMMLING
MONTH: FEBRUARY
YEAR: 2022
LATITUDE: 40 3 N
LONGITUDE: 106 22 W
[TEMPERATURE DATA] [PRECIPITATION DATA] SYMBOLS USED IN COLUMN 16
AVERAGE MONTHLY: 8.4 TOTAL FOR MONTH: M 1 = FOG OR MIST
DPTR FM NORMAL: 0.0 DPTR FM NORMAL: M 2 = FOG REDUCING VISIBILITY
HIGHEST: 45 ON 20 GRTST 24HR M ON M TO 1/4 MILE OR LESS
LOWEST: -24 ON 3, 5 3 = THUNDER
SNOW, ICE PELLETS, HAIL 4 = ICE PELLETS
TOTAL MONTH: M 5 = HAIL
GRTST 24HR M ON M 6 = FREEZING RAIN OR DRIZZLE
GRTST DEPTH: M ON M 7 = DUSTSTORM OR SANDSTORM:
VSBY 1/2 MILE OR LESS
8 = SMOKE OR HAZE
[NO. OF DAYS WITH] [WEATHER - DAYS WITH] 9 = BLOWING SNOW
X = TORNADO
MAX 32 OR BELOW: 24 0.01 INCH OR MORE: 0
MAX 90 OR ABOVE: 0 0.10 INCH OR MORE: 0
MIN 32 OR BELOW: 28 0.50 INCH OR MORE: 0
MIN 0 OR BELOW: 20 1.00 INCH OR MORE: 0
[HDD (BASE 65) ]
TOTAL THIS MO. 1577 CLEAR (SCALE 0-3) 14
DPTR FM NORMAL M PTCLDY (SCALE 4-7) 7
TOTAL FM JUL 1 6705 CLOUDY (SCALE 8-10) 7
DPTR FM NORMAL M
[CDD (BASE 65) ]
TOTAL THIS MO. 0
DPTR FM NORMAL M [PRESSURE DATA]
TOTAL FM JAN 1 0 HIGHEST SLP M ON M
DPTR FM NORMAL M LOWEST SLP M ON M
[REMARKS]
#FINAL-02-22#