000
CXUS55 KBOU 011356
CF620V
PRELIMINARY LOCAL CLIMATOLOGICAL DATA (WS FORM: F-6)
STATION: KREMMLING
MONTH: JULY
YEAR: 2020
LATITUDE: 40 3 N
LONGITUDE: 106 22 W
TEMPERATURE IN F: :PCPN: SNOW: WIND :SUNSHINE: SKY :PK WND
================================================================================
1 2 3 4 5 6A 6B 7 8 9 10 11 12 13 14 15 16 17 18
12Z AVG MX 2MIN
DY MAX MIN AVG DEP HDD CDD WTR SNW DPTH SPD SPD DIR MIN PSBL S-S WX SPD DR
================================================================================
1 79 32 56 M 9 0 M M M 4.3 15 270 M M 0 25 270
2 86 36 61 M 4 0 M M M 6.9 23 270 M M 0 33 270
3 88 43 66 M 0 1 M M M 4.3 18 270 M M 1 28 270
4 82 46 64 M 1 0 M M M 2.7 16 120 M M 1 3 17 250
5 81 43 62 M 3 0 M M M 2.6 15 200 M M 1 3 17 340
6 88 39 64 M 1 0 M M M 3.6 24 280 M M 0 37 280
7 88 41 65 M 0 0 M M M 6.6 25 220 M M 0 32 220
8 86 34 60 M 5 0 M M M 7.0 24 240 M M 0 30 250
9 88 37 63 M 2 0 M M M 4.7 17 230 M M 0 32 230
10 90 36 63 M 2 0 M M M 5.7 20 220 M M 0 32 230
11 90 36 63 M 2 0 M M M 3.0 13 360 M M 0 16 10
12 82 41 62 M 3 0 M M M 5.0 21 290 M M 2 30 290
13 88 48 68 M 0 3 M M M 7.4 24 330 M M 4 3 32 230
14 82 50 66 M 0 1 M M M 6.4 20 140 M M 2 3 27 230
15 81 43 62 M 3 0 M M M 3.5 10 260 M M 1 20 170
16 82 41 62 M 3 0 M M M 4.0 22 260 M M 2 3 32 260
17 81 41 61 M 4 0 M M M 3.7 14 340 M M 1 18 340
18 82 41 62 M 3 0 M M M 3.7 15 140 M M 2 3 M M
19 84 45 65 M 0 0 M M M 3.4 20 30 M M 2 30 30
20 86 41 64 M 1 0 M M M 4.0 17 350 M M 0 24 350
21 88 41 65 M 0 0 M M M 4.6 17 350 M M 1 23 350
22 86 43 65 M 0 0 M M M 3.5 35 170 M M 3 48 170
23 79 45 62 M 3 0 M M M 3.7 15 340 M M 2 13 29 350
24 77 54 66 M 0 1 M M M 3.3 9 210 M M 9 M M
25 68 54 61 M 4 0 M M M 2.9 12 350 M M 8 17 350
26 81 48 65 M 0 0 M M M 3.9 21 100 M M 2 32 100
27 88 43 66 M 0 1 M M M 4.2 16 100 M M 1 22 110
28 70 48 59 M 6 0 M M M 3.2 12 110 M M 4 3 17 110
29 81 43 62 M 3 0 M M M 5.6 17 330 M M 2 30 310
30 81 41 61 M 4 0 M M M 2.4 13 350 M M 2 18 350
31 86 41 64 M 1 0 0.00 0.0 0 3.4 22 10 M M 0 33 10
================================================================================
SM 2579 1315 67 7 M M 133.2 M 53
================================================================================
AV 83.2 42.4 4.3 FASTST M M 2 MAX(MPH)
MISC ----> # 35 170 # 48 170
================================================================================
NOTES:
# LAST OF SEVERAL OCCURRENCES
COLUMN 17 PEAK WIND IN M.P.H.
PRELIMINARY LOCAL CLIMATOLOGICAL DATA (WS FORM: F-6) , PAGE 2
STATION: KREMMLING
MONTH: JULY
YEAR: 2020
LATITUDE: 40 3 N
LONGITUDE: 106 22 W
[TEMPERATURE DATA] [PRECIPITATION DATA] SYMBOLS USED IN COLUMN 16
AVERAGE MONTHLY: 62.8 TOTAL FOR MONTH: M 1 = FOG OR MIST
DPTR FM NORMAL: M DPTR FM NORMAL: M 2 = FOG REDUCING VISIBILITY
HIGHEST: 90 ON 11,10 GRTST 24HR M ON M TO 1/4 MILE OR LESS
LOWEST: 32 ON 1 3 = THUNDER
SNOW, ICE PELLETS, HAIL 4 = ICE PELLETS
TOTAL MONTH: 0.0 INCH 5 = HAIL
GRTST 24HR 0.0 6 = FREEZING RAIN OR DRIZZLE
GRTST DEPTH: 0 7 = DUSTSTORM OR SANDSTORM:
VSBY 1/2 MILE OR LESS
8 = SMOKE OR HAZE
[NO. OF DAYS WITH] [WEATHER - DAYS WITH] 9 = BLOWING SNOW
X = TORNADO
MAX 32 OR BELOW: 0 0.01 INCH OR MORE: 0
MAX 90 OR ABOVE: 2 0.10 INCH OR MORE: 0
MIN 32 OR BELOW: 1 0.50 INCH OR MORE: 0
MIN 0 OR BELOW: 0 1.00 INCH OR MORE: 0
[HDD (BASE 65) ]
TOTAL THIS MO. 67 CLEAR (SCALE 0-3) 27
DPTR FM NORMAL M PTCLDY (SCALE 4-7) 2
TOTAL FM JUL 1 67 CLOUDY (SCALE 8-10) 2
DPTR FM NORMAL M
[CDD (BASE 65) ]
TOTAL THIS MO. 7
DPTR FM NORMAL M [PRESSURE DATA]
TOTAL FM JAN 1 7 HIGHEST SLP M ON M
DPTR FM NORMAL M LOWEST SLP M ON M
[REMARKS]
#FINAL-07-20#