000
CXUS53 KUNR 010945
CF62WX
PRELIMINARY LOCAL CLIMATOLOGICAL DATA (WS FORM: F-6)
STATION: BUFFALO SD
MONTH: SEPTEMBER
YEAR: 2020
LATITUDE: 45 35 N
LONGITUDE: 103 33 W
TEMPERATURE IN F: :PCPN: SNOW: WIND :SUNSHINE: SKY :PK WND
================================================================================
1 2 3 4 5 6A 6B 7 8 9 10 11 12 13 14 15 16 17 18
12Z AVG MX 2MIN
DY MAX MIN AVG DEP HDD CDD WTR SNW DPTH SPD SPD DIR MIN PSBL S-S WX SPD DR
================================================================================
1 82 47 65 -1 0 0 0.00 M M 16.7 44 270 M M M 53 270
2 95 52 74 9 0 9 0.00 M M 21.4 47 340 M M M 63 340
3 78 45 62 -3 3 0 0.00 M M 11.5 22 280 M M M 32 280
4 88 47 68 4 0 3 0.00 M M 10.3 24 280 M M M 30 270
5 97 55 76 12 0 11 0.00 M M 8.5 21 150 M M M 27 140
6 81 56 69 6 0 4 0.00 M M 14.2 26 330 M M M 40 10
7 56 41 49 -14 16 0 0.43 M M 14.7 25 40 M M M 33 40
8 50 32 41 -21 24 0 0.00 M M 8.0 18 30 M M M 25 10
9 65 27 46 -16 19 0 0.00 M M 8.2 17 250 M M M 24 210
10 71 35 53 -8 12 0 0.00 M M 6.5 16 140 M M M 20 140
11 65 45 55 -6 10 0 0.02 M M 7.5 20 150 M M M 24 150
12 83 43 63 3 2 0 0.00 M M 7.4 16 360 M M M 22 340
13 70 51 61 1 4 0 0.00 M M 12.5 18 70 M M M 27 60
14 90 46 68 9 0 3 0.00 M M 8.6 17 220 M M M 33 210
15 83 49 66 7 0 1 0.00 M M 7.5 15 330 M M M 17 290
16 70 45 58 0 7 0 0.00 M M 8.9 20 140 M M M 23 140
17 76 44 60 2 5 0 0.00 M M 7.1 14 160 M M M 19 330
18 77 47 62 5 3 0 0.00 M M 13.1 25 140 M M M 33 140
19 80 48 64 7 1 0 0.00 M M 9.3 20 120 M M M 25 140
20 79 50 65 9 0 0 0.00 M M 16.5 41 270 M M M 54 280
21 83 49 66 10 0 1 0.00 M M 7.4 18 240 M M M 25 230
22 89 51 70 15 0 5 0.00 M M 8.8 21 150 M M M 26 150
23 83 54 69 14 0 4 0.00 M M 11.3 24 300 M M M 31 330
24 89 52 71 17 0 6 0.00 M M 12.2 41 350 M M M 55 350
25 74 52 63 9 2 0 0.00 M M 9.1 24 340 M M M 32 330
26 69 39 54 1 11 0 0.16 M M 19.6 46 300 M M M 57 300
27 65 41 53 0 12 0 0.00 M M 24.9 47 320 M M M 59 330
28 66 36 51 -1 14 0 0.00 M M 17.5 29 320 M M M 41 300
29 79 45 62 10 3 0 0.00 M M 19.1 30 310 M M M 39 290
30 63 36 50 -1 15 0 0.00 M M 23.9 41 320 M M M 53 310
================================================================================
SM 2296 1360 163 47 0.61 M 372.2 M M
================================================================================
AV 76.5 45.3 12.4 FASTST M M 1 MAX(MPH)
MISC ----> # 47 340 # 63 340
================================================================================
NOTES:
# LAST OF SEVERAL OCCURRENCES
COLUMN 17 PEAK WIND IN M.P.H.
PRELIMINARY LOCAL CLIMATOLOGICAL DATA (WS FORM: F-6) , PAGE 2
STATION: BUFFALO SD
MONTH: SEPTEMBER
YEAR: 2020
LATITUDE: 45 35 N
LONGITUDE: 103 33 W
[TEMPERATURE DATA] [PRECIPITATION DATA] SYMBOLS USED IN COLUMN 16
AVERAGE MONTHLY: 60.9 TOTAL FOR MONTH: 0.61 1 = FOG OR MIST
DPTR FM NORMAL: 2.5 DPTR FM NORMAL: -0.47 2 = FOG REDUCING VISIBILITY
HIGHEST: 97 ON 5 GRTST 24HR 0.43 ON 7- 7 TO 1/4 MILE OR LESS
LOWEST: 27 ON 9 3 = THUNDER
SNOW, ICE PELLETS, HAIL 4 = ICE PELLETS
TOTAL MONTH: M 5 = HAIL
GRTST 24HR M ON M 6 = FREEZING RAIN OR DRIZZLE
GRTST DEPTH: M ON M 7 = DUSTSTORM OR SANDSTORM:
VSBY 1/2 MILE OR LESS
8 = SMOKE OR HAZE
[NO. OF DAYS WITH] [WEATHER - DAYS WITH] 9 = BLOWING SNOW
X = TORNADO
MAX 32 OR BELOW: 0 0.01 INCH OR MORE: 3
MAX 90 OR ABOVE: 3 0.10 INCH OR MORE: 2
MIN 32 OR BELOW: 2 0.50 INCH OR MORE: 0
MIN 0 OR BELOW: 0 1.00 INCH OR MORE: 0
[HDD (BASE 65) ]
TOTAL THIS MO. 163 CLEAR (SCALE 0-3) 0
DPTR FM NORMAL -76 PTCLDY (SCALE 4-7) 0
TOTAL FM JUL 1 175 CLOUDY (SCALE 8-10) 0
DPTR FM NORMAL -116
[CDD (BASE 65) ]
TOTAL THIS MO. 47
DPTR FM NORMAL 6 [PRESSURE DATA]
TOTAL FM JAN 1 736 HIGHEST SLP 30.55 ON 8
DPTR FM NORMAL 224 LOWEST SLP 29.49 ON 2
[REMARKS]
#FINAL-09-20#